Back to Top

Language: 

NOAA Climate Reports...


Report for 2012 Oct
                   MONTHLY CLIMATOLOGICAL SUMMARY for OCT. 2012

NAME: Delerius   CITY:    STATE:  
ELEV:   100 m  LAT:  53 37' 05" N  LONG:   1 27' 13" W

                   TEMPERATURE (C), RAIN  (mm), WIND SPEED (mph)

                                      HEAT  COOL        AVG
    MEAN                              DEG   DEG         WIND                 DOM
DAY TEMP  HIGH   TIME   LOW    TIME   DAYS  DAYS  RAIN  SPEED HIGH   TIME    DIR
------------------------------------------------------------------------------------
 1   ---   ---     ---   ---     ---   ---   0.0   1.2  10.2  26.0   15:00   WSW
 2   ---   ---     ---   ---     ---   ---   0.0   1.4  14.1  34.0   22:15    SW
 3   ---   ---     ---   ---     ---   ---   0.0   0.0  16.2  35.0   16:00   WSW
 4   ---   ---     ---   ---     ---   ---   0.0   0.0   8.6  21.0   15:00     W
 5   ---   ---     ---   ---     ---   ---   0.0   2.2  14.3  35.0   14:15     W
 6   ---   ---     ---   ---     ---   ---   0.0   0.8   7.8  26.0    0:45    NW
 7   ---   ---     ---   ---     ---   ---   0.0   0.2   5.1  14.0   00:00   NNW
 8   ---   ---     ---   ---     ---   ---   0.0   0.0   6.7  18.0   20:45   SSW
 9   ---   ---     ---   ---     ---   ---   0.0   0.0   4.2  18.0   12:15     E
10   ---   ---     ---   ---     ---   ---   0.0   0.0   6.1  18.0   14:00     E
11   ---   ---     ---   ---     ---   ---   0.0   1.0  15.5  36.0   22:30    SE
12   ---   ---     ---   ---     ---   ---   0.0   2.2  17.5  41.0   13:45     W
13   ---   ---     ---   ---     ---   ---   0.0   0.0   4.0  16.0    2:15   WSW
14   ---   ---     ---   ---     ---   ---   0.0   0.0   9.4  32.0   14:45    NW
15   ---   ---     ---   ---     ---   ---   0.0   0.2   6.0  16.0    8:30     W
16   ---   ---     ---   ---     ---   ---   0.0   3.0  19.6  54.0   12:00     W
17   ---   ---     ---   ---     ---   ---   0.0   2.2  14.3  38.0    8:15     S
18   ---   ---     ---   ---     ---   ---   0.0   4.0   8.9  24.0   12:00     S
19   ---   ---     ---   ---     ---   ---   ---   ---   ---   ---     ---   ---
20   ---   ---     ---   ---     ---   ---   0.0   0.2   2.7  16.0   12:15   WSW
21   ---   ---     ---   ---     ---   ---   0.0   0.4   6.5  21.0   23:00   ENE
22   ---   ---     ---   ---     ---   ---   0.0   1.0  11.5  22.0    1:45   ENE
23   ---   ---     ---   ---     ---   ---   0.0   0.0  10.0  20.0   15:45    NE
24   ---   ---     ---   ---     ---   ---   0.0   0.2  12.5  22.0   17:45   ENE
25   ---   ---     ---   ---     ---   ---   0.0   0.0  12.6  33.0   20:45    NE
26   ---   ---     ---   ---     ---   ---   0.0   4.8  14.9  37.0   15:30   ENE
27   ---   ---     ---   ---     ---   ---   0.0   1.4  18.0  49.0    2:30   NNE
28   ---   ---     ---   ---     ---   ---   0.0   1.6  15.6  27.0    5:30   WSW
29   ---   ---     ---   5.7     ---   ---   0.0   0.2   9.1  25.0    0:15   NNW
30   ---   ---     ---   ---     ---   ---   0.0   0.2  11.8  27.0   13:00     W
31   ---   ---     ---   6.7     ---   ---   0.0   1.6  22.9  46.0   15:30    SW
-------------------------------------------------------------------------------------
                  27     5.7     3           0.0  30.6  10.9  54.0    16     WSW

Max >=  32.0:  0
Max <=   0.0:  0
Min <=   0.0:  0
Min <= -18.0:  0
Max Rain: 4.80 ON 26/10/12
Days of Rain: 22 (> .2 mm) 6 (> 2 mm) 0 (> 20 mm)
Heat Base:  18.3  Cool Base:  18.3  Method: Integration

Data updates at regular intervals.