Back to Top

Language: 

NOAA Climate Reports...


Report for 2012 Sep
                   MONTHLY CLIMATOLOGICAL SUMMARY for SEP. 2012

NAME: Delerius   CITY:    STATE:  
ELEV:   100 m  LAT:  53 37' 05" N  LONG:   1 27' 13" W

                   TEMPERATURE (C), RAIN  (mm), WIND SPEED (mph)

                                      HEAT  COOL        AVG
    MEAN                              DEG   DEG         WIND                 DOM
DAY TEMP  HIGH   TIME   LOW    TIME   DAYS  DAYS  RAIN  SPEED HIGH   TIME    DIR
------------------------------------------------------------------------------------
 1   ---  18.9    9:00   ---   21:00   ---   0.0   0.0   0.9  18.0   21:45   SSE
 2   ---  16.7    0:15   ---   12:45   ---   0.0   2.0   7.7  21.0   10:45   SSE
 3   ---  16.8   10:15   ---   17:45   ---   0.0   4.4   3.2  15.0   14:15     S
 4   ---  14.9   22:30   8.1   22:45   ---   0.0   6.0   0.0   2.0   18:45    SE
 5   ---  13.4   10:30   ---   20:30   ---   0.0   0.0   0.7   9.0   22:45     S
 6   ---  18.0    0:45   ---    0:30   ---   0.0   0.0  11.2  36.0   15:15   SSE
 7   ---  16.8   00:00   ---    3:45   ---   0.0   0.0  10.9  25.0   11:45     S
 8   ---  17.1   12:00   ---    2:00   ---   0.0   0.2   1.0  15.0    0:45     E
 9   ---   ---    1:45   ---   23:15   ---   0.0   2.6   3.7  25.0   20:15   ESE
10   ---  14.2    5:30   ---   23:45   ---   0.0   0.0   5.8  30.0   23:15    SE
11   ---  16.4    8:00   ---    0:30   ---   0.0   0.2  13.6  35.0    1:45     S
12   ---  16.6   21:30   ---   22:15   ---   0.0   4.0  12.4  28.0   11:45   SSE
13   9.2  13.4   14:15   ---    2:30   ---   0.0   0.0   3.4  35.0   23:00   SSE
14   ---   ---     ---   ---   12:30   ---   0.0   0.0  16.7  39.0   11:15     S
15   ---   ---     ---   ---    3:15   ---   0.0   0.0  10.4  24.0   10:45     W
16   ---   ---     ---   ---   00:00   ---   0.0   0.4  13.7  33.0   20:00   WSW
17   ---   ---     ---   ---    4:30   ---   0.0   0.0  14.5  33.0   16:45     W
18   ---   ---     ---   ---    7:30   ---   0.0   0.2  14.7  32.0   14:00     W
19   ---   ---     ---   ---    3:15   ---   0.0   0.0  10.3  25.0   16:30   WNW
20   ---   ---     ---   ---    0:15   ---   0.0   0.2  12.1  25.0   17:30     W
21   ---   ---     ---   ---   23:15   ---   0.0   3.4  12.9  27.0    4:30    NE
22   ---   ---     ---   ---    0:15   ---   0.0   0.0   5.9  20.0   11:00   NNW
23   ---   ---     ---   ---    0:15   ---   0.0   1.8  11.2  31.0   23:30   ESE
24   ---   ---     ---   ---    0:15   ---   0.0   8.8  18.9  37.0   22:00   ESE
25   ---   ---     ---   ---   23:30   ---   0.0   0.2  20.2  44.0   16:15    SW
26   ---   ---     ---   ---    0:15   ---   0.0   0.0  10.1  25.0    1:45   NNE
27   ---   ---     ---   ---   00:00   ---   0.0   0.8   7.2  25.0    0:30   NNW
28   ---   ---     ---   ---   21:00   ---   0.0   2.2  12.0  29.0   10:15   WSW
29   ---   ---     ---   ---   22:00   ---   0.0   0.0  14.2  33.0   12:30     W
30   ---   ---     ---   ---    0:15   ---   0.0   0.2  15.7  37.0   17:15   WSW
-------------------------------------------------------------------------------------
     9.2  18.9    14    -1.6    18                37.6   9.8  44.0    25     SSE

Max >=  32.0:  0
Max <=   0.0:  0
Min <=   0.0:  2
Min <= -18.0:  0
Max Rain: 42.01 ON 02/09/12
Days of Rain: 17 (> .2 mm) 8 (> 2 mm) 1 (> 20 mm)
Heat Base:  18.3  Cool Base:  18.3  Method: Integration

Data updates at regular intervals.