Back to Top

Language: 

NOAA Climate Reports...


Report for 2012 Aug
                   MONTHLY CLIMATOLOGICAL SUMMARY for AUG. 2012

NAME: Delerius   CITY:    STATE:  
ELEV:   100 m  LAT:  53 37' 05" N  LONG:   1 27' 13" W

                   TEMPERATURE (C), RAIN  (mm), WIND SPEED (mph)

                                      HEAT  COOL        AVG
    MEAN                              DEG   DEG         WIND                 DOM
DAY TEMP  HIGH   TIME   LOW    TIME   DAYS  DAYS  RAIN  SPEED HIGH   TIME    DIR
------------------------------------------------------------------------------------
 1  11.3  18.9    4:45   ---    1:00   ---   0.0   0.2   1.8  26.0   18:30   ESE
 2   ---  19.7   23:15   ---   17:45   ---   0.0   4.0   4.4  35.0   17:30   SSE
 3   ---  17.7    6:15   6.8   22:00   ---   0.0   8.2   2.0  15.0   18:45   ESE
 4   ---  22.2    4:30   ---   20:00   ---   0.0   0.0   3.6  27.0   14:45   ESE
 5   ---  20.6    3:00   ---   16:30   ---   0.0   0.6   4.3  23.0   17:00    SE
 6   ---  23.2    6:45   ---   21:45   ---   0.0   5.2   3.7  27.0   15:45     S
 7   ---   ---    6:15   ---   22:45   ---   0.0   0.2   5.9  25.0   15:30     S
 8   ---  22.9   10:00   ---    0:15   ---   0.0   0.8   3.3  14.0   13:00   ENE
 9   ---   ---    8:45   ---    1:30   ---   0.0  10.6   2.1  16.0   17:30     E
10   ---  24.2    0:45   ---    4:00   ---   0.0   4.4   1.1  19.0   16:30    NE
11   ---  22.2    8:00  14.8    1:15   ---   0.0  19.8   0.0   1.0    0:15    NE
12   ---  22.6    7:15   ---    2:45   ---   0.0   0.8   2.1   8.0    2:45   ENE
13   ---  18.1    5:15   ---    8:45   ---   0.0   8.4   2.9  22.0   15:15   ESE
14   ---  18.6   21:45   ---   00:00   ---   0.0   9.4   6.1  19.0   16:30     E
15   ---  16.2    4:15   ---   16:30   ---   0.0   3.4  10.6  32.0   14:00     E
16   ---   ---    0:15   ---    4:45   ---   0.0   4.4   5.7  26.0    8:30    SE
17   ---   ---    8:45   ---   21:45   ---   0.0   0.6  11.9  32.0   10:30   ESE
18   ---  19.3   22:00   ---    0:15   ---   0.0   0.2   0.9  23.0   13:45   SSE
19   ---  21.8   20:15   ---   23:15   ---   0.0   3.4   1.4  16.0   16:00    NE
20   ---  20.7   00:00   ---    7:15   ---   0.0   0.6   2.5  14.0   13:15     S
21   ---  23.8    4:30   ---    0:15   ---   0.0   0.0   3.0  15.0   20:30    SE
22  16.4  19.1    6:00  11.9   22:45   ---   0.0   0.2   1.0   9.0   22:45   SSE
23  12.9  17.7    5:30   7.8   12:45   ---   0.0   1.0   3.0  13.0   14:30    SE
24   ---  19.4    7:30   ---   20:00   ---   0.0   2.6   1.5  20.0   19:00     E
25   ---  23.6    7:30   ---   18:45   ---   0.0   6.8   4.1  22.0   23:30     E
26   ---  21.2    1:15   ---   22:30   ---   0.0   1.6   3.9  21.0   10:00   SSW
27   ---   ---   22:00   ---   19:00   ---   0.0   0.6  11.0  36.0   18:45   ESE
28   ---  12.1    5:45   ---    5:30   ---   0.0   1.8   2.5  26.0    0:15   SSE
29   ---  16.8    7:30   ---    1:45   ---   0.0   4.4   1.7  23.0    7:30    SE
30   ---  15.8    0:30   ---    1:15   ---   0.0   2.6   5.9  37.0   15:30     N
31   ---  19.3   11:45   ---   13:30   ---   0.0   0.0   4.4  19.0   10:00     S
-------------------------------------------------------------------------------------
    11.3  24.2     9     6.8    27               107.2   3.5  37.0    30      SE

Max >=  32.0:  0
Max <=   0.0:  0
Min <=   0.0:  0
Min <= -18.0:  0
Max Rain: 243.41 ON 15/08/12
Days of Rain: 29 (> .2 mm) 22 (> 2 mm) 12 (> 20 mm)
Heat Base:  18.3  Cool Base:  18.3  Method: Integration

Data updates at regular intervals.