Back to Top

Language: 

NOAA Climate Reports...


Report for 2012 Jul
                   MONTHLY CLIMATOLOGICAL SUMMARY for JUL. 2012

NAME: Delerius   CITY:    STATE:  
ELEV:   100 m  LAT:  53 37' 05" N  LONG:   1 27' 13" W

                   TEMPERATURE (C), RAIN  (mm), WIND SPEED (mph)

                                      HEAT  COOL        AVG
    MEAN                              DEG   DEG         WIND                 DOM
DAY TEMP  HIGH   TIME   LOW    TIME   DAYS  DAYS  RAIN  SPEED HIGH   TIME    DIR
------------------------------------------------------------------------------------
 1   ---  18.1    6:45   ---   00:00   ---   ---   0.4   1.4  18.0   15:45     S
 2   ---  16.7   00:00   ---    1:45   ---   ---   1.0   4.2  24.0    9:15   SSW
 3   ---  20.6   10:30   ---   18:30   0.0   ---   0.6   ---   ---     ---   ---
 4   ---  21.1    6:00   ---   11:45   0.0   ---   1.2   ---   ---     ---   ---
 5   ---  18.3   19:45   ---   19:45   0.0   ---   0.6   ---   ---     ---   ---
 6   ---  18.9    8:30   ---   16:30   0.0   ---   1.8   ---   ---     ---   ---
 7   ---  14.1    3:15   ---   17:00   0.0   ---   8.4   ---   ---     ---   ---
 8   ---  14.9   13:15   ---   23:00   0.0   ---   4.8   ---   ---     ---   ---
 9   ---  22.4    6:00   ---   23:45   0.0   ---   4.8   ---   ---     ---   ---
10   ---  21.6   21:15   ---    0:15   0.0   ---   9.0   ---   ---     ---   ---
11   ---  20.4    4:45  14.9   23:30   ---   ---   0.6   3.4  27.0   14:00   WSW
12   ---  15.7   22:30   ---   20:45   ---   ---   6.6   6.9  18.0    7:45   WSW
13   ---  14.8    6:30   ---    2:00   ---   0.0   0.0   3.4  20.0   16:45    NE
14   ---  15.3    5:30   ---   18:45   ---   0.0   0.6   3.0  22.0   11:00   NNE
15   ---  11.6   12:00   5.9   23:15   ---   0.0   0.0   4.0  23.0   18:00     S
16   ---  13.7   15:00   ---    1:45   ---   0.0   2.0   2.5  19.0    2:45   SSE
17   ---  21.6   00:00   ---   18:30   ---   ---   2.2   1.6  21.0    9:45     S
18   ---  22.9    1:45   ---   00:00   ---   ---   0.2   2.6  34.0   11:45     S
19   ---  22.9    7:00   ---   23:15   ---   ---   5.8   3.4  21.0    2:45   NNE
20   ---  23.2    6:00   ---   23:00   ---   0.0   2.4   1.9  11.0    9:45   NNE
21   ---  22.9    5:30   ---   22:45   ---   0.0   8.0   1.5  19.0   15:30   ESE
22   ---  20.8    2:00   8.8   15:15   ---   0.0   1.0   3.4  25.0   14:45    SE
23   ---  22.9   12:45   ---   19:30   ---   0.0   0.0   3.1  26.0   14:45    SE
24   ---  24.8    4:30   9.8   20:30   ---   0.0   0.0   2.8  18.0   18:30     E
25   ---  27.2    5:15   ---    0:30   ---   0.0   0.0   2.3  19.0   19:00   NNE
26   ---  21.1    1:45   ---   21:45   ---   0.0   0.0   1.9  18.0   23:00     E
27   ---  27.4    3:45   ---   00:00   ---   0.5   0.0   2.1  19.0   18:15     S
28   ---  24.6    5:30   ---    1:30   ---   0.0   0.0   1.7  18.0   12:30   SSE
29   ---   ---    ---    ---     ---   ---   ---   ---   ---     ---   ---   ---
30   ---   ---    ---    ---     ---   ---   ---   ---   ---     ---   ---   ---
31   ---   ---   00:00   ---   18:45   ---   0.0   0.0   5.8  14.0   20:15     E
-------------------------------------------------------------------------------------
          27.4     5     5.9    12                62.0   2.0  34.0    18       S

Max >=  32.0:  0
Max <=   0.0:  0
Min <=   0.0:  0
Min <= -18.0:  0
Max Rain: 84.81 ON 09/07/12
Days of Rain: 24 (> .2 mm) 11 (> 2 mm) 5 (> 20 mm)
Heat Base:  18.3  Cool Base:  18.3  Method: Integration

Data updates at regular intervals.