Back to Top

Language: 

NOAA Climate Reports...


Report for 2012 Jun
                   MONTHLY CLIMATOLOGICAL SUMMARY for JUN. 2012

NAME: Delerius   CITY:    STATE:  
ELEV:   100 m  LAT:  53 37' 05" N  LONG:   1 27' 13" W

                   TEMPERATURE (C), RAIN  (mm), WIND SPEED (mph)

                                      HEAT  COOL        AVG
    MEAN                              DEG   DEG         WIND                 DOM
DAY TEMP  HIGH   TIME   LOW    TIME   DAYS  DAYS  RAIN  SPEED HIGH   TIME    DIR
------------------------------------------------------------------------------------
 1   ---   ---    ---    ---     ---   ---   ---   2.2   5.1  15.0    5:45     E
 2   ---   ---    ---    ---     ---   ---   ---   0.0  10.7  24.0   14:15    SE
 3   ---  22.7   10:45   ---    0:15   ---   ---   9.8   8.2  22.0    9:15   ENE
 4   ---   ---    ---    ---     ---   ---   ---   3.8   8.9  31.0   11:00   NNE
 5   ---   ---    ---    ---     ---   ---   ---  10.2  10.2  29.0   21:00     S
 6   ---   ---    ---    ---     ---   ---   ---   2.2   7.5  27.0    1:00    SW
 7   ---  16.0   21:15   ---   11:00   ---   0.0   5.2  12.5  36.0   21:30    SE
 8   ---  19.1   11:00   ---   00:00   ---   0.0   1.0  21.7  40.0   22:45    SW
 9   ---  15.4    8:15   ---    2:30   ---   0.0   4.8  15.7  39.0    1:00    SW
10   ---  18.9   22:30   ---   15:15   ---   0.0   0.0   6.9  16.0    1:00   WSW
11   ---  14.5    4:30   ---   17:30   ---   0.0   0.0  10.5  22.0   17:00   ENE
12   ---   ---    ---    ---     ---   ---   ---   1.8   6.6  22.0   10:15   NNE
13   ---   ---    ---    ---     ---   ---   ---   3.0   2.5  11.0   10:45   ENE
14   ---   ---    ---    ---     ---   ---   ---   1.2  10.4  26.0   15:00   ESE
15   ---   ---    ---    ---     ---   ---   ---  10.2  13.2  38.0   16:45   SSW
16   ---   ---    ---    ---     ---   ---   ---   1.6  11.2  34.0   16:15    SE
17   ---   ---    ---    ---     ---   ---   ---   0.0  10.4  34.0    7:45     S
18   ---   ---    ---    ---     ---   ---   ---   5.0   4.4  22.0   18:00   ESE
19   ---   ---    ---    ---     ---   ---   ---   2.6   4.0  20.0   11:15   WSW
20   ---   ---    ---    ---     ---   ---   ---   8.2   4.3  20.0   18:30   ESE
21   ---   ---    ---    ---     ---   ---   ---   1.0   ---   ---     ---   ---
22   ---   ---    ---    ---     ---   ---   ---   0.0   ---   ---     ---   ---
23   ---   ---    ---    ---     ---   ---   ---   5.2   4.3  38.0   12:45    SW
24   ---   ---    ---    ---     ---   ---   ---   0.2   3.7  31.0   17:45     W
25   ---   ---    ---    ---     ---   ---   ---   0.0   6.7  20.0    3:30     E
26   ---   ---    ---    ---     ---   ---   ---   1.0   7.8  24.0   14:45     E
27   ---   ---    ---    ---     ---   ---   ---   2.0   1.3  14.0   16:00   SSE
28   ---   ---    ---    7.6     ---   ---   ---   4.4   0.7  24.0   17:15   ESE
29   ---   ---    ---    ---     ---   ---   ---   0.2   4.7  32.0   18:30   SSW
30   ---   ---    ---    ---     ---   ---   ---   4.4   5.7  29.0   18:15     S
-------------------------------------------------------------------------------------
          14.5     1     7.6    25                91.2   7.3  40.0     8      SE

Max >=  32.0:  0
Max <=   0.0:  0
Min <=   0.0:  0
Min <= -18.0:  0
Max Rain: 10.21 ON 05/06/12
Days of Rain: 24 (> .2 mm) 16 (> 2 mm) 0 (> 20 mm)
Heat Base:  18.3  Cool Base:  18.3  Method: Integration

Data updates at regular intervals.