Back to Top

Language: 

NOAA Climate Reports...


Report for 2012 Feb
                   MONTHLY CLIMATOLOGICAL SUMMARY for FEB. 2012

NAME: Delerius   CITY:    STATE:  
ELEV:   100 m  LAT:  53 37' 05" N  LONG:   1 27' 13" W

                   TEMPERATURE (C), RAIN  (mm), WIND SPEED (mph)

                                      HEAT  COOL        AVG
    MEAN                              DEG   DEG         WIND                 DOM
DAY TEMP  HIGH   TIME   LOW    TIME   DAYS  DAYS  RAIN  SPEED HIGH   TIME    DIR
------------------------------------------------------------------------------------
 1   ---   ---   ---    ---    ----    ---   0.0   0.0  13.5  24.0   12:15   ESE
 2   ---   ---   ---    ---    ----    ---   0.0   0.0   7.0  19.0    8:45     E
 3   ---   ---   ---    ---    ----    ---   0.0   0.2   4.5  13.0   14:45   WNW
 4   ---   ---   ---    ---    ----    ---   0.0   0.0  18.2  42.0   18:00   SSW
 5   ---   ---   ---    ---    ----    ---   0.0   0.0   7.9  30.0    0:15    SW
 6   ---   ---   ---    ---    ----    ---   0.0   0.0   4.8  12.0   22:30     W
 7   ---   ---   ---    ---    ----    ---   0.0   0.2   9.4  22.0   18:30   SSE
 8   ---   ---   ---    ---    ----    ---   0.0   0.0   6.6  19.0   21:45   ESE
 9   ---   ---   ---    ---    ----    ---   0.0   0.0   9.7  22.0   19:00     S
10   ---   ---   ---    ---    ----    ---   0.0   0.0  13.8  25.0   12:30   SSW
11   ---   ---   ---    ---    ----    ---   0.0   0.0   8.8  19.0   15:45    SW
12   ---   ---   ---    ---    ----    ---   0.0   0.0   7.1  13.0   11:30    NW
13   ---   ---   ---    ---    ----    ---   0.0   0.2  14.4  43.0   22:15     N
14   ---   ---   ---    ---    ----    ---   0.0   0.2  11.5  33.0    2:45    NW
15   ---   ---   ---    ---    ----    ---   0.0   0.0  11.9  29.0    0:45    NW
16   ---   ---   ---    ---    ----    ---   0.0   0.2  10.9  28.0   12:45   WNW
17   ---   ---   ---    ---    ----    ---   0.0   0.0   9.4  24.0   20:45     W
18   ---   ---   ---    ---    ----    ---   0.0   0.4  19.2  41.0   11:15   WNW
19   ---   ---   ---    ---    ----    ---   0.0   0.0  11.3  30.0   10:15    NW
20   ---   ---   ---    ---    ----    ---   0.0   0.0  18.4  36.0   13:45   WSW
21   ---   ---   ---    ---    ----    ---   0.0   0.0  18.0  31.0   11:45   WSW
22   ---   ---   ---    ---    ----    ---   0.0   0.8  24.0  45.0   14:00    SW
23   ---   ---   ---    ---    ----    ---   0.0   0.0  16.0  32.0    0:30     W
24   ---   ---   ---    ---    ----    ---   0.0   0.0  13.3  33.0   12:15   WNW
25   ---   ---   ---    ---    ----    ---   0.0   0.0  10.0  27.0   13:00   WNW
26   ---   ---   ---    ---    ----    ---   0.0   0.0   7.1  21.0   14:45     W
27   ---   ---   ---    ---    ----    ---   0.0   2.0  12.7  26.0   22:30    SW
28   ---   ---   ---    ---    ----    ---   0.0   0.0  11.3  26.0   10:15   WSW
29   ---   ---   ---    ---    ----    ---   0.0   0.0   6.2  14.0   14:30    SW
-------------------------------------------------------------------------------------
                                             0.0   4.2  11.6  45.0    22     WSW

Max >=  32.0:  0
Max <=   0.0:  0
Min <=   0.0:  0
Min <= -18.0:  0
Max Rain: 2.01 ON 27/02/12
Days of Rain: 8 (> .2 mm) 1 (> 2 mm) 0 (> 20 mm)
Heat Base:  18.3  Cool Base:  18.3  Method: Integration

Data updates at regular intervals.