Back to Top

Language: 

NOAA Climate Reports...


Report for 2012 Jan
                   MONTHLY CLIMATOLOGICAL SUMMARY for JAN. 2012

NAME: Delerius   CITY:    STATE:  
ELEV:   100 m  LAT:  53 37' 05" N  LONG:   1 27' 13" W

                   TEMPERATURE (C), RAIN  (mm), WIND SPEED (mph)

                                      HEAT  COOL        AVG
    MEAN                              DEG   DEG         WIND                 DOM
DAY TEMP  HIGH   TIME   LOW    TIME   DAYS  DAYS  RAIN  SPEED HIGH   TIME    DIR
------------------------------------------------------------------------------------
 1   ---   ---   ---    ---    ----    ---   0.0   2.2  17.7  35.0   12:00   WSW
 2   ---   ---   ---    ---    ----    ---   0.0   0.0  19.6  36.0   23:45   WSW
 3   ---   ---   ---    ---    ----    ---   0.0   4.0  28.8  59.0    5:15     W
 4   ---   ---   ---    ---    ----    ---   0.0   0.2  25.4  59.0   23:45     W
 5   ---   ---   ---    ---    ----    ---   0.0   3.0  22.3  57.0    1:30   WNW
 6   ---   ---   ---    ---    ----    ---   0.0   0.0  12.5  29.0   23:45   WSW
 7   ---   ---   ---    ---    ----    ---   0.0   0.2  15.0  34.0    3:30   WNW
 8   ---   ---   ---    ---    ----    ---   0.0   0.2  10.1  26.0   22:30   WNW
 9   ---   ---   ---    ---    ----    ---   0.0   0.0  10.4  29.0   11:45   WNW
10   ---   ---   ---    ---    ----    ---   0.0   0.0  11.0  26.0   21:30   WSW
11   ---   ---   ---    ---    ----    ---   0.0   0.0  15.3  40.0   23:00   WSW
12   ---   ---   ---    ---    ----    ---   0.0   0.2  16.1  45.0    5:15   WNW
13   ---   ---   ---    ---    ----    ---   0.0   0.0   7.3  20.0    0:30   NNW
14   ---   ---   ---    ---    ----    ---   0.0   0.2   4.2  11.0   21:00   WNW
15   ---   ---   ---    ---    ----    ---   0.0   0.0   6.5  16.0   20:15     S
16   ---   ---   ---    ---    ----    ---   0.0   0.0   6.8  22.0   21:30     S
17   ---   ---   ---    ---    ----    ---   0.0   0.0   9.1  18.0   23:15    SW
18   ---   ---   ---    ---    ----    ---   0.0   0.8  11.4  30.0    5:45    SW
19   ---   ---   ---    ---    ----    ---   0.0   0.4  15.8  35.0   15:45   WNW
20   ---   ---   ---    ---    ----    ---   0.0   0.8  13.7  36.0    5:00   WNW
21   ---   ---   ---    ---    ----    ---   0.0   0.0  19.8  44.0   19:30   WNW
22   ---   ---   ---    ---    ----    ---   0.0   0.2  19.5  49.0   11:30   WNW
23   ---   ---   ---    ---    ----    ---   0.0   0.0  11.6  30.0   13:00   WNW
24   ---   ---   ---    ---    ----    ---   0.0   3.2   6.9  23.0   13:00     W
25   ---   ---   ---    ---    ----    ---   0.0   0.0   7.4  32.0   23:45     S
26   ---   ---   ---    ---    ----    ---   0.0   2.0   7.8  31.0    0:15    SW
27   ---   ---   ---    ---    ----    ---   0.0   2.0  11.5  28.0   12:45   WSW
28   ---   ---   ---    ---    ----    ---   0.0   0.2   5.9  14.0   14:30    NW
29   ---   ---   ---    ---    ----    ---   0.0   0.0   2.3  16.0   20:00    SE
30   ---   ---   ---    ---    ----    ---   0.0   0.8   6.4  23.0   14:30     E
31   ---   ---   ---    ---    ----    ---   0.0   0.2  12.2  23.0    8:00   ESE
-------------------------------------------------------------------------------------
                                             0.0  20.8  12.6  59.0     3     WNW

Max >=  32.0:  0
Max <=   0.0:  0
Min <=   0.0:  0
Min <= -18.0:  0
Max Rain: 3.99 ON 03/01/12
Days of Rain: 18 (> .2 mm) 6 (> 2 mm) 0 (> 20 mm)
Heat Base:  18.3  Cool Base:  18.3  Method: Integration

Data updates at regular intervals.