Back to Top

Language: 

NOAA Climate Reports...


Report for 2011 Dec
                   MONTHLY CLIMATOLOGICAL SUMMARY for DEC. 2011

NAME: Delerius   CITY:    STATE:  
ELEV:   100 m  LAT:  53 37' 05" N  LONG:   1 27' 13" W

                   TEMPERATURE (C), RAIN  (mm), WIND SPEED (mph)

                                      HEAT  COOL        AVG
    MEAN                              DEG   DEG         WIND                 DOM
DAY TEMP  HIGH   TIME   LOW    TIME   DAYS  DAYS  RAIN  SPEED HIGH   TIME    DIR
------------------------------------------------------------------------------------
 1   ---  12.0    1:30   ---    8:45   ---   0.0   0.8  12.1  52.0    1:00     S
 2   ---   9.8    2:45   ---    8:30   ---   0.0   0.0  14.6  45.0   22:45     S
 3   ---   4.4    4:15  -0.6    6:30   ---   0.0   0.2  19.1  44.0   10:45     S
 4   ---   5.1   13:00  -1.0   20:30   ---   0.0   0.4  15.6  34.0   11:00     S
 5   ---   6.8    5:30   1.2   10:00   ---   0.0   6.6  17.9  35.0   11:00    SW
 6   ---   ---    6:30   ---   00:00   ---   0.0   8.0  15.4  32.0    5:00    SW
 7   ---   ---   16:45   ---    5:00   ---   0.0   4.0  20.7  50.0    2:45    SW
 8   ---   ---   10:45   ---   14:00   ---   0.0   6.6  26.0  53.0   11:15    SW
 9   ---   ---    5:30   ---    6:15   ---   0.0   2.2  15.9  49.0    0:45     W
10   ---   ---   11:30   ---    9:15   ---   0.0   2.6  13.4  28.0   11:45   WSW
11   ---   ---   12:00   ---    9:30   ---   0.0   7.6  17.2  31.0    4:30   SSW
12   ---   ---   12:15   ---   23:00   ---   0.0   3.2  19.8  59.0   22:45    SW
13   ---   ---    0:45   ---   20:45   ---   0.0   2.0  27.0  47.0   19:00   WSW
14   ---   ---   20:15   ---   18:00   ---   0.0   0.0  23.9  46.0    2:15   WSW
15   ---   ---   11:45   ---    0:15   ---   0.0   2.4  10.5  24.0    0:15   WSW
16   ---   ---    8:45   ---   12:30   ---   0.0   1.2   8.5  31.0   20:00    NW
17   ---   ---    2:15   ---   23:15   ---   0.0   1.4  10.6  29.0   18:00   WNW
18   ---   ---   18:15   ---   22:15   ---   0.0   0.2   9.2  25.0   14:15   WNW
19   ---   ---   16:00   ---    4:00   ---   0.0   0.8  10.9  23.0   11:30     W
20   ---   ---   23:30   ---   16:15   ---   0.0   0.2  11.1  28.0    0:45   WNW
21   ---   ---   19:00   ---    0:15   ---   0.0   2.0   8.3  27.0   22:45   SSW
22   ---   ---   00:00   ---   14:45   ---   0.0   0.0  14.3  40.0    4:00   WNW
23   ---   ---   14:15   ---   10:00   ---   0.0   8.4  16.1  35.0   14:45    SW
24   ---   ---    8:45   ---   23:45   ---   0.0   0.0  15.8  33.0   21:45   WSW
25   ---   ---    5:30   ---    3:00   ---   0.0   0.0  20.9  45.0   17:00   WSW
26   ---   ---   11:15   ---   22:45   ---   0.0   0.0  20.0  40.0   11:00   WSW
27   ---   ---    4:00   ---    1:30   ---   0.0   0.0  13.6  39.0   00:00    SW
28   ---   ---    8:30   ---   21:15   ---   0.0   0.0  24.9  51.0   21:15   WSW
29   ---   ---   11:45   ---    2:00   ---   0.0   2.2  19.8  49.0   15:45   WNW
30   ---   ---   00:00   ---    6:30   ---   0.0   3.6  11.6  29.0    1:00   WNW
31   ---   ---    4:45   ---   11:15   ---   0.0   0.4  14.4  35.0   13:45   WSW
-------------------------------------------------------------------------------------
          12.0     1             9           0.0  67.0  16.1  59.0    12     WSW

Max >=  32.0:  0
Max <=   0.0:  0
Min <=   0.0:  0
Min <= -18.0:  0
Max Rain: 292.61 ON 10/12/11
Days of Rain: 23 (> .2 mm) 14 (> 2 mm) 7 (> 20 mm)
Heat Base:  18.3  Cool Base:  18.3  Method: Integration

Data updates at regular intervals.