Back to Top

Language: 

NOAA Climate Reports...


Report for 2011 Nov
                   MONTHLY CLIMATOLOGICAL SUMMARY for NOV. 2011

NAME: Delerius   CITY:    STATE:  
ELEV:   100 m  LAT:  53 37' 05" N  LONG:   1 27' 13" W

                   TEMPERATURE (C), RAIN  (mm), WIND SPEED (mph)

                                      HEAT  COOL        AVG
    MEAN                              DEG   DEG         WIND                 DOM
DAY TEMP  HIGH   TIME   LOW    TIME   DAYS  DAYS  RAIN  SPEED HIGH   TIME    DIR
------------------------------------------------------------------------------------
 1   ---  10.6    7:30   ---   17:15   ---   0.0   0.0   8.5  24.0    0:15   SSE
 2   ---   ---    6:15   ---   14:45   ---   0.0   0.4  16.3  32.0   17:30    SE
 3   ---   ---    1:30   ---    5:15   ---   0.0   0.0  13.8  26.0    0:15   ESE
 4   ---   ---    0:30   ---    0:45   ---   0.0   8.2   6.0  20.0   10:15   SSE
 5   ---   ---   21:30   ---   00:00   ---   0.0   0.8   8.5  29.0   15:15   NNE
 6   ---   ---   22:00   ---   13:15   ---   0.0   0.0  11.8  29.0   14:00   NNE
 7   ---   ---    2:30   ---    2:00   ---   0.0   0.0  13.3  26.0    9:00    NE
 8   ---   ---   00:00   ---    2:15   ---   0.0   0.0  11.6  23.0    2:00     E
 9   ---   ---    0:45   ---    3:00   ---   0.0   0.0  12.5  24.0   11:45    SE
10   ---   ---   23:45   ---    0:30   ---   0.0   0.0  10.2  23.0   23:45    SE
11   ---   6.2   23:30   ---   11:45   ---   0.0   0.2  18.9  32.0    9:15   ESE
12   ---   7.1    8:30   ---   15:30   ---   0.0   0.0   6.7  24.0    2:00    SE
13   7.5  10.4    8:45   4.2   15:00  10.8   0.0   0.0   6.8  21.0    4:45     E
14   3.7   7.8    0:15  -1.4    8:45  14.6   0.0   0.0   8.1  16.0    3:00   ENE
15   ---   5.4   17:00   ---   10:15   ---   0.0   0.0   9.1  21.0   23:45   ENE
16   ---   ---   20:15   ---   10:45   ---   0.0   0.0   8.3  24.0    1:00   ESE
17   3.1   7.3    8:00   0.1   21:00  15.2   0.0   0.0  11.1  27.0   21:00    SE
18   1.7   4.8   23:30   0.1   12:30  16.6   0.0   0.0  14.3  27.0   10:15    SE
19   3.3   6.6   21:15   0.1   10:15  15.0   0.0   0.2   7.7  18.0    1:15   ESE
20   5.3  10.6   10:15   0.4   15:15  13.0   0.0   0.2   3.7  14.0   14:15   ESE
21   3.7   7.3    8:30   1.3   22:30  14.6   0.0   0.0   9.3  18.0   14:00   ESE
22   6.3  10.1    9:15   1.4    1:00  12.0   0.0   0.2   3.3  18.0    2:15   ESE
23   2.9   7.8    4:15   0.1   23:45  15.3   0.0   0.2  13.3  28.0   17:45   SSE
24   ---   2.6   00:00   ---   20:30   ---   0.0   0.0  20.8  44.0   21:00   SSE
25   ---   5.8    3:30   ---    9:15   ---   0.0   2.2  16.0  43.0   15:30     S
26   ---  10.3    8:00   ---    0:15   ---   0.0   0.0  24.1  41.0   00:00   SSE
27   ---  14.0    6:15   ---   11:30   ---   0.0   0.4  22.3  54.0    4:30   SSW
28   ---  11.3   11:00   ---    9:15   ---   0.0   0.0  18.0  38.0   20:00   SSE
29   ---  14.1   16:30   6.9    4:45  15.5   0.1   9.0  21.8  49.0   12:30    SE
30   ---  14.7    1:00   4.2   17:30  15.5   0.0   0.0  21.8  48.0   23:15   SSE
-------------------------------------------------------------------------------------
     1.7  14.7    29    -1.4    25           0.1  22.0  12.6  54.0    27      SE

Max >=  32.0:  0
Max <=   0.0:  0
Min <=   0.0:  1
Min <= -18.0:  0
Max Rain: 8.99 ON 29/11/11
Days of Rain: 11 (> .2 mm) 3 (> 2 mm) 0 (> 20 mm)
Heat Base:  18.3  Cool Base:  18.3  Method: Integration

Data updates at regular intervals.