Back to Top

Language: 

NOAA Climate Reports...


Report for 2011 Oct
                   MONTHLY CLIMATOLOGICAL SUMMARY for OCT. 2011

NAME: Delerius   CITY:    STATE:  
ELEV:   100 m  LAT:  53 37' 05" N  LONG:   1 27' 13" W

                   TEMPERATURE (C), RAIN  (mm), WIND SPEED (mph)

                                      HEAT  COOL        AVG
    MEAN                              DEG   DEG         WIND                 DOM
DAY TEMP  HIGH   TIME   LOW    TIME   DAYS  DAYS  RAIN  SPEED HIGH   TIME    DIR
------------------------------------------------------------------------------------
 1   ---  24.2   12:45   ---    7:00   ---   1.1   0.0   8.3  22.0   16:30   ESE
 2  18.8  25.3   14:15  14.1    3:45   1.3   1.8   0.0   5.2  22.0   15:45     S
 3  19.8  25.7   16:00  15.6    1:15   0.7   2.1   0.4   5.9  32.0   18:30    SE
 4  13.3  15.8    0:15  10.7    6:15   4.9   0.0   0.0   4.9  28.0   10:15   SSE
 5  17.6  21.4   14:15  13.3    0:15   1.3   0.5   0.0  10.3  49.0   12:15   ESE
 6  10.8  17.2    0:15   8.2   23:00   7.5   0.0   0.0   8.9  51.0   14:30    SE
 7  10.3  15.2   13:45   7.0    5:30   7.9   0.0   0.0   4.8  27.0   11:00   SSE
 8   9.4  13.7   19:00   4.0   00:00   6.9   0.0   0.0   4.1  22.0    3:15   SSE
 9   ---  17.4   16:00   ---   21:45   ---   0.0   0.0   4.5  35.0   17:30    SE
10   ---  19.1   13:30   ---   16:45   ---   0.1   0.0   9.5  40.0    9:30    SE
11   ---  18.5    7:30   ---    8:15   ---   0.0   0.0   3.6  36.0    1:15    SE
12   ---  13.2    5:15   ---    8:15   ---   0.0   1.2   4.6  15.0   14:00    NE
13   ---  14.5   13:15   ---   22:15   ---   0.0   0.0   8.6  19.0   14:15     E
14   ---  14.8   13:15   ---    6:45   ---   0.0   0.0  11.9  23.0   11:45   ESE
15   ---  14.9   15:00   ---   20:15   ---   0.0   0.0   7.3  18.0   15:30    SE
16   ---  15.6   15:15   ---   23:00   ---   0.0   0.0   4.9  20.0   14:30   SSE
17   ---  14.3   15:30   ---    2:45   ---   0.0   2.0  14.2  39.0   21:15   SSW
18   8.5  11.4   14:45   6.2    5:30   9.8   0.0   0.4  16.4  41.0   16:15    SW
19   7.1  10.9   14:00   3.1   00:00  11.3   0.0   0.0   7.5  22.0    0:30     W
20   6.6  11.6   16:00   2.4    3:00  11.8   0.0   0.0   6.8  18.0   16:30   WSW
21  11.0  14.5   14:15   7.9    0:15   7.3   0.0   0.0  11.6  29.0   13:45   SSW
22  10.2  12.3   16:00   8.6   00:00   8.1   0.0   0.0  13.5  33.0   14:00   SSE
23   ---  14.4   17:15   ---   22:00   ---   0.0   0.0  19.6  35.0    2:45    SE
24   ---  13.3   13:45   ---    2:00   ---   0.0   0.0  26.6  43.0   15:30    SE
25   ---  16.7   18:45   ---    2:45   ---   0.0   3.6   9.4  35.0    1:30     E
26   ---  13.2   15:45   ---   20:15   ---   0.0   0.0   8.0  20.0   20:30   SSE
27   ---  14.2   00:00   ---    0:15   ---   0.0   4.0   8.8  26.0   15:15    SE
28   ---  13.8   19:30   ---   14:15   ---   0.0   0.0   4.4  16.0   23:30   SSW
29   ---  14.2    1:30   ---   17:15   ---   0.0   0.4   7.5  26.0   11:15     S
30   ---  14.9   19:15   ---   15:15   ---   0.0   0.2   6.2  21.0    0:15     S
31   ---  16.1    0:15   ---   13:30   ---   0.0   0.0  10.7  27.0   18:30   SSE
-------------------------------------------------------------------------------------
     7.1  25.7     3     2.4     1           5.7  12.2   9.0  51.0     6      SE

Max >=  32.0:  0
Max <=   0.0:  0
Min <=   0.0:  0
Min <= -18.0:  0
Max Rain: 3.99 ON 27/10/11
Days of Rain: 8 (> .2 mm) 3 (> 2 mm) 0 (> 20 mm)
Heat Base:  18.3  Cool Base:  18.3  Method: Integration

Data updates at regular intervals.