Back to Top

Language: 

NOAA Climate Reports...


Report for 2011 Sep
                   MONTHLY CLIMATOLOGICAL SUMMARY for SEP. 2011

NAME: Delerius   CITY:    STATE:  
ELEV:   100 m  LAT:  53 37' 05" N  LONG:   1 27' 13" W

                   TEMPERATURE (C), RAIN  (mm), WIND SPEED (mph)

                                      HEAT  COOL        AVG
    MEAN                              DEG   DEG         WIND                 DOM
DAY TEMP  HIGH   TIME   LOW    TIME   DAYS  DAYS  RAIN  SPEED HIGH   TIME    DIR
------------------------------------------------------------------------------------
 1  13.9  16.2   15:00  11.9    5:45   4.3   0.0   0.0  11.4  25.0   15:45   ESE
 2  17.1  22.4   16:15  13.0    2:00   2.1   0.8   0.0   8.3  24.0   15:15    SE
 3   ---  22.5   16:00   ---    6:45   ---   1.0   0.0   7.0  25.0   11:30     S
 4   ---  19.1   11:00   ---   20:00   ---   0.0   1.0   5.5  19.0   16:00     S
 5   ---  16.9   16:30   ---   14:15   ---   0.0   3.6  12.8  35.0   11:45   SSW
 6   ---  17.9   12:00   ---    8:30   ---   0.0   2.4  21.1  45.0   14:45   SSW
 7  14.2  17.6   17:00  12.1   00:00   4.1   0.0   0.0  17.4  39.0    1:00   SSW
 8   ---  19.7   16:00   ---    3:45   ---   0.1   0.8  11.1  28.0    3:15   SSW
 9   ---  22.8   14:00   ---   23:45   ---   0.9   0.4   5.5  25.0   16:45     S
10  19.0  24.7   14:45  14.3    0:15  17.2   0.9   0.0  11.0  32.0   20:45     S
11  16.5  20.1   14:30  14.7   00:00   1.9   0.2   0.0  12.8  36.0   15:00     S
12  15.0  20.1   15:00   9.1   10:45   8.6   0.3   1.2  23.5  54.0   10:45   SSW
13  14.2  18.7   13:15  11.6   00:00   4.1   0.0   0.8  20.3  41.0   18:00   SSW
14  14.1  17.2   14:15  11.3    2:00   4.3   0.0   0.0  13.9  32.0    5:15   SSW
15   ---  15.1   14:30   ---    3:45   ---   0.0   0.0   6.4  18.0   13:00     E
16   ---  16.4   11:30   ---   21:15   ---   0.0   1.0  17.3  33.0   15:00   ESE
17   ---  16.8   14:45   ---    2:15   ---   0.0   0.0  10.1  32.0   11:45     S
18   ---  15.0   14:30   ---   19:45   ---   0.0   3.0   4.3  13.0    0:45   SSW
19   ---  17.4   14:45   ---   10:30   ---   0.0   0.0   9.9  29.0   16:45    SW
20   ---  16.4    7:00   ---   22:00   ---   0.0   2.6   6.1  27.0    3:30     S
21   ---  16.9   15:00   ---    9:00   ---   0.0   0.0  14.4  38.0   16:30     S
22  12.7  16.3   14:15   8.9   23:00   5.7   0.0   0.0  11.4  30.0   14:45    SW
23  14.2  18.6   16:00  10.1    0:15   4.1   0.0   0.0   8.7  22.0   13:00     S
24  14.8  19.1   16:00  10.9    7:00   3.5   0.0   0.0   7.2  19.0   10:45     S
25  16.1  19.6   14:00  14.0    6:30   2.4   0.1   0.0   8.6  26.0   18:30     S
26  15.4  18.7   15:30  13.4   23:45   2.9   0.0   0.0   8.1  26.0    4:45    SW
27   ---  22.6   15:30   ---    6:15   ---   0.8   0.0   5.9  14.0   12:00    SE
28   ---  23.6   13:30   ---    2:00   ---   0.8   0.0  10.1  25.0   15:30    SE
29   ---  23.6   14:00   ---   22:00   ---   0.8   0.0   9.9  23.0   15:00   ESE
30   ---  23.1   13:45   ---    0:45   ---   0.7   0.0   9.5  24.0   15:00   ESE
-------------------------------------------------------------------------------------
    12.7  24.7    10     8.9     5           7.4  16.7  11.0  54.0    12       S

Max >=  32.0:  0
Max <=   0.0:  0
Min <=   0.0:  0
Min <= -18.0:  0
Max Rain: 3.61 ON 05/09/11
Days of Rain: 10 (> .2 mm) 4 (> 2 mm) 0 (> 20 mm)
Heat Base:  18.3  Cool Base:  18.3  Method: Integration

Data updates at regular intervals.