Back to Top

Language: 

NOAA Climate Reports...


Report for 2011 Aug
                   MONTHLY CLIMATOLOGICAL SUMMARY for AUG. 2011

NAME: Delerius   CITY:    STATE:  
ELEV:   100 m  LAT:  53 37' 05" N  LONG:   1 27' 13" W

                   TEMPERATURE (C), RAIN  (mm), WIND SPEED (mph)

                                      HEAT  COOL        AVG
    MEAN                              DEG   DEG         WIND                 DOM
DAY TEMP  HIGH   TIME   LOW    TIME   DAYS  DAYS  RAIN  SPEED HIGH   TIME    DIR
------------------------------------------------------------------------------------
 1  18.3  21.5   15:00  15.9    5:30   0.6   0.6   0.0  11.2  27.0   14:45   ESE
 2   ---  22.6   12:15   ---   21:45   ---   0.6   0.0   9.8  24.0   15:30   ESE
 3   ---  19.9    7:00   ---    0:30   ---   0.0   0.8   5.4  20.0   18:00    NE
 4   ---  19.7   21:30   ---   17:30   ---   0.0   4.8   4.9  14.0   13:00    SE
 5   ---  21.4   17:00   ---   16:30   ---   0.4   0.0   6.8  21.0    8:45   SSW
 6   ---  17.5   18:15   ---    2:45   ---   0.0   7.2   7.7  26.0   12:15     E
 7   ---  18.4   16:30   ---    8:00   ---   0.0   0.0  11.8  35.0   13:30     S
 8   ---  19.1   14:45   ---    2:30   ---   0.0  22.4   8.5  33.0   14:30    SW
 9   ---  16.7   14:30   ---    9:00   ---   0.0   0.2   7.0  26.0   10:45     W
10   ---  18.2   14:15   ---   10:00   ---   0.0   3.2  13.8  39.0   19:00   SSW
11   ---  21.1   16:45   ---   16:45   ---   0.4   0.4  13.8  33.0    0:15   SSW
12   ---  18.2   14:15   ---   16:15   ---   0.0   0.2   9.2  22.0   23:00   ESE
13   ---  18.4   20:15   ---   19:15   ---   0.0   1.4   6.7  20.0   14:45    SE
14   ---  20.1   13:45   ---    4:15   ---   0.1   0.0   6.2  23.0   15:45    SW
15  15.5  20.0   16:30  10.6    1:45   3.0   0.2   0.0   6.6  24.0   12:15    SW
16   ---  21.3   15:30   ---    2:30   ---   0.3   1.2   8.8  30.0   15:00    SW
17  13.9  18.8   13:45  10.4    5:30   4.4   0.0   0.0   6.4  16.0    1:00   WSW
18   ---  15.4   11:45   ---    2:15   ---   0.0   0.0   3.9  13.0   12:00   ENE
19   ---  20.7   18:00   ---    2:45   ---   0.4   0.0   6.5  21.0   11:45   WSW
20  18.3  22.7   14:15  14.2    5:00   1.1   1.1   0.0   8.3  25.0   12:15     S
21  18.6  23.3   15:45  13.7   00:00   0.9   1.2   0.0   5.9  21.0   13:30     S
22   ---  19.3   12:15   ---    3:45   ---   0.0   0.0   5.2  21.0   15:15   ENE
23   ---  21.4    8:00   ---    0:15   ---   0.0   0.8   5.6  14.0   11:00   NNE
24   ---  23.5   16:15   ---   13:00   ---   0.7   0.0   4.8  16.0   17:15     S
25   ---  20.0   16:15   ---    2:15   ---   0.1   1.8   7.9  27.0    6:30    SE
26   ---  15.0    0:15   ---    7:15   ---   0.0   7.4   4.0  21.0   21:00     N
27   ---  17.2   12:30   ---    5:30   ---   0.0   2.4   4.5  19.0   15:00    SW
28   ---  17.1   14:45   ---    6:00   ---   0.0   0.0  13.5  35.0   10:00    SW
29  13.3  17.3   16:00  10.4    6:00   5.0   0.0   0.0   8.9  26.0    1:30   WSW
30   ---  16.7   14:30   ---    8:15   ---   0.0   0.6   6.3  21.0   14:30    SW
31   ---  15.5   12:45   ---   10:00   ---   0.0   0.0   3.6  11.0    0:30   ENE
-------------------------------------------------------------------------------------
    13.3  23.5    24    10.4     6           6.2  54.8   7.5  39.0    10      SW

Max >=  32.0:  0
Max <=   0.0:  0
Min <=   0.0:  0
Min <= -18.0:  0
Max Rain: 22.40 ON 08/08/11
Days of Rain: 15 (> .2 mm) 6 (> 2 mm) 1 (> 20 mm)
Heat Base:  18.3  Cool Base:  18.3  Method: Integration

Data updates at regular intervals.