Back to Top

Language: 

NOAA Climate Reports...


Report for 2011 Jul
                   MONTHLY CLIMATOLOGICAL SUMMARY for JUL. 2011

NAME: Delerius   CITY:    STATE:  
ELEV:   100 m  LAT:  53 37' 05" N  LONG:   1 27' 13" W

                   TEMPERATURE (C), RAIN  (mm), WIND SPEED (mph)

                                      HEAT  COOL        AVG
    MEAN                              DEG   DEG         WIND                 DOM
DAY TEMP  HIGH   TIME   LOW    TIME   DAYS  DAYS  RAIN  SPEED HIGH   TIME    DIR
------------------------------------------------------------------------------------
 1   ---  16.7   10:30   ---    7:30   ---   0.0   0.0   4.8  15.0   14:30    NE
 2   ---  17.2   13:30   ---    8:15   ---   0.0   0.0   4.2  15.0   15:45   ESE
 3   ---  20.2   13:00   ---    6:30   ---   0.4   0.0   5.7  20.0   16:00   ESE
 4   ---  20.9   14:15   ---   00:00   ---   0.3   0.0   6.1  19.0   14:15   ESE
 5   ---  20.2   14:00   ---   18:45   ---   0.4   0.8   8.9  26.0   17:15   ESE
 6   ---  19.9   19:00   ---   13:00   ---   0.1   6.6   7.3  27.0   15:30     S
 7   ---  20.2   15:00   ---    4:30   ---   0.1   9.0  10.5  30.0    7:45   SSE
 8   ---  18.9   13:45   ---   17:00   ---   0.0  11.2   7.0  24.0   14:45    SE
 9   ---  20.6   14:45   ---   10:00   ---   0.4   0.4   8.3  24.0   13:30    SW
10   ---  20.7   14:00   ---    0:45   ---   0.2   0.4   4.3  18.0   14:45     S
11   ---  20.8   10:45   ---    9:15   ---   0.2   0.0   4.4  14.0   12:15   SSW
12   ---  17.9   13:45   ---   22:00   ---   0.0   0.2   9.3  26.0   15:30    NE
13   ---  16.3   12:15   ---   00:00   ---   0.0   0.0   7.9  31.0   14:30     N
14   ---  16.9   17:00   ---   21:30   ---   0.0   0.0   8.8  28.0   10:30   NNE
15   ---  22.7   12:45   ---   14:15   ---   0.4   0.0   6.1  20.0   15:15   SSW
16   ---  16.9    0:15   ---    1:00   ---   0.0   9.8   6.9  23.0   18:00     S
17   ---  20.3   15:30   ---    9:30   ---   0.1   2.0  10.8  30.0   17:15     S
18   ---  18.6   17:00   ---   14:00   ---   0.0   2.4  11.8  31.0   10:00     S
19   ---  19.8   11:30   ---    1:15   ---   0.0   1.0   3.7  13.0   14:00   SSW
20   ---  18.8   11:45   ---   15:30   ---   0.0  10.0   3.7  15.0   23:30   SSW
21   ---  17.9   11:45   ---   10:15   ---   0.0   0.0  11.6  30.0   14:30   NNE
22   ---  16.1   11:30   ---    8:30   ---   0.0   0.2   8.4  28.0   15:00   NNE
23  12.2  15.6   15:00   8.7    2:15   6.1   0.0   0.0   8.0  27.0   11:45     W
24  12.9  17.3   13:15   9.4    3:45   5.4   0.0   0.0   8.4  27.0   15:30   WSW
25   ---   5.3   17:00   ---    7:15   ---   0.0   0.0   5.5  18.0   11:45   NNE
26   ---  16.5   15:30   ---   10:00   ---   0.0   0.0   8.9  25.0   15:15     N
27   ---  18.2   13:00   ---   21:00   ---   0.0   0.0   8.9  22.0   12:45   NNE
28   ---  20.7   11:30   ---    9:45   ---   0.2   0.0   5.6  23.0   20:00    SW
29   ---  15.7   13:00   ---    9:00   ---   0.0   0.0   9.0  24.0   10:30   NNE
30  13.8  16.7   15:15   9.5   00:00   4.5   0.0   0.0   4.4  19.0   12:00     W
31   ---  20.7   13:15   ---    1:45   ---   0.3   0.0   9.0  25.0   14:30   ESE
-------------------------------------------------------------------------------------
    12.2  22.7    15     8.7     3           3.0  54.0   7.4  31.0    13     NNE

Max >=  32.0:  0
Max <=   0.0:  0
Min <=   0.0:  0
Min <= -18.0:  0
Max Rain: 11.20 ON 08/07/11
Days of Rain: 13 (> .2 mm) 7 (> 2 mm) 0 (> 20 mm)
Heat Base:  18.3  Cool Base:  18.3  Method: Integration

Data updates at regular intervals.