Back to Top

Language: 

NOAA Climate Reports...


Report for 2011 May
                   MONTHLY CLIMATOLOGICAL SUMMARY for MAY. 2011

NAME: Delerius   CITY:    STATE:  
ELEV:   100 m  LAT:  53 37' 05" N  LONG:   1 27' 13" W

                   TEMPERATURE (C), RAIN  (mm), WIND SPEED (mph)

                                      HEAT  COOL        AVG
    MEAN                              DEG   DEG         WIND                 DOM
DAY TEMP  HIGH   TIME   LOW    TIME   DAYS  DAYS  RAIN  SPEED HIGH   TIME    DIR
------------------------------------------------------------------------------------
 1  10.1  13.3   13:30   7.5   00:00   8.2   0.0   0.0  15.6  31.0   11:15     E
 2   8.8  11.3   11:15   6.7   22:00   9.5   0.0   0.0  15.2  32.0   14:15     E
 3   7.8  11.1   15:45   3.0   23:30  10.4   0.0   0.0   9.6  25.0    0:15     E
 4   7.3  11.3   14:00   0.2    4:30  11.0   0.0   0.0   6.6  23.0   23:15   ESE
 5   6.9   8.6    0:15   5.7    4:45   2.7   0.0   0.0   2.4  22.0    0:15   SSE
 6   ---  17.3   13:30   ---   14:45   ---   0.0   0.0   5.2  16.0   14:15    SE
 7  13.9  15.3   13:30  11.6    6:30   ---   0.0   0.0   6.2  19.0   15:00   ESE
 8   ---  16.2   19:30   ---   17:00   ---   0.0   0.4   5.0  25.0   14:00     S
 9   ---  17.4   12:15   ---    8:00   ---   0.0   2.0   5.5  27.0   18:00   SSE
10   ---  18.3   14:15   ---   15:00   ---   0.0   0.0   5.4  25.0   13:15   SSW
11  13.9  17.4   15:30  10.1   00:00   3.2   0.0   0.0   4.4  23.0   16:15    SW
12  13.0  15.8   16:15   8.7    0:45   3.5   0.0   0.0   7.5  30.0   15:15   WSW
13  12.6  15.7   16:15   8.5    1:15   3.6   0.0   1.4   4.9  23.0   17:15   SSW
14  11.0  15.0   15:30   6.7    6:00   5.5   0.0   1.8   7.2  30.0   12:30   WSW
15  11.8  13.0   12:15   7.9    6:15   4.7   0.0   0.0   7.6  24.0   14:30   WSW
16  13.6  15.7   15:30  12.5    7:15   3.2   0.0   0.2   9.7  36.0   15:30   WSW
17  15.1  17.4   11:30  13.1    6:15   2.4   0.0   0.0   6.4  23.0   13:30    SW
18  13.6  16.8   11:30   7.7   00:00   3.6   0.0   0.0   7.5  26.0   11:45   WSW
19  12.5  17.3   15:45   7.4    0:45   4.5   0.0   0.0   5.1  20.0   23:30   WSW
20  13.5  18.1   14:30   6.7   23:45   3.4   0.0   0.0   6.8  26.0   11:30    SW
21  15.9  20.0   15:30   6.7    0:30   1.8   0.1   0.0   6.3  24.0   12:45   SSW
22  13.5  17.2   13:45   8.3   23:30   3.8   0.0   0.0  11.4  39.0   13:15   SSW
23  13.3  17.8   14:15   9.7    0:15   3.7   0.0   1.4  13.2  43.0   12:45   SSW
24  12.4  16.1   14:45   6.9   00:00   4.4   0.0   0.0   9.8  36.0   12:45   WSW
25  14.0  17.4   14:15   6.4    0:45   3.5   0.0   0.0   5.7  21.0   12:15     S
26  12.4  15.7   15:00  10.7   12:15   4.4   0.0   4.4   5.1  22.0   12:00    SW
27  11.3  14.5   17:15   9.2   21:45   5.2   0.0   0.4   5.0  24.0   17:15   WSW
28  13.0  15.7   17:15  10.1    0:15   4.0   0.0   0.0   8.8  30.0    8:45   WSW
29  14.4  17.4   18:00  10.2   23:00   2.9   0.0   0.0   8.5  35.0   11:30   SSW
30   ---  12.3    1:30   ---    8:15   1.1   0.0   0.2   0.2   9.0    8:30     S
31   ---  15.0   19:30   ---    8:30   7.7   0.0   0.0   5.0  19.0   12:30   WSW
-------------------------------------------------------------------------------------
    10.6  20.0    21     0.2     9           0.1  12.2   7.2  43.0    23     WSW

Max >=  32.0:  0
Max <=   0.0:  0
Min <=   0.0:  0
Min <= -18.0:  0
Max Rain: 4.39 ON 26/05/11
Days of Rain: 9 (> .2 mm) 2 (> 2 mm) 0 (> 20 mm)
Heat Base:  18.3  Cool Base:  18.3  Method: Integration

Data updates at regular intervals.