Back to Top

Language: 

NOAA Climate Reports...


Report for 2011 Mar
                   MONTHLY CLIMATOLOGICAL SUMMARY for MAR. 2011

NAME: Delerius   CITY:    STATE:  
ELEV:   100 m  LAT:  53 37' 05" N  LONG:   1 27' 13" W

                   TEMPERATURE (C), RAIN  (mm), WIND SPEED (mph)

                                      HEAT  COOL        AVG
    MEAN                              DEG   DEG         WIND                 DOM
DAY TEMP  HIGH   TIME   LOW    TIME   DAYS  DAYS  RAIN  SPEED HIGH   TIME    DIR
------------------------------------------------------------------------------------
 1   ---  19.9    8:45   ---   12:30   ---   0.0   0.0   4.5  15.0   20:30     E
 2   ---  16.4   19:45   ---   19:30   ---   0.0   0.0   5.1  14.0    3:15     E
 3   ---  11.7    0:30   ---    2:30   ---   0.0   0.0   7.1  16.0   14:15   ENE
 4   ---  16.7    7:30   ---   13:00   ---   0.0   0.0   4.4  12.0    0:15   SSE
 5   ---  16.4    5:15   ---    3:30   ---   0.0   0.0   6.9  21.0   12:00   ENE
 6   ---  12.3    9:15   ---   12:15   ---   0.0   0.0   6.8  18.0   13:45    SE
 7   ---  11.2   19:15   ---    9:00   ---   0.0   0.0   9.2  22.0   22:00   SSE
 8   ---  14.3    4:15   ---   12:00   ---   0.0   0.0  10.7  28.0   23:00     S
 9   ---  13.1    4:30   ---    7:00   ---   0.0   1.2  16.0  41.0    6:45   SSW
10   ---  18.3    7:45   ---    8:15   ---   0.0   0.0  23.2  48.0   13:00   SSW
11   ---   ---     ---   ---     ---   ---   ---   ---   ---   ---     ---   ---
12   ---   ---     ---   ---     ---   ---   ---   ---   ---   ---     ---   ---
13   ---   ---     ---   ---     ---   ---   ---   ---   ---   ---     ---   ---
14   ---   ---     ---   ---     ---   ---   ---   ---   ---   ---     ---   ---
15  13.4  18.9   21:15   9.4   20:30   4.0   0.0   0.0   0.0   1.0   18:15     E
16   ---  13.8    0:15   ---   00:00   ---   0.0   0.0   4.4  16.0   14:45     E
17   ---   ---    9:30   ---    9:45   ---   0.0   0.0   3.4  19.0   18:30     W
18   ---   ---   15:15   ---    0:15   ---   0.0   0.0   5.6  16.0    1:30    SW
19   ---  11.9    4:15   ---   15:00   ---   0.0   0.0   5.7  15.0   13:00     S
20   ---   ---   19:00   ---    4:30   ---   0.0   0.0   8.8  19.0   12:30   SSE
21   ---   ---    3:15   ---    5:15   ---   0.0   0.0   6.3  20.0   12:15   SSW
22   ---  14.8    7:00   ---   18:45   ---   0.0   0.0   4.5  18.0   13:45   SSW
23   ---   ---   23:30   ---   12:15   ---   1.1   0.0   4.3  16.0   16:15   ESE
24   ---   ---    0:15   ---   21:45   ---   0.0   0.0   3.4  12.0   15:15   ESE
25   ---   7.7   20:15  -0.4    5:45   ---   0.0   0.0   5.7  18.0   19:45   ESE
26   ---   7.3   13:30   1.1   14:15   ---   0.0   0.0  12.1  23.0   17:30   ESE
27   ---   6.9   15:15  -0.4   18:15   ---   0.0   0.0   6.4  19.0    0:15   ESE
28   ---   ---    8:30          8:30   ---   0.2   0.0   6.2  15.0   13:30     E
29   ---   5.9    5:15  -2.4    5:00   ---   0.0   2.2   6.2  18.0    0:30    SE
30   ---   6.1    8:30  -3.1    1:15   ---   0.0   0.0   8.4  22.0   13:15   SSE
31   ---   5.7   22:30  -3.4   20:30   ---   0.0   2.0  14.8  46.0   12:45    SE
-------------------------------------------------------------------------------------
    13.4  19.9    23    -3.4    17          10.3   5.4   7.4  48.0    10     SSE

Max >=  32.0:  0
Max <=   0.0:  0
Min <=   0.0:  5
Min <= -18.0:  0
Max Rain: 197.79 ON 16/03/11
Days of Rain: 5 (> .2 mm) 2 (> 2 mm) 2 (> 20 mm)
Heat Base:  18.3  Cool Base:  18.3  Method: Integration

Data updates at regular intervals.