Back to Top

Language: 

NOAA Climate Reports...


Report for 2011
                            ANNUAL CLIMATOLOGICAL SUMMARY

NAME: Delerius  CITY:    STATE:   
ELEV:   100 m  LAT:  53 37' 05" N  LONG:   1 27' 13" W

               TEMPERATURE (C), HEAT BASE 18.3, COOL BASE 18.3
                          DEP.  HEAT  COOL                                          
        MEAN  MEAN        FROM  DEG   DEG                        MAX  MAX  MIN  MIN 
 YR MO  MAX   MIN   MEAN  NORM  DAYS  DAYS  HI  DATE  LOW  DATE  >=32 <=0  <=0  <=-18 
------------------------------------------------------------------------------------
 11  1  13.0  -7.1   0.3   0.0   477     0  23.3   4 -26.9   12    0    1   28    2
 11  2   3.4 -11.0  -5.0   0.0   240     0  25.0   6 -33.7   10    0    8   18    3
 11  3  16.0 -10.4  -1.2   0.0   527    10  70.0  23 -25.9   17    3    1   26    6
 11  4  22.2  -9.0   2.3   0.0   217     9  70.0  19 -19.8   24    3    1   10    7
 11  5  15.5   2.1  10.6   0.0   167     0  20.0  21 -39.6    9    0    0    6    5
 11  6  21.3 -20.9   6.0   0.0   314    14  70.0  25 -39.6    2    3    1   27   23
 11  7  18.6 -21.4   2.1   0.0   506     3  22.7  15 -39.6    3    0    0   28   25
 11  8  18.0 -17.6   5.6   0.0   398     6  23.5  24 -39.6    6    0    0   25   11
 11  9  19.2  -7.4  10.5   0.0   236     7  24.7  10 -39.6    5    0    0   19    5
 11 10  15.4 -12.7   3.6   0.0   450     6  25.7   3 -39.6    1    0    1   19    9
 11 11   4.7  -4.7  -0.4   0.0   560     0  24.1  29 -15.7   25    0    6   22    0
 11 12 -16.0 -34.7 -27.0   0.0  1404     0  12.0   1 -67.8    9    0   24   31   28
------------------------------------------------------------------------------------
        12.4 -13.3   0.7   0.0  5497    55  70.0 MAR -67.8  DEC    9   43  259  124

                                PRECIPITATION (mm)

               DEP.   MAX        DAYS OF RAIN 
               FROM   OBS.          OVER
 YR MO  TOTAL  NORM   DAY  DATE  .2   2   20
---------------------------------------------
 11  1  18.3    0.0   4.6   12   16    3    0
 11  2  14.6    0.0   8.4    6    6    3    0
 11  3 247.6    0.0 197.8   16    5    2    2
 11  4   0.2    0.0   0.2   23    1    0    0
 11  5  12.2    0.0   4.4   26    9    2    0
 11  6  35.0    0.0   7.4   28   17    7    0
 11  7  54.0    0.0  11.2    8   13    7    0
 11  8  54.8    0.0  22.4    8   15    6    1
 11  9  16.7    0.0   3.6    5   10    4    0
 11 10  12.2    0.0   4.0   27    8    3    0
 11 11  22.0    0.0   9.0   29   11    3    0
 11 12 977.0    0.0 292.6   10   23   14    7
---------------------------------------------
      1464.6   0.0 292.6  DEC  134   54   10

                                WIND SPEED (mph)
                          DOM
 YR MO   AVG.  HI   DATE  DIR
---------------------------------
 11  1   5.5  37.0   15     S
 11  2   3.3  45.0    3   SSE
 11  3   7.4  48.0   10   SSE
 11  4   9.4  31.0   28    NE
 11  5   7.2  43.0   23   WSW
 11  6   6.4  35.0   12    SW
 11  7   7.4  31.0   13   NNE
 11  8   7.5  39.0   10    SW
 11  9  11.0  54.0   12     S
 11 10   9.0  51.0    6    SE
 11 11  12.6  54.0   27    SE
 11 12  16.1  59.0   12   WSW
---------------------------------
         8.6  59.0  DEC    S

Data updates at regular intervals.