Back to Top

Language: 

NOAA Climate Reports...


Report for 2010 Dec
                   MONTHLY CLIMATOLOGICAL SUMMARY for DEC. 2010

NAME: Delerius   CITY:    STATE:  
ELEV:   100 m  LAT:  53 37' 05" N  LONG:   1 27' 13" W

                   TEMPERATURE (C), RAIN  (mm), WIND SPEED (mph)

                                      HEAT  COOL        AVG
    MEAN                              DEG   DEG         WIND                 DOM
DAY TEMP  HIGH   TIME   LOW    TIME   DAYS  DAYS  RAIN  SPEED HIGH   TIME    DIR
------------------------------------------------------------------------------------
 1   ---   ---     ---   ---     ---   ---   0.2  10.6  12.0  37.0   18:00     E
 2   ---   ---     ---   ---     ---   ---   0.0   4.0   7.7  28.0    3:15     E
 3   ---   ---     ---   ---     ---   ---   0.4   0.2   3.3  21.0   19:30    SW
 4   ---   2.7   14:15  -1.2   12:00   ---   0.0   2.8   5.7  24.0    1:00     S
 5   ---   3.2    2:45  -3.3   21:45   ---   0.0   0.6   5.8  18.0   10:00   WSW
 6   ---   ---     ---   ---     ---   ---   0.0   0.0   3.1  10.0    6:15     W
 7   ---   ---     ---   ---     ---   ---   0.0   0.0   3.3  10.0    7:30     W
 8   ---   ---     ---   ---     ---   ---   0.0   1.0   9.7  24.0   16:30     W
 9   ---   ---     ---   ---     ---   ---   0.0   0.2  10.3  21.0    1:45    SW
10   ---   ---     ---   ---     ---   ---   0.0   0.0   7.8  20.0   22:30    SW
11   ---   ---     ---   ---     ---   ---   0.0   0.0   5.4  27.0    1:00   WSW
12   ---   ---     ---   ---     ---   ---   0.0   1.0   4.2  15.0    1:00     W
13   ---   ---     ---   ---     ---   ---   0.0   6.0   4.8  18.0   16:45     W
14   ---   ---     ---   ---     ---   ---   0.0   1.6   0.8   9.0    0:15     W
15   ---   ---     ---   ---     ---   ---   0.0   3.0   6.9  22.0   21:45   WSW
16   ---   ---     ---   ---     ---   ---   0.0   2.8  10.7  33.0   15:15    SW
17   ---   ---     ---   ---     ---   ---   0.0   0.0   6.9  23.0    0:15     W
18   ---   ---     ---   ---     ---   ---   0.0   0.0   2.0  13.0   13:45   ENE
19   ---   ---     ---   ---     ---   ---   0.0   0.8   1.6   9.0    2:15     W
20   ---   ---     ---   ---     ---   ---   0.0   0.6   0.8   6.0    1:45   WSW
21   ---   ---     ---   ---     ---   ---   0.0   0.0   3.1  10.0   21:30   WNW
22   ---   ---     ---   ---     ---   ---   0.0   0.4   4.4  20.0    9:15   ENE
23   ---   ---     ---   ---     ---   ---   0.0   0.0   9.9  28.0    6:45    NE
24   ---   ---     ---   ---     ---   ---   0.0   1.8   5.3  18.0   11:15     W
25   ---   ---     ---   ---     ---   ---   0.0   0.0   5.0  16.0   16:15   WSW
26   ---   ---     ---   ---     ---   ---   0.0   0.0   3.3  18.0   23:45    SW
27   ---   ---     ---   ---     ---   ---   0.0   0.4   3.6  14.0    7:45   SSE
28   ---   ---     ---   ---     ---   ---   0.0   5.2   3.5  18.0   11:15   ESE
29   ---   2.3    7:30   ---    0:15   ---   0.0   0.8   0.4   7.0   14:30   ESE
30   ---   4.9    7:00   ---    1:30   ---   0.0   0.2   1.0   7.0   19:45   SSW
31   ---   6.1    8:15   ---    5:15   ---   0.0   0.2   1.6  12.0   00:00     S
-------------------------------------------------------------------------------------
          12.7    24            27           0.5  44.2   5.0  37.0     1     WSW

Max >=  32.0:  0
Max <=   0.0:  0
Min <=   0.0:  0
Min <= -18.0:  0
Max Rain: 10.59 ON 01/12/10
Days of Rain: 21 (> .2 mm) 7 (> 2 mm) 0 (> 20 mm)
Heat Base:  18.3  Cool Base:  18.3  Method: Integration

Data updates at regular intervals.