Back to Top

Language: 

NOAA Climate Reports...


Report for 2010 Oct
                   MONTHLY CLIMATOLOGICAL SUMMARY for OCT. 2010

NAME: Delerius   CITY:    STATE:  
ELEV:   100 m  LAT:  53 37' 05" N  LONG:   1 27' 13" W

                   TEMPERATURE (C), RAIN  (mm), WIND SPEED (mph)

                                      HEAT  COOL        AVG
    MEAN                              DEG   DEG         WIND                 DOM
DAY TEMP  HIGH   TIME   LOW    TIME   DAYS  DAYS  RAIN  SPEED HIGH   TIME    DIR
------------------------------------------------------------------------------------
 1   ---   ---    9:45   ---    2:00   ---   0.0  13.4   7.4  31.0   15:00    SE
 2   ---   ---   12:00   ---    0:15   ---   0.0   5.2   2.8  15.0   13:30     W
 3   ---   ---   11:00   ---    0:15   ---   0.0   6.2   4.4  25.0   17:30    SE
 4   ---   ---   11:30   ---    0:30   ---   0.0   0.2   1.5  14.0   22:30    SE
 5   ---   ---   15:00   ---   23:00   ---   0.0   0.0   7.5  22.0    3:15     S
 6   ---   ---   15:00   ---   22:15   ---   0.0   2.4   5.5  21.0   14:15    SE
 7   ---   ---   21:45   ---    2:15   ---   0.0   0.0   4.4  15.0   20:15     E
 8   ---   ---    9:45   ---   00:00   ---   0.0   0.0   7.9  19.0    9:30     E
 9   ---   ---    0:15   ---   20:00   ---   0.0   0.0   7.3  21.0   13:15   ENE
10   ---   ---    9:45   ---    6:00   ---   0.0   0.2   5.6  19.0   11:45    NE
11   ---   ---    0:15   ---   21:45   ---   0.0   0.0   5.1  19.0    5:15   NNE
12   ---   ---    0:15   ---   15:15   ---   0.0   0.0   2.2  13.0   13:45     N
13   ---   ---    0:15   ---    0:15   ---   0.0   0.0   2.1  12.0   14:45     N
14   ---   ---    0:15   ---    0:15   ---   0.0   0.4   4.0  16.0   16:15   WNW
15   ---   ---    0:15   ---    0:15   ---   0.0   1.2   5.9  20.0   15:30   WNW
16   ---   9.8   20:00   3.4    0:15   ---   0.0   0.6   5.5  22.0    1:45    NE
17   ---   9.4   19:45   3.8    4:45   ---   0.0   0.0   3.6  18.0   13:00   SSW
18   ---   ---    0:15   ---    0:15   ---   0.0   1.0   7.7  33.0   19:45   WSW
19   ---  10.3   15:00   ---    0:15   ---   0.0   1.6   9.4  30.0   19:45     W
20   ---   7.8   15:45   2.7    0:15   ---   0.0   0.8   9.0  29.0   12:00   WNW
21   ---  10.4   17:30   3.4    3:00   ---   0.0   0.0   9.1  29.0   13:45   WSW
22   ---   ---    0:15   ---    0:15   ---   0.0   0.0   8.6  32.0   22:45    SW
23   ---   6.6   21:30   1.1    0:15   ---   0.0   1.4  11.2  31.0   15:30   SSW
24   ---   8.9   16:15   2.7    0:15   ---   0.0   3.4   9.1  27.0   14:00   WNW
25   ---  10.0   15:15   ---    0:15   ---   0.0   0.4   4.3  19.0   15:00     W
26   ---   ---   10:15   ---   10:15   ---   0.0   1.0   0.6  27.0   10:45     S
27   ---   ---    8:45   ---    8:45   ---   0.0   0.0   4.6  22.0   21:45    SW
28   ---   ---    9:15   ---    9:15   ---   0.0   0.0   5.4  24.0   18:15   SSW
29   ---   ---   10:45   ---   10:45   ---   0.0   0.0   0.2  16.0   11:00   SSE
30   ---   ---    9:00   ---    9:00   ---   0.0   0.0   3.4  20.0    9:00   SSW
31   ---   ---    8:30   ---    8:30   ---   0.0   0.0   1.1   9.0   12:15    NE
-------------------------------------------------------------------------------------
     ---  10.4    21     ---     1     ---   0.0  39.4   5.4  33.0    18     WNW

Max >=  32.0:  0
Max <=   0.0:  0
Min <=   0.0:  0
Min <= -18.0:  0
Max Rain: 13.41 ON 01/10/10
Days of Rain: 16 (> .2 mm) 5 (> 2 mm) 0 (> 20 mm)
Heat Base:  18.3  Cool Base:  18.3  Method: Integration

Data updates at regular intervals.