Back to Top

Language: 

NOAA Climate Reports...


Report for 2010 Aug
                   MONTHLY CLIMATOLOGICAL SUMMARY for AUG. 2010

NAME: Delerius   CITY:    STATE:  
ELEV:   100 m  LAT:  53 37' 05" N  LONG:   1 27' 13" W

                   TEMPERATURE (C), RAIN  (mm), WIND SPEED (mph)

                                      HEAT  COOL        AVG
    MEAN                              DEG   DEG         WIND                 DOM
DAY TEMP  HIGH   TIME   LOW    TIME   DAYS  DAYS  RAIN  SPEED HIGH   TIME    DIR
------------------------------------------------------------------------------------
 1   ---  20.2   14:30   ---    1:45   ---   0.2   0.0   2.5  14.0   10:45     W
 2   ---  19.2   14:15   ---    2:15   ---   0.0   0.0   4.2  20.0   11:00     N
 3   ---  21.3   16:45   ---    0:15   ---   0.6   0.0   3.8  19.0   12:30   WSW
 4   ---  14.8   17:00   ---    7:15   ---   0.0   4.6   3.4  13.0   11:00     W
 5   ---  19.4   13:45   ---    0:15   ---   0.0   0.0   6.6  21.0    8:15     W
 6   ---  20.0   16:15   ---    2:15   ---   0.3   0.0   5.9  30.0   13:15     S
 7   ---  20.1   13:45   ---    6:15   ---   0.2   0.0   3.7  15.0   20:30   SSW
 8   ---  19.6   14:15   ---    0:15   ---   0.1   0.0   4.6  19.0    8:45   NNW
 9   ---  24.8   15:30   ---    5:15   ---   1.6   0.0   5.7  22.0   11:45   SSW
10   ---  22.2   15:00   ---    1:15   ---   0.7   1.4   6.3  31.0   13:30   SSW
11  15.8  21.4   14:45   9.6    4:00   3.0   0.5   0.0   9.6  30.0   18:00   WSW
12  14.6  18.6   11:30  11.8   22:45   3.7   0.0   4.2   6.3  23.0   10:15   WNW
13   ---  15.4   14:30   ---    2:15   ---   0.0   5.8   9.7  29.0   14:30   NNW
14   ---  18.2   16:15   ---    0:15   ---   0.0   1.0   6.4  22.0   11:30    NE
15   ---  18.4   11:00   ---    0:15   ---   0.0   0.0   6.8  26.0   15:00   NNW
16  14.5  17.3   13:45  12.8   21:30   3.8   0.0   0.0   8.8  27.0    8:00    NW
17   ---  21.1   14:15   ---    2:30   ---   0.4   0.4   5.6  21.0   11:15     W
18   ---  19.1   16:45   ---   17:45   ---   0.0   5.6   7.1  25.0   10:15     W
19   ---  20.9   17:15   ---    1:30   ---   0.5   2.2   5.8  21.0   14:30   SSW
20   ---  22.9   18:15   ---    0:15   ---   0.8   1.2  11.8  33.0   18:00   SSW
21   ---  23.1   13:30   ---    0:15   ---   0.6   2.8   5.4  22.0   13:15   SSW
22   ---  23.0   15:30   ---    0:15   ---   1.1   0.0   3.2  21.0   15:30   WSW
23   ---  17.4   14:30   ---    0:15   ---   0.0  20.8   5.1  25.0   19:15   WSW
24  12.7  17.1   18:30   7.9   16:15   5.6   0.0   4.2  10.1  31.0   11:45   WSW
25  12.8  18.1   13:45   8.5   23:45   5.5   0.0   0.0   5.2  18.0   12:00   WSW
26   ---  14.4   15:15   ---    0:15   ---   0.0   1.2   7.9  23.0   13:15   ENE
27  13.9  17.2   15:30  10.0   23:15   4.4   0.0   0.2   4.0  22.0   12:00     N
28   ---  18.8   13:00   ---    1:15   ---   0.0   1.2  10.1  32.0   12:30     W
29  12.9  15.9   14:15   8.6    9:45   5.4   0.0   2.8  14.1  39.0   15:00   WSW
30   ---  15.4   12:00   ---   23:15   ---   0.0   0.4   9.2  29.0    8:45   NNW
31   ---  18.5   13:45   ---    0:15   ---   0.0   0.2   3.7  16.0   13:00    SE
-------------------------------------------------------------------------------------
          24.8     9     7.9     1           7.9  60.1   6.5  39.0    29       W

Max >=  32.0:  0
Max <=   0.0:  0
Min <=   0.0: 27
Min <= -18.0: 27
Max Rain: 20.80 ON 23/08/10
Days of Rain: 18 (> .2 mm) 9 (> 2 mm) 1 (> 20 mm)
Heat Base:  18.3  Cool Base:  18.3  Method: Integration

Data updates at regular intervals.