Back to Top

Language: 

NOAA Climate Reports...


Report for 2010 Jul
                   MONTHLY CLIMATOLOGICAL SUMMARY for JUL. 2010

NAME: Delerius   CITY:    STATE:  
ELEV:   100 m  LAT:  53 37' 05" N  LONG:   1 27' 13" W

                   TEMPERATURE (C), RAIN  (mm), WIND SPEED (mph)

                                      HEAT  COOL        AVG
    MEAN                              DEG   DEG         WIND                 DOM
DAY TEMP  HIGH   TIME   LOW    TIME   DAYS  DAYS  RAIN  SPEED HIGH   TIME    DIR
------------------------------------------------------------------------------------
 1   ---  21.5   11:15   ---    5:15   ---   0.2   0.0   4.6  20.0   15:00     S
 2   ---  22.6   14:15   ---   12:30   ---   0.7   0.0   4.9  20.0    7:45   SSW
 3  18.3  23.2   15:45   ---    6:45   1.2   1.2   0.0   3.7  21.0   14:45     W
 4  17.9  23.5   15:30  11.9    5:00   1.8   1.5   0.0   8.4  34.0   12:30   SSW
 5   9.7  19.7   15:00   ---    5:30   8.7   0.1   0.0   7.4  26.0   16:00     W
 6  11.3  21.7   17:45   ---    5:45   7.5   0.5   0.0   5.0  18.0   10:30     W
 7  19.8  24.1   15:15  15.9    5:45   0.5   2.0   0.0   9.3  29.0   18:30   SSW
 8  17.4  23.3   16:30   ---   23:45   2.1   1.2   0.0   4.1  19.0   12:45   SSW
 9   ---  26.4   14:15   ---    0:15   ---   1.5   0.0   3.7  21.0   14:30    SW
10   ---  26.2   14:15   ---    4:45   ---   1.9   0.0   3.8  18.0    8:15   ESE
11  12.3  22.1   10:45   ---    0:15   7.2   1.1   0.0   8.4  35.0   11:30     W
12   ---  15.0    1:45   ---   10:15   ---   0.0   4.4   4.8  20.0   10:15   NNE
13   ---  15.8   13:30   ---   20:45   ---   0.0   0.6   4.9  16.0   17:15   ENE
14   ---  20.4   11:30   ---   23:30   ---   0.2   3.4   5.0  20.0   18:00     E
15   ---  20.7   13:30   ---   16:15   ---   0.4   3.8  11.2  38.0   15:45   SSW
16   ---  21.9   14:45   ---   18:15   ---   0.4   1.6  11.5  40.0   13:00   SSW
17   ---  19.3   17:45   ---    0:15   ---   0.0   1.4   6.1  29.0   13:45   WSW
18  17.1  23.9   17:15   9.9    3:15   2.5   1.3   0.0   8.7  28.0   13:15   SSW
19   ---  25.5   15:00   ---    1:45   ---   1.5   0.0   6.2  20.0   12:00   SSW
20  19.3  22.7   15:15  16.8    6:00   0.3   1.3   0.0   5.0  20.0   18:15   ESE
21   ---  23.7   17:00   ---    2:30   ---   1.7   0.2   5.4  26.0   14:30   SSW
22   ---  18.1   13:15   ---    5:00   ---   0.0   0.4   4.9  20.0   16:30   NNW
23   ---  17.7   15:00   ---    0:15   ---   0.0   0.0   4.3  16.0    9:45   NNW
24  15.9  21.5   14:15   9.6    6:15   2.9   0.6   0.0   2.7  16.0   16:15   ESE
25   ---  23.9   14:45   ---    0:30   ---   0.9   0.0   4.7  22.0   15:45     W
26  15.2  19.9   12:00  10.7   23:45   3.2   0.1   0.0   4.2  14.0    8:00     W
27   ---  22.9   13:45   ---    0:15   ---   1.3   0.0   6.1  24.0   19:15     W
28   ---  18.4   11:15   ---    2:30   ---   0.0   2.8   3.8  24.0   12:00     W
29   ---  19.0   12:30   ---    0:15   ---   0.0   0.6   3.8  14.0    7:45     W
30   ---  21.8   15:30   ---    0:15   ---   0.6   2.0   5.6  22.0   22:00   SSW
31   ---  19.7   18:15   ---    0:15   ---   0.1   0.0   4.6  18.0   18:15   WSW
-------------------------------------------------------------------------------------
          26.4     9    9.6      1          22.5  21.2   5.7  40.0    16     SSW

Max >=  32.0:  0
Max <=   0.0:  0
Min <=   0.0: 26
Min <= -18.0: 26
Max Rain: 4.39 ON 12/07/10
Days of Rain: 11 (> .2 mm) 5 (> 2 mm) 0 (> 20 mm)
Heat Base:  18.3  Cool Base:  18.3  Method: Integration

Data updates at regular intervals.