Back to Top

Language: 

NOAA Climate Reports...


Report for 2010 Jun
                   MONTHLY CLIMATOLOGICAL SUMMARY for JUN. 2010

NAME: Delerius   CITY:    STATE:  
ELEV:   100 m  LAT:  53 37' 05" N  LONG:   1 27' 13" W

                   TEMPERATURE (C), RAIN  (mm), WIND SPEED (mph)

                                      HEAT  COOL        AVG
    MEAN                              DEG   DEG         WIND                 DOM
DAY TEMP  HIGH   TIME   LOW    TIME   DAYS  DAYS  RAIN  SPEED HIGH   TIME    DIR
------------------------------------------------------------------------------------
 1   ---   ---   23:15   ---    0:15   ---   0.0   1.6   1.8   9.0   17:30   ESE
 2   ---  17.7   14:00   ---   20:15   ---   0.0   0.8   2.2  13.0   17:30    SE
 3  14.7  19.9   12:00   9.6    5:00   3.8   0.2   0.0   2.3  16.0   17:30   ESE
 4   ---  17.6   14:45   ---    5:15   ---   0.0   0.0   4.5  18.0   15:30   ESE
 5   ---  21.5   12:30   ---    0:15   ---   0.4   2.6   3.3  18.0   16:15   ESE
 6   ---   ---    6:00   ---    0:15   ---   0.0   9.4   2.9  15.0   19:00    NW
 7   ---  16.9   13:15   ---    0:15   ---   0.0   1.6   3.8  12.0   13:00     W
 8   ---   ---    0:15   ---    0:15   ---   0.0   5.6   3.9  15.0   13:15     E
 9   ---   ---   00:00   ---    0:15   ---   0.0   0.0   3.7  15.0   12:30   NNE
10   ---   ---    1:30   ---   16:00   ---   0.0   1.0   7.4  26.0   13:00   NNE
11   ---  18.5   17:15   ---    0:15   ---   0.0   0.0   6.9  26.0    1:45   NNW
12   ---  15.0   15:30   ---    0:15   ---   0.0   0.0   6.3  26.0    9:45   NNW
13   ---  17.2   13:30   ---    5:45   ---   0.0   0.6   4.0  16.0    8:15   SSW
14   ---  15.4   13:45   ---    0:15   ---   0.0   0.2   5.4  24.0   16:15   NNE
15   ---  15.1   14:00   ---    0:45   ---   0.0   0.0   3.3  15.0   11:00   NNE
16   ---  14.3   15:00   ---    1:45   ---   0.0   0.0   2.6  12.0   10:00     E
17   ---  16.3   16:30   ---    4:15   ---   0.0   0.0   2.2  11.0   10:45   ENE
18   ---  14.9   16:00   ---    0:15   ---   0.0   0.0   5.3  24.0   11:45   NNW
19   ---  13.1   15:30   ---    5:30   ---   0.0   2.0  11.8  36.0   17:00    NW
20  12.0  15.4   17:30   9.2    5:45   6.3   0.0   0.0   6.4  27.0    0:45    NW
21   ---  17.4   10:15   ---    0:15   ---   0.0   0.0   3.2  14.0   17:15   ESE
22   ---  17.7   23:15   ---    0:15   ---   0.0   0.0   3.0  15.0   17:15   ESE
23   ---  20.4   12:30   ---   12:30   ---   0.1   0.0   3.0  16.0   16:30   WNW
24   ---  21.1   17:30   ---    5:30   ---   0.2   0.0   3.8  19.0   17:30     W
25   ---  20.1   15:45   ---    0:15   ---   0.2   0.0   2.9  13.0    9:00     E
26   ---  18.8   15:45   ---    0:15   ---   0.0   0.0   4.7  19.0   15:45   ESE
27   ---  20.6   10:15   ---    0:15   ---   0.1   0.0   3.6  16.0   13:15   ESE
28   ---  21.8   11:45   ---    4:00   ---   0.2   0.0   2.7  15.0    9:15   ESE
29   ---  20.8   15:45   ---    3:00   ---   0.1   1.6   4.2  22.0   14:30   SSW
30   ---  20.9   13:15   ---    0:15   ---   0.6   0.0   2.5  13.0   17:30     E
-------------------------------------------------------------------------------------
          21.8    28     9.2     1           2.1  27.0   4.1  36.0    19     ESE

Max >=  32.0:  0
Max <=   0.0:  0 
Min <=   0.0:  0
Min <= -18.0:  0
Max Rain: 9.40 ON 06/06/10
Days of Rain: 11 (> .2 mm) 4 (> 2 mm) 0 (> 20 mm)
Heat Base:  18.3  Cool Base:  18.3  Method: Integration

Data updates at regular intervals.