Back to Top

Language: 

NOAA Climate Reports...


Report for 2010 May
                   MONTHLY CLIMATOLOGICAL SUMMARY for MAY. 2010

NAME: Delerius   CITY:    STATE:  
ELEV:   100 m  LAT:  53 37' 05" N  LONG:   1 27' 13" W

                   TEMPERATURE (C), RAIN  (mm), WIND SPEED (mph)

                                      HEAT  COOL        AVG
    MEAN                              DEG   DEG         WIND                 DOM
DAY TEMP  HIGH   TIME   LOW    TIME   DAYS  DAYS  RAIN  SPEED HIGH   TIME    DIR
------------------------------------------------------------------------------------
 1   ---   ---    0:15   ---    0:15   ---   0.0   0.2   4.8  19.0   18:30     W
 2   ---   ---    0:15   ---    0:15   ---   0.0   0.8   6.9  21.0    9:00   ENE
 3   ---   ---    0:15   ---    0:15   ---   0.0   0.4   8.9  29.0    9:45     N
 4   ---   ---    0:15   ---    0:15   ---   0.0   0.2   3.8  16.0    0:30    NW
 5   ---   ---    0:15   ---    0:15   ---   0.0   0.0   1.5  10.0   11:00    NE
 6   ---   ---    1:00   ---    1:00   ---   0.0   0.0   1.8  16.0   17:45    NE
 7   ---   ---    7:45   ---    7:45   ---   0.0   0.2   4.5  24.0   20:15    NE
 8   ---   ---    7:15   ---    7:15   ---   0.0   0.2   4.7  24.0   14:00   NNE
 9   ---   ---    6:00   ---    6:00   ---   0.0   0.0   3.5  20.0   16:30   NNE
10   ---   ---    0:15   ---    0:15   ---   0.0   0.0   2.8  16.0   12:00   NNE
11   ---   ---    8:30   ---    8:30   ---   0.0   0.0   1.6  11.0   11:30     E
12   ---   ---    0:15   ---    0:15   ---   0.0   0.0   2.6  16.0   10:15    NE
13   ---   ---    0:15   ---    0:15   ---   0.0   0.0   3.7  23.0   18:30    SE
14   ---   ---    0:15   ---    0:15   ---   0.0   0.0   4.0  19.0   11:30   SSW
15   ---   ---    0:15   ---    0:15   ---   0.0   0.0   2.8  15.0    9:15   WNW
16   ---  26.5    0:15   ---    0:15   ---   0.0   0.0   4.4  27.0   14:00     W
17   ---  24.5   14:45   ---    6:15   ---   0.1   1.0   2.4  19.0    8:45    NE
18   ---  15.0   13:15   ---    0:15   ---   0.0   0.0   2.4  16.0   17:00    SE
19  13.3  18.7   12:45   8.8    4:30   5.0   0.0   0.0   1.9  13.0   14:00    SE
20  14.4  18.1   10:45   ---    4:15   ---   0.0   0.0   2.3  11.0   16:00     E
21   ---  19.3   13:30   ---    0:15   ---   0.1   0.0   1.9  11.0   12:30   ENE
22   ---  18.4   14:15   ---    0:15   ---   0.0   0.0   1.7  12.0   16:15    SE
23  10.8  24.3   19:15   ---    5:00   ---   2.0   0.0   2.3  13.0   17:45    SE
24   ---  18.3    9:30   ---    5:45   ---   0.0   0.0   4.2  20.0   12:00     W
25   ---  12.8   13:15   ---    4:15   ---   0.0   0.0   3.3  14.0   10:45   ENE
26   9.7  11.8   12:15   6.3    5:00   8.6   0.0   0.0   3.4  13.0    8:30   ENE
27  10.4  13.9   14:00   6.1   23:15   7.9   0.0   0.0   6.4  23.0   16:00     W
28  11.3  16.3   17:15   5.4    0:45   7.0   0.0   0.4   6.0  23.0   14:45     W
29   ---  13.4   10:00   ---   18:00   ---   0.0   1.0   2.3  18.0   15:30    SE
30   ---  15.2   12:30   ---    0:15   ---   0.0   0.0  11.5  34.0   12:00   WNW
31   ---  14.1   14:00   ---    2:00   ---   0.0   0.0   7.8  33.0    0:30   NNW
-------------------------------------------------------------------------------------
     9.7  26.5    17     5.4     1           2.2   4.4   3.9  34.0    30      NE

Max >=  32.0:  0
Max <=   0.0: 16
Min <=   0.0: 27
Min <= -18.0: 27
Max Rain: 0.99 ON 17/05/10
Days of Rain: 9 (> .2 mm) 0 (> 2 mm) 0 (> 20 mm)
Heat Base:  18.3  Cool Base:  18.3  Method: Integration

Data updates at regular intervals.