Back to Top

Language: 

NOAA Climate Reports...


Report for 2010 Feb
                   MONTHLY CLIMATOLOGICAL SUMMARY for FEB. 2010

NAME: Delerius   CITY:    STATE:  
ELEV:   100 m  LAT:  53 37' 05" N  LONG:   1 27' 13" W

                   TEMPERATURE (C), RAIN  (mm), WIND SPEED (mph)

                                      HEAT  COOL        AVG
    MEAN                              DEG   DEG         WIND                 DOM
DAY TEMP  HIGH   TIME   LOW    TIME   DAYS  DAYS  RAIN  SPEED HIGH   TIME    DIR
------------------------------------------------------------------------------------
 1   ---   3.3   15:30  -0.9    8:00   ---   0.0   0.0   8.4  21.0    4:30   WSW
 2   ---   2.8    1:15   ---   12:00   ---   0.0   2.8   7.8  21.0   10:00   SSW
 3   ---   3.0   14:15   ---   20:30   ---   0.0   1.0   4.1  18.0   19:00   WSW
 4   ---   ---    0:15   ---    0:15   ---   0.0   0.0   3.4  18.0   17:45     E
 5   ---   ---    0:15   ---    0:15   ---   0.0   2.6   2.8  21.0    3:30     E
 6   ---   ---    0:15   ---    0:15   ---   0.0   0.4   3.0  18.0   23:15   NNW
 7   ---   ---    0:15   ---    0:15   ---   0.0   0.4   4.5  19.0   21:15    NE
 8   ---   2.7   17:15   ---    0:15   ---   0.0   0.2   8.9  26.0   14:00    NE
 9   ---   ---    0:15   ---    0:15   ---   0.0   4.0   5.4  23.0    5:00     N
10   ---   3.8   13:15   ---    0:15   ---   0.0   1.4   7.7  29.0    0:45   NNE
11   ---   5.3   13:45   ---   13:45   ---   0.0   0.4   6.9  24.0    3:15   WNW
12   ---   3.2   00:00   ---    0:15   ---   0.0   0.8   5.1  20.0   21:15    NE
13   ---   3.2    0:15   ---   10:00   ---   0.0   0.8   4.4  18.0    0:30   NNW
14   ---   ---    0:15   ---    0:15   ---   0.0   2.6   2.4  12.0    2:30    NE
15   ---   ---    0:15   ---    0:15   ---   0.0   1.6   3.4  21.0   20:30   SSE
16   ---   ---    0:15   ---    0:15   ---   0.0   2.2   4.1  16.0    2:00     S
17   ---   ---    0:15   ---    0:15   ---   0.0   1.6   0.9   8.0   17:15   ESE
18   ---   ---    0:15   ---    0:15   ---   0.0   1.6   2.3  14.0   00:00   ENE
19   ---   2.3   18:15   ---    0:15   ---   0.0   1.6   7.8  20.0    3:00     W
20   ---   2.1   17:45   ---    0:15   ---   0.0   0.0   3.4  13.0    0:15    SW
21   ---   ---    0:15   ---    0:15   ---   0.0   2.6   5.4  22.0   20:45    SW
22   ---   3.0   19:00   ---    0:15   ---   0.0   0.0   7.3  23.0   10:00   NNE
23   ---   3.5   10:45   ---   10:30   ---   0.0   0.4   9.9  24.0   18:00   ENE
24   ---   ---    0:15   ---    0:15   ---   0.0   3.4   4.1  22.0    1:30     E
25   ---   ---    0:15   ---    0:15   ---   0.0   1.2   3.9  16.0   00:00   ENE
26   ---   ---    0:15   ---    0:15   ---   0.0  11.8  11.6  41.0   15:30   WNW
27   ---   ---   12:30   ---   12:30   ---   0.0   0.0   0.6   9.0   16:30     E
28   ---   ---    8:00   ---    8:00   ---   0.0   0.0   0.2  18.0    8:00    NE
-------------------------------------------------------------------------------------
           5.3    11             2           0.0  45.4   5.0  41.0    26      NE

Max >=  32.0:  0
Max <=   0.0: 16
Min <=   0.0: 28
Min <= -18.0: 27
Max Rain: 11.81 ON 26/02/10
Days of Rain: 22 (> .2 mm) 8 (> 2 mm) 0 (> 20 mm)
Heat Base:  18.3  Cool Base:  18.3  Method: Integration

Data updates at regular intervals.