Back to Top

Language: 

NOAA Climate Reports...


Report for 2010 Jan
                   MONTHLY CLIMATOLOGICAL SUMMARY for JAN. 2010

NAME: Delerius   CITY:    STATE:  
ELEV:   100 m  LAT:  53 37' 05" N  LONG:   1 27' 13" W

                   TEMPERATURE (C), RAIN  (mm), WIND SPEED (mph)

                                      HEAT  COOL        AVG
    MEAN                              DEG   DEG         WIND                 DOM
DAY TEMP  HIGH   TIME   LOW    TIME   DAYS  DAYS  RAIN  SPEED HIGH   TIME    DIR
------------------------------------------------------------------------------------
 1   0.2   3.0    0:15  -1.6   23:30   0.0   0.0   0.0   4.1  21.0    2:15   WSW
 2   1.6   3.2   22:15  -1.6    0:45   0.0   0.0   2.6   6.9  30.0   18:45   WSW
 3   0.6   2.8    0:15  -1.5   23:00   0.0   0.0   0.0   4.6  19.0    1:00   WNW
 4  -1.2   0.8   14:15  -3.1    7:30   0.0   0.0   0.0   7.2  16.0   12:15   WSW
 5  -0.5   1.3   11:30  -2.3    8:15   0.0   0.0   0.4   3.1  12.0   21:30   WSW
 6   1.1   2.8   11:15  -0.4   16:00   0.0   0.0   0.8   9.5  32.0    6:30    NE
 7   1.9   3.7   14:15  -1.6    2:15   0.0   0.0   1.0   8.5  31.0    6:15   NNE
 8   1.4   3.3   11:45  -0.8   18:15   0.0   0.0   0.0   6.8  31.0    8:00    NE
 9   1.8   3.3   23:00  -0.1    6:00   0.0   0.0   0.0  12.1  36.0   12:15    NE
10   3.1   3.8   13:15   2.1   18:00   0.0   0.0   6.4  13.9  33.0    1:00    NE
11   2.9   3.4   11:30   2.4   18:15   0.0   0.0   2.6   5.4  24.0    2:15   ENE
12   2.4   3.1    6:00   1.4   00:00   0.0   0.0   1.8   6.3  27.0   21:00     E
13   1.7   2.2   14:45   1.0   22:45   0.0   0.0   0.6   5.4  22.0    5:00     E
14   ---   ---   19:30   ---   19:30   0.0   0.0   0.4   1.3  11.0   00:00   SSE
15   ---   ---    0:15   ---    0:15   0.0   0.0   1.4   5.0  23.0   00:00   ESE
16   ---   ---    0:15   ---    0:15   0.0   0.0   6.6   6.2  28.0   10:45   ESE
17   ---   ---    0:15   ---    0:15   0.0   0.0   0.8   4.5  24.0   12:45    SW
18   ---   ---    0:15   ---    0:15   0.0   0.0   0.2   4.4  19.0    9:15   SSW
19   ---   ---    0:15   ---    0:15   0.0   0.0   0.2   3.1  20.0   22:45     E
20   ---   ---    0:15   ---    0:15   0.0   0.0   0.0   7.9  23.0    9:15   ENE
21   ---   ---    0:15   ---    0:15   0.0   0.0   0.0   2.6  18.0   23:45   ESE
22   ---   ---    0:15   ---    0:15   0.0   0.0  13.0   4.9  23.0    5:00   ESE
23   ---   ---    0:15   ---    0:15   0.0   0.0   1.4   3.4  16.0    6:45     W
24   ---   ---    0:15   ---    0:15   0.0   0.0   2.8   1.2  15.0   23:00   WSW
25   ---   ---    0:15   ---    0:15   0.0   0.0   0.0   3.9  14.0    1:45   NNE
26   ---   ---    0:15   ---    0:15   0.0   0.0   0.0   2.1  14.0   00:00    NE
27   ---   ---    0:15   ---    0:15   0.0   0.0   0.4  10.9  29.0   11:30    SW
28   ---   ---    0:15   ---    0:15   0.0   0.0   2.2   8.8  25.0   13:00     W
29   ---   1.3   23:00   ---    0:15   0.0   0.0   3.2  11.7  36.0   11:00     W
30   ---   1.6   16:30   ---    0:45   0.0   0.0   1.6   8.2  36.0    0:15     W
31  -0.7   2.9   15:15   ---   10:30   0.0   0.0   0.6   5.9  18.0   23:00   WSW
------------------------------------------------------------------------------------
     ---   3.8    10    -3.1    14     ---   0.0  51.0   6.1  36.0     9     WSW

Max >=  32.0:  0
Max <=   0.0:  0
Min <=   0.0:  7
Min <= -18.0:  0
Max Rain: 13.00 ON 22/01/10
Days of Rain: 22 (> .2 mm) 8 (> 2 mm) 0 (> 20 mm)
Heat Base:  18.3  Cool Base:  18.3  Method: Integration

Data updates at regular intervals.