Back to Top

Language: 

NOAA Climate Reports...


Report for 2010
                            ANNUAL CLIMATOLOGICAL SUMMARY

NAME: Delerius  CITY:    STATE:   
ELEV:   100 m  LAT:  53 37' 05" N  LONG:   1 27' 13" W

               TEMPERATURE (C), HEAT BASE 18.3, COOL BASE 18.3
                          DEP.  HEAT  COOL                                          
        MEAN  MEAN        FROM  DEG   DEG                        MAX  MAX  MIN  MIN 
 YR MO  MAX   MIN   MEAN  NORM  DAYS  DAYS  HI  DATE  LOW  DATE  >=32 <=0  <=0  <=-18 
------------------------------------------------------------------------------------
 10  1 -31.4 -39.6 -35.8   0.0  1533     0   3.8  10 -67.8   14    0   15   27   18
 10  2 -37.4 -65.4 -55.9   0.0  1901     0   5.3  11 -67.8    2    0   16   28   27
 10  3 -51.8 -65.6 -62.4   0.0  2474     0   4.6  31 -67.8    1    0   24   31   30
 10  4 -57.9 -67.8 -66.7   0.0  2538     0   7.3  18 -67.8    1    0   26   30   30
 10  5 -26.7 -58.2 -36.5   0.0  1380     2  26.5  17 -67.8    1    0   16   27   27
 10  6   7.3 -62.6 -25.9   0.0  1328     2  21.8  28 -67.8    1    0    5   28   28
 10  7  21.5 -54.0  -6.0   0.0   775    22  26.4   9 -67.8    1    0    0   26   26
 10  8  19.2 -57.3  -6.1   0.0   764     8  24.8   9 -67.8    1    0    0   27   27
 10  9  17.7 -67.8 -22.6   0.0   137     0  18.7   1 -67.8    1    0    0    4    4
 10 10 -42.9 -65.6 -59.4   0.0  2081     0  10.4  21 -67.8    1    0   23   31   31
 10 11 -44.0 -49.8 -47.6   0.0  1856     0  17.9  30 -67.8    1    0   29   30   30
 10 12  -2.2 -30.4 -19.6   0.0  1156     1  72.4  24 -49.3   27    2   23   31   27
------------------------------------------------------------------------------------
       -21.7 -56.0 -37.9   0.0 17923    35  72.4 DEC -67.8  JAN    2  177  320  305

                                PRECIPITATION (mm)

               DEP.   MAX        DAYS OF RAIN 
               FROM   OBS.          OVER
 YR MO  TOTAL  NORM   DAY  DATE  .2   2   20
---------------------------------------------
 10  1  51.0    0.0  13.0   22   22    8    0
 10  2  45.4    0.0  11.8   26   22    8    0
 10  3  26.4    0.0   5.8   20   14    5    0
 10  4  20.4    0.0   5.8   29   11    5    0
 10  5   4.4    0.0   1.0   17    9    0    0
 10  6  27.0    0.0   9.4    6   11    4    0
 10  7  21.2    0.0   4.4   12   11    5    0
 10  8  60.1    0.0  20.8   23   18    9    1
 10  9   0.6    0.0   0.2    2    3    0    0
 10 10  39.4    0.0  13.4    1   16    5    0
 10 11  50.8    0.0   7.4   29   25   11    0
 10 12  44.2    0.0  10.6    1   21    7    0
---------------------------------------------
       390.9   0.0  20.8  AUG  183   67    1

                                WIND SPEED (mph)
                          DOM
 YR MO   AVG.  HI   DATE  DIR
---------------------------------
 10  1   6.1  36.0    9   WSW
 10  2   5.0  41.0   26    NE
 10  3   5.7  39.0   28     W
 10  4   5.1  40.0    1     W
 10  5   3.9  34.0   30    NE
 10  6   4.1  36.0   19   ESE
 10  7   5.7  40.0   16   SSW
 10  8   6.5  39.0   29     W
 10  9   2.3  14.0    1   ENE
 10 10   5.4  33.0   18   WNW
 10 11   6.7  48.0   12   WNW
 10 12   5.0  37.0    1   WSW
---------------------------------
         5.4  48.0  NOV    W

Data updates at regular intervals.