Back to Top

Language: 

NOAA Climate Reports...


Report for 2009 Dec
                   MONTHLY CLIMATOLOGICAL SUMMARY for DEC. 2009

NAME: Delerius   CITY:    STATE:  
ELEV:   100 m  LAT:  53 37' 05" N  LONG:   1 27' 13" W

                   TEMPERATURE (C), RAIN  (mm), WIND SPEED (mph)

                                      HEAT  COOL        AVG
    MEAN                              DEG   DEG         WIND                 DOM
DAY TEMP  HIGH   TIME   LOW    TIME   DAYS  DAYS  RAIN  SPEED HIGH   TIME    DIR
------------------------------------------------------------------------------------
 1   3.9   6.7   14:00   0.6    8:45  14.4   0.0   0.8   4.0  16.0   20:15     W
 2   6.8   8.1   21:00   4.7    2:15  10.2   0.0   2.2   4.8  28.0    2:45   SSE
 3   ---   ---     ---   ---     ---   0.0   0.0   7.2   7.3  28.0   14:30   WSW
 4   5.1   6.9   13:15   3.6   17:00  13.2   0.0   0.6   6.4  25.0    2:30   WSW
 5   5.8   6.3    2:15   5.3    0:15   1.3   0.0   8.2   7.1  23.0   14:30   SSE
 6   7.3   7.9   18:45   6.8   23:45   2.5   0.0   7.2  10.6  31.0   13:30     S
 7   6.6   7.4    8:45   6.1    4:30   4.3   0.0   1.6   7.6  24.0    0:15   SSE
 8   3.6   4.9    0:45   2.8    4:00   2.6   0.0   1.2   4.5  16.0   20:30    SW
 9   ---   ---     ---   ---     ---   0.0   0.0   0.4   3.3  15.0    0:15     S
10   ---   ---     ---   ---     ---   0.0   0.0   2.6   6.8  22.0    5:15     W
11   ---   ---     ---   ---     ---   0.0   0.0   0.2   1.5   9.0   12:30   WNW
12   ---   ---     ---   ---     ---   ---   ---   ---   ---   ---     ---   ---
13   ---   ---     ---   ---     ---   ---   ---   ---   ---   ---     ---   ---
14   ---   ---     ---   ---     ---   ---   ---   ---   ---   ---     ---   ---
15   0.9   1.3   19:30   0.3   20:45   4.5   0.0   0.0   1.1   8.0   21:00    SW
16   ---   ---     ---   ---     ---   0.0   0.0   2.2   6.0  23.0   20:30     W
17   3.1   4.9    8:15   1.5   17:45  10.2   0.0   0.2  12.7  40.0   14:30   NNE
18   1.9   4.4   11:15  -0.7   22:30  16.4   0.0   0.2   8.8  29.0    2:30   NNE
19  -0.8   1.8    0:30  -3.7    9:30  19.1   0.0   0.0   5.5  21.0    0:45     W
20  -1.9   0.9   16:15  -7.3    8:30  20.2   0.0   0.0   6.8  20.0   22:30     W
21   0.3   1.7   21:15  -0.9    7:30  18.0   0.0   0.8   6.8  23.0    1:15     S
22  -2.5   1.2    0:15  -5.6    9:00   5.4   0.0   0.0   6.2  21.0   21:00   SSW
23   0.4   1.7   11:00  -1.4   18:00  11.7   0.0   3.0   5.9  21.0    4:15   SSW
24   ---   ---     ---   ---     ---   0.0   0.0   3.0   2.7  13.0    8:00   SSE
25   ---   ---     ---   ---     ---   0.0   0.0   1.8   6.6  19.0   11:00   WSW
26   ---   ---     ---   ---     ---   0.0   0.0   0.2   6.5  23.0   12:30   SSW
27   ---   ---     ---   ---     ---   0.0   0.0   0.8   9.6  24.0    7:15     S
28   ---   ---     ---   ---     ---   0.0   0.0   0.2   1.5  11.0    0:15     W
29   5.1   5.4   22:45   4.8   23:30   0.8   0.0   0.4   9.7  33.0   23:30   ENE
30   5.0   5.5   10:30   4.2    1:45  13.3   0.0   0.8  15.5  36.0   17:15   ENE
31   3.9   4.8   11:45   2.7   00:00  14.3   0.0   0.0   9.3  30.0    3:45    NE
-------------------------------------------------------------------------------------
     3.0   8.1     2   -39.6    22   182.6   0.0  45.8   6.6  40.0    17     SSW

Max >=  32.0:  0
Max <=   0.0:  0
Min <=   0.0:  6
Min <= -18.0:  1
Max Rain: 8.20 ON 05/12/09
Days of Rain: 23 (> .2 mm) 8 (> 2 mm) 0 (> 20 mm)
Heat Base:  18.3  Cool Base:  18.3  Method: Integration

Data updates at regular intervals.