Back to Top

Language: 

NOAA Climate Reports...


Report for 2009 Nov
                   MONTHLY CLIMATOLOGICAL SUMMARY for NOV. 2009

NAME: Delerius   CITY:    STATE:  
ELEV:   100 m  LAT:  53 37' 05" N  LONG:   1 27' 13" W

                   TEMPERATURE (C), RAIN  (mm), WIND SPEED (mph)

                                      HEAT  COOL        AVG
    MEAN                              DEG   DEG         WIND                 DOM
DAY TEMP  HIGH   TIME   LOW    TIME   DAYS  DAYS  RAIN  SPEED HIGH   TIME    DIR
------------------------------------------------------------------------------------
 1  10.5  12.7   16:45   8.7   23:30   4.1   0.0  12.4  10.2  41.0   13:45   SSW
 2   8.7  11.6   13:00   6.9    7:15   9.6   0.0   0.0   9.3  31.0   11:45   SSW
 3   9.0  12.4   11:30   6.9   23:15   9.3   0.0   3.4   7.5  26.0   11:15    SW
 4   7.9  10.6   13:15   6.1    3:30  10.3   0.0   0.0   6.2  20.0    7:30     S
 5   7.0  10.7   14:15   3.7    6:00  11.3   0.0   0.2   3.2  15.0   12:15   WSW
 6   6.9   9.6   15:45   3.3    4:00   8.3   0.0   3.8   4.3  21.0   18:30     S
 7   7.2   9.4   14:00   4.8    7:45  11.1   0.0   0.2   5.0  16.0   11:00    SW
 8   8.7  13.3   10:30   5.6   00:00   9.6   0.0   0.0   2.6  16.0   12:15    NE
 9   5.9  10.2   13:15   2.2   22:45  12.4   0.0   0.2   4.0  14.0   10:15     W
10   2.7   3.6    0:15   1.8    3:15   3.7   0.0   0.2   2.4  10.0   10:00   WSW
11   5.2   6.0   17:00   4.7   17:30   0.7   0.0   1.2   1.4  11.0   12:15     W
12   ---   ---     ---   ---     ---   0.0   0.0   0.0   1.8  21.0   19:00   ESE
13   ---   ---     ---   ---     ---   0.0   0.0   3.2   6.3  25.0   23:15     S
14   8.8  10.1   19:30   8.0   23:30   1.9   0.0   2.8  11.1  33.0   19:00   SSE
15   8.8  11.9   13:45   7.0    4:15   9.5   0.0   0.0   6.2  20.0    1:45   SSE
16   9.3  11.4   15:00   6.7    1:45   5.3   0.0   4.0  10.5  32.0   22:45     S
17   9.7  11.3   13:30   8.0    8:00   8.7   0.0   0.0  12.7  34.0   20:30     S
18  10.6  12.4   18:00   8.2   11:15   7.7   0.0   3.8  14.2  46.0    7:30     S
19  12.8  14.2   12:30  11.8   20:00   5.5   0.0   0.0  19.5  43.0   11:45     S
20  11.6  13.9   12:45   6.9   22:45   6.7   0.0   0.0  10.7  35.0    2:00   SSW
21   7.2   7.6    1:30   6.6    2:45   3.0   0.0   1.0   6.1  25.0   22:00   ESE
22   9.2   9.8   12:45   8.2   18:45   6.9   0.0   0.2  14.1  37.0   22:15     S
23   8.8   9.8   13:15   7.7    7:45   9.5   0.0   0.0  12.8  38.0    3:30    SW
24  10.4  13.1   23:45   7.6    3:30   6.5   0.0   0.4  13.5  34.0   17:30     S
25   9.0  13.1    0:15   7.2   23:30   9.3   0.0   5.0  14.4  39.0   11:30     S
26   7.1   8.8   13:45   5.3   00:00  11.2   0.0   0.0  12.6  31.0    2:45     S
27   5.4   7.9   13:15   4.1    5:45  12.9   0.0   0.0   7.3  21.0   12:30   SSW
28   4.3   6.4   23:00   2.8   19:45  14.0   0.0   6.0   4.6  14.0    0:15   WSW
29   6.8   8.6   11:30   5.0   12:00  11.5   0.0  17.4   6.6  31.0    5:15   ENE
30   6.7   8.1   13:15   2.7   23:15  11.6   0.0   0.8  10.3  34.0    5:00    NW
-------------------------------------------------------------------------------------
     8.1  14.2    19     1.8    10   232.3   0.0  66.2   8.4  46.0    18       S

Max >=  32.0:  0
Max <=   0.0:  0
Min <=   0.0:  0
Min <= -18.0:  0
Max Rain: 17.40 ON 29/11/09
Days of Rain: 19 (> .2 mm) 10 (> 2 mm) 0 (> 20 mm)
Heat Base:  18.3  Cool Base:  18.3  Method: Integration

Data updates at regular intervals.