Back to Top

Language: 

NOAA Climate Reports...


Report for 2009 Oct
                   MONTHLY CLIMATOLOGICAL SUMMARY for OCT. 2009

NAME: Delerius   CITY:    STATE:  
ELEV:   100 m  LAT:  53 37' 05" N  LONG:   1 27' 13" W

                   TEMPERATURE (C), RAIN  (mm), WIND SPEED (mph)

                                      HEAT  COOL        AVG
    MEAN                              DEG   DEG         WIND                 DOM
DAY TEMP  HIGH   TIME   LOW    TIME   DAYS  DAYS  RAIN  SPEED HIGH   TIME    DIR
------------------------------------------------------------------------------------
 1  11.5  13.9    0:15   8.3   21:00   6.8   0.0   0.0   5.4  19.0   14:00   WNW
 2  12.1  14.2   00:00   9.1    0:15   6.2   0.0   0.0   7.5  22.0   16:45     W
 3  13.9  16.9   13:00  11.1   23:45   4.3   0.0   0.2  15.3  43.0   16:15   WSW
 4  11.5  15.0   15:00   8.6    6:45   6.8   0.0   0.0   9.4  29.0    3:00   WSW
 5  10.9  14.3   14:00   7.6    4:30   7.3   0.0   0.0   2.3  14.0   15:00   ENE
 6  14.1  19.8   16:30  10.2    1:30   4.3   0.1  12.2   6.9  27.0   13:15     S
 7   9.8  12.4   13:30   6.6    8:00   8.5   0.0   1.6   3.0  15.0    0:30   WNW
 8   9.4  13.8   15:30   5.4    6:00   8.8   0.0   0.0   4.1  22.0   12:00     W
 9  11.2  14.1   15:00   8.2    3:45   7.1   0.0   3.4   6.2  25.0   15:45   ESE
10  12.0  15.1   16:45   9.9    7:15   6.3   0.0   4.6   4.6  19.0    8:45     W
11  12.2  15.8   14:15   9.8   22:30   6.1   0.0   1.0   7.7  30.0   11:45   WSW
12  10.8  13.2   13:15   8.8    6:45   7.5   0.0   1.6   6.1  28.0    1:30    NW
13  10.7  13.4   14:30   7.9    7:30   7.7   0.0   1.0   1.5   9.0   11:00     W
14  11.9  14.3   14:30  10.4    7:30   6.4   0.0   0.8   2.5  11.0   21:30     S
15  11.8  13.9   14:30   9.8    7:30   6.5   0.0   0.0   1.1  10.0   00:00   SSW
16  11.6  12.7    0:15  10.5   22:30   6.7   0.0   0.2  10.0  30.0   22:00    NW
17  10.5  11.6   11:45   8.9   00:00   7.8   0.0   0.0   5.0  23.0    1:45   NNW
18   9.9  12.4   15:45   7.9    5:30   8.3   0.0   0.2   3.4  19.0   13:15   SSW
19  10.7  13.9   14:45   8.9    7:30   7.6   0.0   0.2   6.2  18.0    7:45     S
20  11.3  11.9   20:30   9.6    0:15   3.6   0.0   0.0   5.3  26.0   13:30   ESE
21  11.2  11.9   17:15  10.7   23:45   2.1   0.0   7.2   0.3   6.0   17:45     E
22  12.1  13.2   14:45  10.4    1:15   3.8   0.0   1.0   3.6  13.0   10:45     E
23  11.1  12.6   16:00  10.2   10:30   7.2   0.0   0.0   2.4  13.0   10:00   ESE
24  12.2  15.3   17:45  10.5    3:45   4.2   0.0   1.0   6.6  30.0   19:00   ESE
25  12.6  15.6   13:15  10.9    2:15   5.7   0.0   0.0  10.3  27.0    3:45   SSW
26  11.9  13.1   12:45  10.4   00:00   6.4   0.0   0.0   6.7  28.0    2:45     W
27  12.0  14.7   16:45  10.5    0:15   5.3   0.0   0.2   3.5  19.0   23:15   ESE
28  13.2  17.2   13:00  10.7    7:30   5.1   0.0   0.0   2.4  13.0    2:00   SSE
29  11.8  15.5   12:15   9.2    2:00   6.5   0.0   0.2   1.5  10.0   15:15     E
30  11.5  12.7   15:45  10.1    4:45   4.7   0.0   1.8   5.7  23.0   19:15   ESE
31  11.8  12.9   18:15  11.3    5:30   3.7   0.0   2.4   3.6  15.0    2:15     S
-------------------------------------------------------------------------------------
    11.6  19.8     6     5.4     8   189.4   0.1  40.7   5.2  43.0     3     ESE

Max >=  32.0:  0
Max <=   0.0:  0
Min <=   0.0:  0
Min <= -18.0:  0
Max Rain: 12.19 ON 06/10/09
Days of Rain: 19 (> .2 mm) 5 (> 2 mm) 0 (> 20 mm)
Heat Base:  18.3  Cool Base:  18.3  Method: Integration

Data updates at regular intervals.