Back to Top

Language: 

NOAA Climate Reports...


Report for 2009 Sep
                   MONTHLY CLIMATOLOGICAL SUMMARY for SEP. 2009

NAME: Delerius   CITY:    STATE:  
ELEV:   100 m  LAT:  53 37' 05" N  LONG:   1 27' 13" W

                   TEMPERATURE (C), RAIN  (mm), WIND SPEED (mph)

                                      HEAT  COOL        AVG
    MEAN                              DEG   DEG         WIND                 DOM
DAY TEMP  HIGH   TIME   LOW    TIME   DAYS  DAYS  RAIN  SPEED HIGH   TIME    DIR
------------------------------------------------------------------------------------
 1  16.3  20.8   14:45  11.9   20:15   2.3   0.2   5.2   8.9  32.0   16:00     W
 2  14.3  18.1   14:00  11.8    4:30   4.0   0.0   4.4   7.6  28.0   23:00   WSW
 3  14.1  16.1   15:15  12.1   00:00   4.2   0.0   5.0  16.2  45.0   13:00    NW
 4  12.8  15.0   18:00  10.8    6:15   5.5   0.0   1.8  14.2  40.0   11:15    NW
 5  13.4  16.7   13:15  10.8    6:15   4.9   0.0   0.0   9.9  29.0   13:15     W
 6  14.2  18.1   15:45  11.1    4:00   4.1   0.0   0.4   6.0  19.0   12:45    SW
 7  16.8  21.4   15:30  14.1    2:15   1.9   0.4   0.0   7.1  25.0    6:00   SSW
 8  19.2  24.8   16:15  14.2   00:00   1.1   2.0   0.0  10.3  31.0   14:45   SSW
 9  14.4  18.6   13:30  10.8   23:30   3.9   0.0   0.0   4.8  18.0    1:15   WNW
10  13.4  17.4   14:15   9.7    3:30   4.9   0.0   0.0   2.7  13.0   10:30    NE
11  12.9  17.1   12:45   8.8    8:00   5.4   0.0   0.2   2.3  13.0   16:00   NNW
12  14.6  21.9   15:15  10.8    7:00   4.0   0.3   0.0   3.1  15.0   11:45   ENE
13  13.3  15.7   13:00   9.4    0:45   4.9   0.0   0.0   6.7  26.0   11:45     N
14  14.3  16.2   12:15  12.4    6:30   4.0   0.0   0.0   6.4  23.0   14:00   NNE
15  14.7  17.2   13:00  13.2    4:15   3.6   0.0   0.2   6.4  23.0   15:15   NNE
16  14.0  15.9   14:45  12.8    5:15   4.3   0.0   0.0   6.6  22.0   13:00   NNE
17  13.7  15.1   14:15  12.7    2:30   4.6   0.0   0.0   4.0  14.0   13:30   NNE
18  14.3  16.6   16:30  12.3   00:00   4.0   0.0   0.0   3.7  15.0   15:45     E
19  14.5  19.4   17:15  11.2    7:15   3.8   0.0   0.2   1.4  12.0   23:15     E
20  13.4  16.8   13:45  10.1    8:00   4.9   0.0   0.0   3.7  13.0   11:45    NW
21  13.7  17.3   13:45   9.3    1:45   4.6   0.0   0.0   5.8  21.0   18:00   SSW
22  16.1  21.4   13:30  12.8    5:00   2.6   0.4   0.0   9.4  29.0   13:45   SSW
23  13.3  16.1   17:30  11.0    5:15   4.9   0.0   0.2   6.5  25.0   18:00   WSW
24  13.2  17.4   12:45   8.8    4:45   5.1   0.0   0.0   6.1  23.0   12:15   WSW
25  13.4  16.6   13:30   9.8    7:00   4.9   0.0   0.0   5.7  24.0   15:00   WSW
26  13.2  18.2   13:45   8.7    6:45   5.1   0.0   0.0   3.1  18.0   10:45   WSW
27  13.7  19.2   16:15   8.2    7:15   4.7   0.1   0.0   6.2  24.0   17:45   WSW
28  15.4  20.4   14:00  11.9    4:00   3.1   0.2   0.0  10.4  28.0   13:00   WSW
29  15.9  19.3   13:30  14.5    4:00   2.4   0.0   0.0   9.9  28.0    1:00   WSW
30  16.3  19.8   14:30  13.9   00:00   2.1   0.1   0.0   9.0  24.0   15:45   WSW
-------------------------------------------------------------------------------------
    14.4  24.8     8     8.2    27   119.8   3.9  17.6   6.8  45.0     3     WSW

Max >=  32.0:  0
Max <=   0.0:  0
Min <=   0.0:  0
Min <= -18.0:  0
Max Rain: 5.21 ON 01/09/09
Days of Rain: 9 (> .2 mm) 3 (> 2 mm) 0 (> 20 mm)
Heat Base:  18.3  Cool Base:  18.3  Method: Integration

Data updates at regular intervals.