Back to Top

Language: 

NOAA Climate Reports...


Report for 2009 Aug
                   MONTHLY CLIMATOLOGICAL SUMMARY for AUG. 2009

NAME: Delerius   CITY:    STATE:  
ELEV:   100 m  LAT:  53 37' 05" N  LONG:   1 27' 13" W

                   TEMPERATURE (C), RAIN  (mm), WIND SPEED (mph)

                                      HEAT  COOL        AVG
    MEAN                              DEG   DEG         WIND                 DOM
DAY TEMP  HIGH   TIME   LOW    TIME   DAYS  DAYS  RAIN  SPEED HIGH   TIME    DIR
------------------------------------------------------------------------------------
 1  16.6  21.4   11:45  13.6    5:45   2.2   0.5   6.4   4.5  19.0   11:45   SSW
 2  15.7  20.3   15:15  10.9    4:45   2.8   0.2   0.0   6.2  22.0    9:15     W
 3  16.7  21.4   13:00  12.6    2:45   1.9   0.5   0.0   3.3  24.0   16:45   SSW
 4  18.3  21.6   15:30  15.5    5:45   0.8   0.8   1.0   5.9  24.0   11:00     S
 5  18.2  19.7   15:00  16.7   23:45   0.2   0.1   4.0   2.1  11.0    0:15     S
 6  16.8  20.2   15:15  14.6   20:30   0.9   0.2  13.8   1.8  13.0   13:30    NE
 7  15.9  19.2   14:15  13.4   00:00   2.4   0.0   2.8   2.8  11.0    3:45   NNW
 8  14.7  19.5   11:00  10.4    4:45   2.5   0.0   0.0   2.9  14.0   12:30    SE
 9  15.6  19.4   10:00  11.4    6:00   2.0   0.1   0.0   2.6  16.0   18:30    SE
10  17.3  18.9   15:00  15.0    4:45   1.1   0.0   0.6   6.3  24.0   15:00   SSW
11  16.1  19.8   12:00  14.1    6:30   1.5   0.1   0.0   6.5  25.0   19:45     W
12  17.2  20.2   12:30  14.2   00:00   1.1   0.2   0.0   8.1  27.0   19:15     W
13  15.3  18.8   14:00  11.6    6:30   3.1   0.0   0.0   3.8  16.0   12:00    NW
14  17.1  20.8   14:30  13.5    3:00   1.4   0.4   0.0   5.5  21.0   15:00    SW
15  17.9  21.2   10:45  16.7   23:45   0.4   0.2   0.0  11.3  32.0   14:00    SW
16  17.8  21.8   14:30  14.1    5:15   1.3   0.8   0.0   8.9  31.0   16:00     W
17  17.1  21.6   15:30  12.7   00:00   1.9   0.6   0.4   7.9  29.0   15:00     W
18  17.5  22.8   14:45  11.8    2:30   2.1   1.2   0.0   4.2  19.0   12:00    SW
19  17.7  23.5   12:45  15.0    2:30   1.0   0.6   0.0   6.6  24.0   13:15    SW
20  19.0  23.8   11:15  14.8   23:00   0.7   1.4   0.0   9.3  32.0   11:30    SW
21  15.3  19.6   13:30  11.2   23:45   3.1   0.0   0.0   7.3  27.0   14:30   WSW
22  16.1  21.6   17:15  10.9    3:00   2.9   0.7   0.0   4.6  24.0   13:00     W
23  19.7  25.3   15:45  14.8    5:15   1.0   2.4   0.0   6.3  26.0   12:45    SW
24  17.7  21.8   17:15  13.1   23:15   1.2   0.6   0.0   3.5  27.0   18:30   SSE
25  15.6  20.3   15:45  11.9    4:15   2.9   0.2   0.0   5.2  21.0   16:15    SW
26  16.4  20.9   15:30  12.4    2:45   2.2   0.3   0.4   9.8  33.0   15:45    SW
27  18.5  22.2   17:00  15.4    5:30   0.8   1.0   0.0   8.3  27.0   00:00    SW
28  14.2  17.4   17:00  11.7   12:15   4.1   0.0   1.0  11.7  34.0   15:15   WNW
29  14.3  18.3   14:15  11.6    2:15   4.0   0.0   0.0  12.5  34.0    9:45   WNW
30  15.6  20.2   15:00  11.9    0:15   2.9   0.2   1.0   8.4  26.0   16:30    SW
31  20.1  23.6   14:30  16.7    0:15   0.3   2.0   0.0  11.6  27.0   12:30    SW
-------------------------------------------------------------------------------------
    16.8  25.3    23    10.4     8    56.9  15.5  31.4   6.4  34.0    28      SW

Max >=  32.0:  0
Max <=   0.0:  0
Min <=   0.0:  0
Min <= -18.0:  0
Max Rain: 13.79 ON 06/08/09
Days of Rain: 10 (> .2 mm) 4 (> 2 mm) 0 (> 20 mm)
Heat Base:  18.3  Cool Base:  18.3  Method: Integration

Data updates at regular intervals.