Back to Top

Language: 

NOAA Climate Reports...


Report for 2009 Jul
                   MONTHLY CLIMATOLOGICAL SUMMARY for JUL. 2009

NAME: Delerius   CITY:    STATE:  
ELEV:   100 m  LAT:  53 37' 05" N  LONG:   1 27' 13" W

                   TEMPERATURE (C), RAIN  (mm), WIND SPEED (mph)

                                      HEAT  COOL        AVG
    MEAN                              DEG   DEG         WIND                 DOM
DAY TEMP  HIGH   TIME   LOW    TIME   DAYS  DAYS  RAIN  SPEED HIGH   TIME    DIR
------------------------------------------------------------------------------------
 1  16.4  17.3   18:15  15.4   20:15   0.2   0.0   0.0   4.1  14.0   11:45    SE
 2  15.8  16.7   20:30  15.3   22:00   0.2   0.0   0.0   5.3  19.0   16:45   ESE
 3   8.8  15.5   22:15     D    6:15   0.9   0.0   0.2   5.0  22.0   18:15     E
 4   2.6  15.0    0:15     D    4:30   2.3   0.0   0.0   3.1  18.0   17:45    SW
 5     D     D    3:15     D    3:15   1.8   0.0   0.0   3.2  22.0   21:15   SSW
 6  14.7  16.3   18:00  12.3   00:00   2.3   0.0   4.4   5.6  20.0   18:45    SW
 7  13.8  16.3   10:00  11.7    5:30   3.1   0.0   0.6   5.1  20.0   17:15     W
 8  13.9  16.3   14:45  12.1    6:30   4.4   0.0   0.0   6.2  21.0   14:00    NW
 9  13.4  16.6   12:00  10.7    5:30   4.9   0.0   1.4   3.1  16.0   12:00   WNW
10  13.2  17.1   13:45   9.4   00:00   5.1   0.0   0.0   4.4  16.0    8:15   WNW
11  13.7  17.2    9:45   7.3    3:45   4.5   0.0   0.0   4.9  18.0   18:00    SE
12  14.7  16.4    0:45  14.0    4:45   0.7   0.0   6.2   7.9  22.0    2:00   SSW
13
14
15
16
17
18
19
20
21
22
23
24
25
26
27
28
29
30
31
-------------------------------------------------------------------------------------
     8.4  17.3     1   -39.6     3    30.3   0.0  12.8   4.8  22.0     3      SE

Max >=  32.0:  0
Max <=   0.0:  1
Min <=   0.0:  3
Min <= -18.0:  3
Max Rain: 6.20 ON 12/07/09
Days of Rain: 5 (> .2 mm) 2 (> 2 mm) 0 (> 20 mm)
Heat Base:  18.3  Cool Base:  18.3  Method: Integration

Data updates at regular intervals.