Back to Top

Language: 

NOAA Climate Reports...


Report for 2009 Jun
                   MONTHLY CLIMATOLOGICAL SUMMARY for JUN. 2009

NAME: Delerius   CITY:    STATE:  
ELEV:   100 m  LAT:  53 37' 05" N  LONG:   1 27' 13" W

                   TEMPERATURE (C), RAIN  (mm), WIND SPEED (mph)

                                      HEAT  COOL        AVG
    MEAN                              DEG   DEG         WIND                 DOM
DAY TEMP  HIGH   TIME   LOW    TIME   DAYS  DAYS  RAIN  SPEED HIGH   TIME    DIR
------------------------------------------------------------------------------------
 1  13.9  17.4   15:45  10.2    3:45   4.4   0.0   0.0   3.8  15.0    9:30    NE
 2  14.0  19.7   12:30   7.8    4:15   4.4   0.1   0.0   3.0  12.0   11:15   NNE
 3  12.2  14.8   14:45   8.2   23:30   6.1   0.0   0.0   5.2  21.0   15:45     N
 4   9.1  12.1    9:45   4.8    3:30   9.3   0.0   0.0   4.8  16.0    9:15    NW
 5   9.9  13.0   11:30   6.6    1:15   8.4   0.0   0.0   4.7  20.0   17:00     E
 6  11.2  12.7   14:30  10.0    4:00   7.1   0.0   0.0   8.2  21.0   11:45     E
 7  11.6  14.0   14:00   9.8   00:00   6.8   0.0   1.2   7.6  26.0   11:00   ENE
 8  11.7  14.4   13:15   8.0    3:45   6.6   0.0   0.0   4.7  16.0   15:15    NE
 9  11.9  15.0   11:30   9.8    1:15   6.3   0.0   0.8   5.3  26.0   12:45     N
10  11.6  14.9   14:00   7.6    3:15   6.7   0.0   0.0   3.8  15.0   17:15     E
11  12.2  17.2   15:15   8.6   00:00   6.1   0.0   1.2   4.1  25.0   15:15    NW
12  11.4  15.2   12:45   5.8    3:15   6.8   0.0   0.0   4.7  14.0   22:45     E
13  15.9  20.7   15:00  12.3    0:15   2.6   0.3   0.0   3.3  13.0    0:15    SE
14  15.4  20.3   14:00  11.8    5:30   3.0   0.1   0.0   4.5  15.0    9:15   ESE
15  13.5  16.1   11:45  11.3   23:30   4.8   0.0   0.0   3.2  16.0   13:30     E
16  14.1  16.7   11:30  10.7    1:00   4.2   0.0   0.0   3.3  14.0   18:00     E
17  14.5  17.4   13:00  11.3   23:45   3.8   0.0   1.0   9.5  32.0   15:45   SSW
18  13.3  17.1   14:30   8.8    4:45   5.0   0.0   1.0   6.4  30.0   22:15    SW
19  13.2  17.3   16:45   8.9    4:45   5.1   0.0   0.0  10.9  32.0    8:15     W
20  12.6  15.9   12:00   9.4    1:45   5.8   0.0   3.2   4.7  19.0    9:45     W
21  13.3  16.0   14:15  10.9    4:15   5.0   0.0   0.4   2.4  15.0   15:45   ENE
22  15.2  18.6   13:00  12.5    0:15   3.1   0.0   0.0   2.3  15.0   16:45    SE
23  15.6  20.6   11:45  11.6   00:00   2.9   0.2   0.0   3.5  19.0   14:30    SE
24  13.9  16.4   14:30  10.9    5:00   4.4   0.0   0.2   5.1  21.0   13:15     E
25  14.9  18.0   14:30  12.1    4:00   3.4   0.0   0.0   6.4  20.0   13:15     E
26  14.9  17.1    8:30  13.4    1:15   3.4   0.0   0.0   4.0  14.0    7:30     E
27  14.6  18.1   13:00  12.7    2:00   3.7   0.0   0.0   1.8  10.0   12:45   NNE
28  15.7  20.2   14:00  13.4    2:15   2.4   0.1   0.0   1.7  13.0   15:30    NE
29  14.5  17.1   14:45  12.2   00:00   2.6   0.0   0.2   2.2  11.0   15:30     E
30  13.2  18.2   18:30   8.7    7:00   2.8   0.0   0.0   3.7  13.0   12:15    SE
-------------------------------------------------------------------------------------
    13.3  20.7    13     4.8    30   147.1   0.8   9.2   4.6  32.0    17       E

Max >=  32.0:  0
Max <=   0.0:  0
Min <=   0.0:  1
Min <= -18.0:  1
Max Rain: 3.20 ON 20/06/09
Days of Rain: 9 (> .2 mm) 1 (> 2 mm) 0 (> 20 mm)
Heat Base:  18.3  Cool Base:  18.3  Method: Integration

Data updates at regular intervals.