Back to Top

Language: 

NOAA Climate Reports...


Report for 2009 May
                   MONTHLY CLIMATOLOGICAL SUMMARY for MAY. 2009

NAME: Delerius   CITY:    STATE:  
ELEV:   100 m  LAT:  53 37' 05" N  LONG:   1 27' 13" W

                   TEMPERATURE (C), RAIN  (mm), WIND SPEED (mph)

                                      HEAT  COOL        AVG
    MEAN                              DEG   DEG         WIND                 DOM
DAY TEMP  HIGH   TIME   LOW    TIME   DAYS  DAYS  RAIN  SPEED HIGH   TIME    DIR
------------------------------------------------------------------------------------
 1  13.2  18.8   16:15   8.8   23:45   5.1   0.0   0.0   3.8  24.0   16:45     S
 2  11.3  15.5   13:45   6.7    3:45   7.0   0.0   0.0   2.6  15.0   13:15   WSW
 3   9.7  14.3   14:45   5.9   22:00   8.6   0.0   1.2   4.4  25.0   14:30   WNW
 4   8.7  13.0   14:00   3.8    1:30   9.6   0.0   0.6   7.5  26.0   13:30    SW
 5  12.1  14.6   18:15  10.0    4:30   6.2   0.0   2.2   9.2  30.0   23:45   WSW
 6  13.3  16.6   17:30  10.2   11:00   5.0   0.0   0.8   9.1  31.0    2:45    SW
 7  12.7  16.7   16:45   9.3    5:30   5.6   0.0   0.0  10.3  27.0    2:15   SSW
 8  10.7  14.3   13:30   7.1   23:15   7.6   0.0   0.4  11.3  39.0   13:45    SW
 9  10.4  15.7   15:45   6.1   23:00   7.9   0.0   0.0   7.6  26.0   14:00   SSW
10   9.8  14.7   10:30   6.3    0:15   8.5   0.0   0.0   1.9  13.0   14:45    NE
11   9.1  11.3   13:00   7.4    5:00   9.2   0.0   0.0   6.2  22.0   10:45    NE
12   9.7  11.7   14:00   7.9    0:45   8.7   0.0   0.0   7.6  23.0   14:15    NE
13  10.5  12.6   11:00   9.0    1:30   7.8   0.0   0.4   7.8  24.0    9:00    NE
14  10.4  11.8   12:45   9.8   21:30   7.9   0.0   3.6   5.9  20.0   15:00    NE
15  11.4  15.8   16:15   9.8    8:30   6.9   0.0  14.0   4.2  16.0    2:00    NE
16  11.3  15.6   14:45   7.7   23:00   7.0   0.0   0.4   6.3  27.0   13:45     S
17  10.4  13.6   17:00   6.7    5:00   7.9   0.0   0.6   4.6  25.0   19:30     S
18  12.2  16.7   15:45   9.3    4:30   6.1   0.0   0.2  10.2  32.0   15:30     S
19  12.3  16.6   15:45   9.0    5:15   6.0   0.0   0.4   8.1  25.0   17:00     S
20  12.2  17.5   16:30   8.2    4:15   6.1   0.0   1.8   6.1  21.0    9:15   SSW
21  11.6  15.9   15:30   7.6   23:45   6.7   0.0   2.4   3.3  19.0   12:00    SW
22  11.2  15.0   12:30   7.4    0:45   7.1   0.0   0.2   3.6  18.0   12:30    SW
23  14.1  19.2   16:45   9.7    3:15   4.2   0.0   2.8   1.7  13.0   23:00     S
24  11.8  16.1   14:30   6.8    4:45   6.5   0.0   0.0   3.6  14.0   17:15    SE
25  12.3  16.3   12:15  10.0    4:15   6.0   0.0   0.0   3.3  19.0   15:15    SE
26  11.9  15.4   15:15   7.1   00:00   6.4   0.0   5.6   9.4  32.0   12:45     W
27  11.8  16.8   16:15   7.3    0:15   6.5   0.0   0.4   9.8  31.0   12:30    SW
28  16.1  20.8   15:30  12.3    3:45   2.6   0.4   0.0   6.6  20.0    7:30     W
29  14.0  18.1   12:15   9.5   00:00   4.3   0.0   0.0   4.2  19.0   17:15   ESE
30  12.4  15.3   12:00   8.8    2:00   5.9   0.0   0.0   5.8  21.0   12:30     E
31  13.6  16.9   13:30   9.4    0:15   4.7   0.0   0.0   4.6  19.0   11:00    NE
-------------------------------------------------------------------------------------
    11.7  20.8    28     3.8     4   205.7   0.4  38.0   6.1  39.0     8      NE

Max >=  32.0:  0
Max <=   0.0:  0
Min <=   0.0:  0
Min <= -18.0:  0
Max Rain: 14.00 ON 15/05/09
Days of Rain: 18 (> .2 mm) 6 (> 2 mm) 0 (> 20 mm)
Heat Base:  18.3  Cool Base:  18.3  Method: Integration

Data updates at regular intervals.