Back to Top

Language: 

NOAA Climate Reports...


Report for 2009 Apr
                   MONTHLY CLIMATOLOGICAL SUMMARY for APR. 2009

NAME: Delerius   CITY:    STATE:  
ELEV:   100 m  LAT:  53 37' 05" N  LONG:   1 27' 13" W

                   TEMPERATURE (C), RAIN  (mm), WIND SPEED (mph)

                                      HEAT  COOL        AVG
    MEAN                              DEG   DEG         WIND                 DOM
DAY TEMP  HIGH   TIME   LOW    TIME   DAYS  DAYS  RAIN  SPEED HIGH   TIME    DIR
------------------------------------------------------------------------------------
 1  11.6  18.4   16:15   6.2    7:30   6.7   0.0   0.0   0.0   1.0   17:15   SSW
 2   7.4   8.8   15:00   5.4    6:30  10.9   0.0   0.2   0.0   8.0   12:00     W
 3   7.4  10.1   17:15   5.7    6:45  10.8   0.0   0.0   0.0   0.0     ---   ---
 4   9.6  15.8   16:00   4.7    3:45   8.8   0.0   0.0   0.0   1.0   17:45   WSW
 5   8.0  16.8   14:45   2.0    7:15  10.3   0.0   1.2   1.0  11.0   23:15    SE
 6   8.7  11.8   14:45   5.9    5:30   9.6   0.0   0.0   2.4  16.0   18:00     E
 7  10.6  14.3   15:15   7.6    7:30   7.8   0.0   0.0   7.8  25.0   23:15   SSW
 8   9.9  13.9   14:30   6.6   22:00   8.3   0.0   0.8  10.7  32.0    5:30    SW
 9  10.2  15.3   14:45   4.8    3:00   8.1   0.0   0.4   4.3  20.0   16:15   SSE
10  11.5  17.4   12:45   9.2    5:45   6.8   0.0   4.6   2.3  21.0   14:15   SSE
11   8.7   9.6    0:15   7.2   00:00   9.7   0.0   0.4   0.4  10.0   20:00   NNE
12   8.3  11.1   14:00   7.0    0:45  10.0   0.0   0.2   0.4   9.0   13:00     N
13   8.2  10.1   15:30   7.1   23:15  10.1   0.0   0.0   1.2   9.0   10:15    NE
14   7.3   8.2   17:00   6.2   23:30  11.0   0.0   0.2   2.1  12.0   22:30    NE
15   8.3  11.4   14:15   6.2    1:15   9.9   0.0   0.0   5.1  18.0   10:30    NE
16   8.4  10.1   14:00   7.4   23:45   9.9   0.0   0.2   3.5  15.0    1:45    NE
17   8.6  10.9   13:45   6.7   00:00   9.7   0.0   0.0   3.7  18.0   13:00   NNE
18   7.4   9.5   12:30   5.9    5:15  10.9   0.0   0.2   3.1  15.0   10:00   NNE
19   6.9   9.5   16:00   3.6   23:30  11.4   0.0   0.0   1.3  12.0   11:00    NE
20   6.7  12.6   13:15   0.4    4:45  11.6   0.0   0.0   1.1   9.0   16:30     E
21   9.7  17.3   16:00   5.3    8:00   8.6   0.0   0.0   2.4  20.0   18:15     S
22   9.8  14.8   13:30   4.0    5:30   8.5   0.0   0.0   1.6  11.0   16:30    SE
23  11.7  18.0   14:15   6.7    4:00   6.6   0.0   0.0   2.6  19.0   12:30   SSE
24  11.4  16.7   14:30   8.1    5:30   6.8   0.0   0.0   3.5  23.0   12:00   SSE
25  11.8  17.2   14:30   7.2    2:45   6.5   0.0   0.0   3.6  19.0   15:45   ENE
26  10.1  15.5   12:00   5.0    5:45   8.2   0.0   0.0   1.9  15.0   14:15     E
27   8.9  12.8   14:30   6.1   23:00   9.4   0.0   0.4   4.1  21.0   13:15     S
28   8.4  11.3   13:45   6.5    1:00   9.8   0.0   0.4   1.1  10.0   14:30    NE
29  10.4  15.4   13:45   4.3    5:45   7.9   0.0   0.2   1.7  15.0   16:30     E
30  11.6  17.1   16:00   7.2    4:45   6.7   0.0   0.0   2.5  15.0   13:15   SSE
-------------------------------------------------------------------------------------
     9.3  18.4     1     0.4    20   271.4   0.0   9.4   2.5  32.0     8      NE

Max >=  32.0:  0
Max <=   0.0:  0
Min <=   0.0:  0
Min <= -18.0:  0
Max Rain: 4.60 ON 10/04/09
Days of Rain: 13 (> .2 mm) 1 (> 2 mm) 0 (> 20 mm)
Heat Base:  18.3  Cool Base:  18.3  Method: Integration

Data updates at regular intervals.