Back to Top

Language: 

NOAA Climate Reports...


Report for 2009 Mar
                   MONTHLY CLIMATOLOGICAL SUMMARY for MAR. 2009

NAME: Delerius   CITY:    STATE:  
ELEV:   100 m  LAT:  53 37' 05" N  LONG:   1 27' 13" W

                   TEMPERATURE (C), RAIN  (mm), WIND SPEED (mph)

                                      HEAT  COOL        AVG
    MEAN                              DEG   DEG         WIND                 DOM
DAY TEMP  HIGH   TIME   LOW    TIME   DAYS  DAYS  RAIN  SPEED HIGH   TIME    DIR
------------------------------------------------------------------------------------
 1   6.2   9.7   16:30   3.7   00:00  12.1   0.0   0.0   4.3  14.0   19:30    SE
 2   6.2   9.6   13:15   2.5    6:30  12.1   0.0   0.0   7.3  22.0   11:45   WSW
 3   7.4   9.8   14:00   5.6    0:45  10.9   0.0   1.4  12.1  43.0   21:30   SSE
 4   4.4   7.1   15:00   2.4   19:45  13.9   0.0   0.2   3.6  18.0    0:30     W
 5   2.8   6.7   12:45  -0.9    7:45  15.5   0.0   0.4   1.6  13.0   12:45   ESE
 6   3.9   8.6   15:15   0.1    6:00  14.4   0.0   0.2   4.3  20.0   13:15     W
 7   8.3  10.9   12:45   4.5    5:15  10.0   0.0   0.0   8.6  34.0   00:00    SW
 8   5.7  10.8    1:00   1.9   15:15  12.6   0.0   1.2  14.6  47.0    1:15   WSW
 9   6.8   9.2   13:15   4.7    0:15  11.5   0.0   0.0  17.2  39.0   11:15   WSW
10   6.1   8.4   15:00   4.2   00:00  12.2   0.0   2.0   6.9  26.0   13:30   NNW
11   7.1  11.3   16:15   2.1    4:30  11.2   0.0   0.0   4.6  19.0   21:30   WSW
12   9.8  12.3   15:15   6.2   00:00   8.5   0.0   0.0  11.1  34.0   16:00     W
13   8.1  11.8   13:15   4.2    7:30  10.3   0.0   1.4   4.6  16.0   12:00   SSE
14   8.9  11.3   14:00   6.3   00:00   9.4   0.0   0.0  12.7  39.0   16:15     W
15   8.7  13.1   13:45   4.1    6:30   9.6   0.0   0.0   5.4  20.0    9:30     W
16   9.8  15.2   15:30   5.0    6:30   8.5   0.0   0.0   4.5  20.0   14:00    SW
17   6.8   8.6   12:15   4.5   00:00  11.5   0.0   0.0   6.0  25.0    4:45   ENE
18   6.6  11.2   16:30   1.9    6:30  11.7   0.0   0.0   2.8  13.0   11:45   WSW
19   6.2   7.9   14:15   3.9    1:15  12.1   0.0   0.0   4.3  15.0   12:00   ENE
20   5.5   7.6   13:30   3.6   23:45  12.8   0.0   0.0   6.1  21.0   13:30    SE
21   6.7  13.8   13:30   2.1    6:15  11.6   0.0   0.2   5.0  21.0   15:45   NNW
22   8.6  13.9   13:45   4.4    5:45   9.7   0.0   0.0  11.4  33.0   14:30     W
23   8.4  11.0   11:00   3.1   21:15   9.9   0.0   1.6  18.8  51.0   21:00   WSW
24   6.6   9.4   14:30   4.4    0:15  11.7   0.0   1.0  13.2  40.0    2:00    NW
25   8.1  10.7   12:00   6.2   23:30  10.2   0.0   0.4  12.5  34.0    7:00     W
26   7.9  11.7   11:15   5.5   00:00  10.4   0.0   1.0  13.7  42.0   13:45   WSW
27   6.7   9.6   13:45   4.0    2:45  11.6   0.0   0.0  16.9  42.0    7:15   WSW
28   5.3   7.7   11:15   1.3   23:45  13.0   0.0   5.2  17.5  44.0    9:15    NW
29   3.7   7.7   15:00  -0.6    6:00  14.0   0.0   0.0   4.5  15.0   16:30     W
30   7.1  11.9   16:45   1.7    4:45  11.2   0.0   0.0   5.3  19.0   12:15    SW
31  10.0  16.5   18:00   4.9    1:45   8.3   0.0   0.4   3.7  14.0   11:00   WSW
-------------------------------------------------------------------------------------
     6.9  16.5    31    -0.9     5   352.5   0.0  16.6   8.6  51.0    23     WSW

Max >=  32.0:  0
Max <=   0.0:  0
Min <=   0.0:  2
Min <= -18.0:  0
Max Rain: 5.21 ON 28/03/09
Days of Rain: 14 (> .2 mm) 2 (> 2 mm) 0 (> 20 mm)
Heat Base:  18.3  Cool Base:  18.3  Method: Integration

Data updates at regular intervals.