Back to Top

Language: 

NOAA Climate Reports...


Report for 2009 Feb
                   MONTHLY CLIMATOLOGICAL SUMMARY for FEB. 2009

NAME: Delerius   CITY:    STATE:  
ELEV:   100 m  LAT:  53 37' 05" N  LONG:   1 27' 13" W

                   TEMPERATURE (C), RAIN  (mm), WIND SPEED (mph)

                                      HEAT  COOL        AVG
    MEAN                              DEG   DEG         WIND                 DOM
DAY TEMP  HIGH   TIME   LOW    TIME   DAYS  DAYS  RAIN  SPEED HIGH   TIME    DIR
------------------------------------------------------------------------------------
 1   1.9   3.8   13:00  -0.2   16:30  16.4   0.0   0.0  11.7  34.0   15:45   ENE
 2   1.6   3.4   22:00  -0.5    8:00  16.7   0.0   8.6  12.1  33.0    8:00   ENE
 3   2.2   3.9    4:15   0.1    7:15  16.1   0.0   1.8   8.2  24.0    0:15    SE
 4   1.2   3.8   15:15  -0.3    2:00  17.1   0.0   0.0   3.1  15.0   13:30    SE
 5   2.1   3.7   21:15  -0.8    2:30  16.2   0.0   4.0   6.4  21.0   20:15     N
 6   1.4   2.8   13:15  -0.8   00:00  16.9   0.0   0.0   6.0  18.0   11:30    NW
 7   0.9   3.7   14:15  -1.7    6:00  17.4   0.0   0.6   8.3  25.0   12:15     W
 8   0.4   2.2   14:45  -1.8    7:30  17.9   0.0   0.4   4.7  15.0    0:15     W
 9   2.3   4.3   21:15   0.1    6:00  16.0   0.0   4.2   4.0  18.0   23:30    SW
10   2.9   4.9   15:30   0.3   23:30  15.3   0.0   4.4   9.2  29.0    2:45    NW
11   1.8   4.3   15:45  -0.1    1:30  16.5   0.0   0.2   7.1  36.0   15:45    NW
12   0.7   1.8   10:45   0.1    6:30  17.6   0.0   0.8   6.3  20.0    3:30     W
13   2.7   5.1   15:45   1.0   22:00  15.6   0.0   2.4   5.8  20.0    5:00    NW
14   2.9   5.8   12:15  -0.2    8:00  15.4   0.0   0.0   3.4  13.0   21:30    SW
15   5.7   8.7   15:00   3.1    0:30  12.6   0.0   0.0   6.1  20.0   12:15     W
16   7.0  10.1   15:15   4.4    5:15  11.3   0.0   0.0   9.2  23.0   13:00     W
17   8.4  12.0   15:45   6.3    0:15   9.6   0.0   0.0   5.8  18.0   17:30     W
18   7.2   8.4   14:00   6.3    8:15  11.1   0.0   0.8   1.6  10.0   16:30     W
19   7.2   8.9   14:15   5.5    7:45  11.1   0.0   0.8   5.3  20.0   13:00     W
20   6.2   8.4   14:15   4.0    7:30  12.1   0.0   0.2   3.8  11.0    0:15     W
21   6.9  10.7   14:30   3.8    6:45  11.4   0.0   0.0   8.9  27.0   12:45   WSW
22   8.3  11.2   14:15   6.5   00:00  10.0   0.0   0.0   7.5  21.0   15:00     W
23   7.8   9.9   15:15   5.8    4:00  10.5   0.0   0.6   5.7  20.0   12:15     W
24   8.2  10.3   16:30   6.9    7:00   9.3   0.0   0.4   2.8  15.0   20:15     W
25   8.2  10.7   12:45   6.3   23:45  10.1   0.0   0.0  10.7  30.0   12:45   WSW
26   7.5   9.2   14:30   6.4    6:00  10.8   0.0   0.0  14.5  34.0   13:00   WSW
27   9.3  11.8   11:45   7.2    0:15   8.3   0.0   0.0  11.8  33.0   11:45   WSW
28   7.5   9.9   14:15   3.9   23:45  10.8   0.0   0.0   4.8  18.0   10:15    SW
-------------------------------------------------------------------------------------
     4.7  12.0    17    -1.8     8   380.3   0.0  30.2   7.0  36.0    11       W

Max >=  32.0:  0
Max <=   0.0:  0
Min <=   0.0:  9
Min <= -18.0:  0
Max Rain: 8.61 ON 02/02/09
Days of Rain: 15 (> .2 mm) 5 (> 2 mm) 0 (> 20 mm)
Heat Base:  18.3  Cool Base:  18.3  Method: Integration

Data updates at regular intervals.