Back to Top

Language: 

NOAA Climate Reports...


Report for 2009 Jan
                   MONTHLY CLIMATOLOGICAL SUMMARY for JAN. 2009

NAME: Delerius   CITY:    STATE:  
ELEV:   100 m  LAT:  53 37' 05" N  LONG:   1 27' 13" W

                   TEMPERATURE (C), RAIN  (mm), WIND SPEED (mph)

                                      HEAT  COOL        AVG
    MEAN                              DEG   DEG         WIND                 DOM
DAY TEMP  HIGH   TIME   LOW    TIME   DAYS  DAYS  RAIN  SPEED HIGH   TIME    DIR
------------------------------------------------------------------------------------
 1   1.4   2.6   21:15  -0.1    0:15  16.9   0.0   0.0   3.0  12.0    1:30     W
 2   4.1   6.1   11:45   2.3    0:45  14.2   0.0   0.2   4.4  25.0    7:30    NE
 3   1.5   3.3    2:30   0.1   21:00  16.8   0.0   0.0   4.3  18.0   00:00     W
 4   1.0   2.2   23:30  -0.3    6:00  17.3   0.0   0.4   7.1  19.0    0:15     W
 5   2.7   4.3    0:45   1.3   21:30  15.7   0.0   0.4   7.5  25.0    1:45   ENE
 6   0.3   1.8   13:30  -1.4    9:30  18.0   0.0   0.0   4.4  15.0   20:45   WSW
 7   1.8   3.2   14:15   0.8    0:15  16.5   0.0   0.0   3.5  13.0    0:15     W
 8   2.9   5.4   14:00   0.8   20:00  15.4   0.0   0.0   3.9  14.0   13:45    SW
 9   1.2   2.2    1:45  -0.6   22:15  17.1   0.0   0.0   3.5  15.0   22:15     S
10  -0.9   2.9   00:00  -3.4    8:00  19.2   0.0   0.0   7.5  25.0   18:30     S
11   6.6   9.1   23:30   2.5    0:30  11.7   0.0   0.0  15.9  49.0   23:30   SSW
12   9.1  10.3   12:45   7.3   00:00   9.3   0.0   5.0  11.1  39.0    0:45     S
13   6.4   8.3   13:45   2.8   00:00  11.9   0.0   0.0   3.7  16.0   19:00   SSW
14   2.9   6.4   14:00   0.9    7:00  15.4   0.0   0.2   4.2  22.0   19:30    SE
15   4.8   5.9   12:30   3.2    0:15  13.5   0.0   0.0  12.6  28.0    9:00    SE
16   5.8   7.6   20:30   4.0    5:00  12.5   0.0   0.2   9.9  29.0   20:45   SSE
17   7.5   8.6    7:45   6.3   16:00  10.8   0.0   1.0  13.4  38.0   20:15   SSE
18   5.2   7.4    0:30   3.6    9:00  13.1   0.0   0.0  10.8  33.0   18:45    SW
19   3.6   6.8   15:00   1.8   21:30  14.7   0.0   6.0  10.4  37.0   14:45    SE
20   3.8   6.0   14:00   2.6    1:00  14.5   0.0   0.0  10.2  28.0    2:15   SSW
21   3.6   5.7   14:45   1.9    6:45  14.8   0.0   0.2   8.3  35.0   23:45    SE
22   5.7   8.6   11:00   2.5   19:30  12.6   0.0   2.0  13.3  41.0    3:00    SE
23   4.1   5.1   18:30   3.0   11:15  14.2   0.0   1.8   7.6  29.0   14:15     W
24   2.9   5.0   15:00   1.3    7:15  15.4   0.0   0.0   5.9  18.0   19:45   WSW
25   5.7   6.9   14:00   3.2    0:45  12.7   0.0   0.2  12.6  37.0    6:30    SE
26   5.2   5.9   13:45   4.6    6:00  13.1   0.0   0.4   2.6  19.0    0:15    SE
27   4.4   6.1   19:30   2.2    5:15  13.9   0.0   0.0   6.4  21.0   21:45   SSE
28   5.4   6.7   15:30   4.3    4:00  12.9   0.0   3.2   2.8  14.0    3:00    SE
29   3.7   5.2    0:15   2.0   10:00  14.6   0.0   0.0  11.6  29.0   18:45    SE
30   3.8   5.0   15:30   1.7    2:30  14.5   0.0   0.0  12.1  28.0    7:00    SE
31   3.9   5.3   11:00   2.9   23:15  14.4   0.0   0.0  14.8  31.0   13:00   ESE
-------------------------------------------------------------------------------------
     3.9  10.3    12    -3.4    10   447.4   0.0  21.2   8.0  49.0    11      SE

Max >=  32.0:  0
Max <=   0.0:  0
Min <=   0.0:  5
Min <= -18.0:  0
Max Rain: 5.99 ON 19/01/09
Days of Rain: 14 (> .2 mm) 4 (> 2 mm) 0 (> 20 mm)
Heat Base:  18.3  Cool Base:  18.3  Method: Integration

Data updates at regular intervals.