Back to Top

Language: 

NOAA Climate Reports...


Report for 2008 Dec
                   MONTHLY CLIMATOLOGICAL SUMMARY for DEC. 2008

NAME: Delerius   CITY:    STATE:  
ELEV:   100 m  LAT:  53 37' 05" N  LONG:   1 27' 13" W

                   TEMPERATURE (C), RAIN  (mm), WIND SPEED (mph)

                                      HEAT  COOL        AVG
    MEAN                              DEG   DEG         WIND                 DOM
DAY TEMP  HIGH   TIME   LOW    TIME   DAYS  DAYS  RAIN  SPEED HIGH   TIME    DIR
------------------------------------------------------------------------------------
 1   2.9   4.3   12:15   1.0    8:00  15.4   0.0   1.6   8.5  21.0    3:30    NW
 2   2.1   4.1   13:45   0.4    5:15  16.2   0.0   1.2   6.4  19.0   10:15    SW
 3   2.0   4.4   13:00   0.0    2:15  16.3   0.0   0.6   5.8  20.0   11:45   WNW
 4   3.7   6.4   15:00   2.0    0:15  14.6   0.0   6.4  14.1  46.0    7:45    SW
 5   4.1   5.4   21:45   3.1    6:30  14.2   0.0   1.8   3.8  16.0   12:00    SW
 6   4.1   6.0   13:45   0.9   00:00  14.2   0.0   0.2   7.8  23.0   12:30    NW
 7   2.4   4.4   13:00   0.6    3:15  15.9   0.0   0.0   5.4  20.0   19:15   WSW
 8   4.7   6.0   13:30   3.6   22:00  13.6   0.0   5.6   8.1  25.0    2:45    SW
 9   2.4   4.7   14:45   0.9    7:30  15.8   0.0   0.8   7.3  22.0   15:00   WNW
10   2.9   4.9   13:30   1.3    8:15  15.3   0.0   1.6   9.4  26.0   14:15     W
11   2.2   4.7   13:30   0.4   23:45  16.1   0.0   1.0   5.7  16.0   11:15    NW
12   2.6   6.8   23:15  -0.5    3:00  15.7   0.0   0.2   9.2  40.0   00:00    SE
13   4.5   6.8    2:15   2.7   22:00  13.8   0.0   7.4  20.8  42.0    0:45    SE
14   4.2   5.8   17:45   1.3   23:30  14.1   0.0   0.2   3.2  16.0    2:15    SE
15   4.2   5.7   12:00   1.6    0:15  14.1   0.0   0.0   3.3  14.0    6:00     W
16   4.3   7.5   23:30   1.3    3:15  14.0   0.0   0.4   7.6  23.0   22:15     S
17   5.2   7.7    0:30   2.9    7:30  13.1   0.0   0.0   7.4  23.0   20:30   WSW
18   8.6  10.9   12:30   5.4    0:15   8.9   0.0   0.0   8.9  31.0   14:45    SW
19   5.8   8.3   19:30   3.9    9:45   5.6   0.0   0.6   4.9  30.0   17:15     S
20   8.4   8.8   11:15   7.4   17:30   2.8   0.0   0.0   2.3  16.0   11:30   WSW
21  11.0  11.6   14:00   9.6    9:30   3.5   0.0   0.0   6.9  37.0   10:30    SW
22   8.9  10.6   14:15   6.8   20:00   4.5   0.0   0.0   2.1  13.0    9:15   WSW
23   7.9   8.6   11:00   7.5   12:00   0.8   0.0   0.0   0.6  21.0   11:45    SW
24   5.7   6.7   13:45   3.9   10:00   5.9   0.0   0.2   0.6   8.0   15:45     W
25   5.6   6.7   11:45   3.1    3:45  12.7   0.0   0.2   3.4  16.0   20:45     E
26   4.1   5.8   12:00   1.8   18:45  14.3   0.0   0.0   5.1  16.0    3:00     E
27   3.8   4.7   19:00   2.1    3:15  14.5   0.0   0.0   5.3  16.0   21:00   ENE
28   4.6   5.9   13:30   3.7   22:30  13.7   0.0   0.0   5.3  19.0   19:30     E
29   2.9   3.9    1:15   1.3    6:15  15.4   0.0   0.0   3.8  15.0    1:15     E
30   1.1   3.1    6:00  -1.8   22:00  17.2   0.0   0.0   2.0  11.0   10:15   WSW
31  -0.8   0.1   23:45  -1.9    2:15  19.1   0.0   0.0   4.9  14.0   11:30     W
-------------------------------------------------------------------------------------
     4.4  11.6    21    -1.9    31   391.5   0.0  30.0   6.1  46.0     4       W

Max >=  32.0:  0
Max <=   0.0:  0
Min <=   0.0:  4
Min <= -18.0:  0
Max Rain: 7.39 ON 13/12/08
Days of Rain: 17 (> .2 mm) 3 (> 2 mm) 0 (> 20 mm)
Heat Base:  18.3  Cool Base:  18.3  Method: Integration

Data updates at regular intervals.