Back to Top

Language: 

NOAA Climate Reports...


Report for 2008 Nov
                   MONTHLY CLIMATOLOGICAL SUMMARY for NOV. 2008

NAME: Delerius   CITY:    STATE:  
ELEV:   100 m  LAT:  53 37' 05" N  LONG:   1 27' 13" W

                   TEMPERATURE (C), RAIN  (mm), WIND SPEED (mph)

                                      HEAT  COOL        AVG
    MEAN                              DEG   DEG         WIND                 DOM
DAY TEMP  HIGH   TIME   LOW    TIME   DAYS  DAYS  RAIN  SPEED HIGH   TIME    DIR
------------------------------------------------------------------------------------
 1   8.4  10.2   11:00   4.8    3:00   9.8   0.0   5.2   9.8  31.0   17:30   NNE
 2   9.4  10.8   13:30   8.2    4:30   8.9   0.0   4.0  10.1  39.0    2:30     N
 3   9.8  10.8   11:00   8.1    4:00   8.5   0.0   0.2   7.8  24.0   19:00     N
 4  10.4  10.9   14:30   9.7    0:30   7.9   0.0   1.2   5.1  22.0    2:45    NE
 5   9.9  10.3    0:15   9.5    4:15   8.3   0.0   0.0   7.3  20.0    6:30     N
 6  10.1  10.9   11:45   9.4   23:00   8.3   0.0   1.0   4.1  16.0   21:45     N
 7   9.6  11.7   14:00   7.3   23:15   8.7   0.0   1.2   8.6  24.0   10:00    SE
 8   9.7  12.6   14:30   6.7    4:45   8.6   0.0   6.8  13.0  41.0   22:45    SE
 9   7.9  10.0    0:15   5.2   00:00  10.4   0.0   5.8  13.7  44.0   23:45    SW
10   6.5   7.7   10:00   5.3   13:30  11.8   0.0   1.2  12.4  33.0    3:00     S
11   8.0   9.8   12:15   6.9    1:15  10.3   0.0   0.6  15.1  41.0   12:30    SW
12   7.9  10.3   14:00   4.7   23:00  10.4   0.0   0.2   6.7  27.0    0:45   WSW
13   8.2  12.4   00:00   5.1    7:00  10.1   0.0   1.2   6.8  26.0   00:00    SW
14  12.1  13.5   14:00   9.9   23:00   6.2   0.0   0.0  10.2  33.0   15:45    SW
15  10.8  13.2   12:00   9.1   23:15   7.5   0.0   0.0  10.1  31.0   13:15    SW
16   7.9   9.8   11:30   2.7   00:00  10.4   0.0   0.0   7.4  24.0   11:15    NW
17   5.8   9.2   00:00   2.7    0:15  12.5   0.0   0.2   6.5  27.0   15:15     S
18   8.9  11.0   13:15   6.3   23:45   9.4   0.0   0.2   7.5  26.0   12:15    NW
19   9.6  12.3   13:30   6.4    0:15   8.7   0.0   0.0  13.1  33.0   19:15   WSW
20  10.0  11.6    1:15   8.4   22:30   8.3   0.0   0.0  14.2  34.0    2:15     W
21   5.3   9.4    3:00   1.8   22:15  13.0   0.0   0.0  14.8  46.0    6:30   WNW
22   0.9   2.4    2:45  -1.3   23:30  17.4   0.0   0.6  14.2  38.0   10:00    NW
23   2.2   5.9   15:00  -1.1    8:30  16.1   0.0   0.4   9.4  28.0    9:30     W
24   5.6   7.8   12:15   2.5   23:45  12.8   0.0   5.0  13.7  49.0   21:00   NNW
25   3.9   6.1   12:00   1.6   23:30  14.4   0.0   3.4   9.8  40.0    4:30    NW
26   8.2  10.9   14:45   2.4    0:15  10.1   0.0   0.2   7.3  25.0   18:00   WSW
27   8.5  10.4   12:15   4.3   00:00   9.8   0.0   0.0  10.2  35.0   11:15   SSW
28   3.4   6.1   13:45   0.1   00:00  14.9   0.0   0.0   1.9  11.0    6:15    SE
29   1.4   3.9   23:45  -1.2    4:30  16.9   0.0   0.2   4.9  13.0   19:15    NW
30   4.7   6.8   12:00   2.4    4:15  13.6   0.0   0.8   9.9  27.0   15:15    NW
-------------------------------------------------------------------------------------
     7.5  13.5    14    -1.3    22   323.9   0.0  39.6   9.5  49.0    24      NW

Max >=  32.0:  0
Max <=   0.0:  0
Min <=   0.0:  3
Min <= -18.0:  0
Max Rain: 6.81 ON 08/11/08
Days of Rain: 21 (> .2 mm) 6 (> 2 mm) 0 (> 20 mm)
Heat Base:  18.3  Cool Base:  18.3  Method: Integration

Data updates at regular intervals.