Back to Top

Language: 

NOAA Climate Reports...


Report for 2008 Oct
                   MONTHLY CLIMATOLOGICAL SUMMARY for OCT. 2008

NAME: Delerius   CITY:    STATE:  
ELEV:   100 m  LAT:  53 37' 05" N  LONG:   1 27' 13" W

                   TEMPERATURE (C), RAIN  (mm), WIND SPEED (mph)

                                      HEAT  COOL        AVG
    MEAN                              DEG   DEG         WIND                 DOM
DAY TEMP  HIGH   TIME   LOW    TIME   DAYS  DAYS  RAIN  SPEED HIGH   TIME    DIR
------------------------------------------------------------------------------------
 1  11.1  12.8   15:00   8.4   22:45   7.2   0.0   3.0  14.2  36.0   13:00   WSW
 2   8.9  12.3   15:30   5.9   23:45   9.4   0.0   1.4   8.3  24.0   16:15   WSW
 3   7.2  10.7   13:45   4.4   22:15  11.1   0.0   1.0  11.2  35.0   11:30    NW
 4   8.9  13.8   23:15   3.0    3:30   9.4   0.0   0.6  11.5  41.0   18:15   SSW
 5   9.9  14.0    0:30   7.6   22:45   8.4   0.0   4.8   7.9  32.0    1:15     N
 6  10.0  13.8   15:00   4.6    7:15   8.3   0.0   0.0   4.7  18.0   15:45   SSE
 7  14.2  17.4   15:00  11.7    4:45   4.1   0.0   0.2  11.1  34.0   20:15    SE
 8  12.1  15.9   15:30   8.9   00:00   6.2   0.0   0.0   8.5  29.0    1:45   WSW
 9  11.9  16.4   15:15   7.4    4:45   6.4   0.0   0.2   6.3  25.0   14:45    SW
10  14.9  18.6   14:45  12.2    5:00   3.3   0.0   0.0  12.4  33.0    7:30     S
11  14.1  16.4   15:15  12.4    8:30   4.2   0.0   0.2   6.7  21.0    2:00    SW
12  14.5  18.2   16:15  12.6    7:15   3.8   0.0   0.4   3.1  12.0   13:15    SE
13  14.8  17.1   14:45  12.3   00:00   3.5   0.0   0.0   8.2  24.0   14:30   WSW
14  12.4  15.1   16:45   8.9    5:45   5.9   0.0   2.0   5.0  24.0   20:30     S
15  11.7  13.6    0:15   9.7   22:30   6.6   0.0   2.0   6.6  22.0   21:30    SW
16  10.0  12.7   15:30   7.2   23:45   8.3   0.0   0.0  11.5  28.0   14:30   WSW
17   9.3  13.1   15:15   5.7    6:15   9.0   0.0   0.0   5.5  18.0    0:15   WSW
18  11.4  14.6   15:00   8.8    6:15   6.9   0.0   0.0   8.9  26.0   13:30    SW
19  12.1  14.2   14:30   9.9    1:00   6.3   0.0   0.0   9.5  28.0   16:00   SSW
20  13.2  16.7   13:15   9.3   00:00   5.1   0.0   0.6  15.1  40.0    4:15     S
21   8.9  11.3   15:30   6.4   00:00   9.4   0.0   0.0  11.6  33.0   10:45    SW
22   8.4  12.3   15:45   5.8    6:00   9.9   0.0   0.0   8.3  24.0   13:00    SW
23  11.6  14.0   15:30   8.2    0:15   6.8   0.0   0.8  15.7  45.0   20:45     S
24  10.3  13.4    0:15   7.3   22:00   8.0   0.0   0.2   8.6  35.0    0:15    SW
25  10.1  12.8   00:00   7.2    3:15   8.3   0.0   0.0  12.5  43.0   13:15   SSW
26  11.2  13.2    3:45   7.7   00:00   7.1   0.0   4.4  11.2  28.0    0:45    SW
27   6.8   9.4   14:15   4.1   00:00  11.5   0.0   0.0   8.4  26.0   13:45   WSW
28   3.4   6.3   14:15   0.7   22:30  14.9   0.0   0.0   5.8  24.0   15:30   WNW
29   3.2   6.9   13:15   0.3    3:30  15.1   0.0   0.0   5.9  20.0   10:30   WSW
30   5.2   7.2   15:45   2.3    0:30  13.1   0.0  17.0   6.0  27.0    8:15   ENE
31   4.6   7.5   12:15   2.2   23:00  13.8   0.0   4.0   5.6  26.0   13:45    NW
-------------------------------------------------------------------------------------
    10.2  18.6    10     0.3    29   251.1   0.0  42.8   8.9  45.0    23      SW

Max >=  32.0:  0
Max <=   0.0:  0
Min <=   0.0:  0
Min <= -18.0:  0
Max Rain: 16.99 ON 30/10/08
Days of Rain: 17 (> .2 mm) 7 (> 2 mm) 0 (> 20 mm)
Heat Base:  18.3  Cool Base:  18.3  Method: Integration

Data updates at regular intervals.