Back to Top

Language: 

NOAA Climate Reports...


Report for 2008 Sep
                   MONTHLY CLIMATOLOGICAL SUMMARY for SEP. 2008

NAME: Delerius   CITY:    STATE:  
ELEV:   100 m  LAT:  53 37' 05" N  LONG:   1 27' 13" W

                   TEMPERATURE (C), RAIN  (mm), WIND SPEED (mph)

                                      HEAT  COOL        AVG
    MEAN                              DEG   DEG         WIND                 DOM
DAY TEMP  HIGH   TIME   LOW    TIME   DAYS  DAYS  RAIN  SPEED HIGH   TIME    DIR
------------------------------------------------------------------------------------
 1  15.9  19.3   14:45  13.9    8:00   2.5   0.1   2.2   9.8  29.0   14:45    SW
 2  14.5  18.2   16:30  12.3   22:15   3.8   0.0   5.0   7.6  31.0   16:45    SW
 3  13.2  17.2   14:00  11.2    6:15   5.1   0.0   2.2  10.7  30.0   14:00    SW
 4  12.9  15.7   11:15  11.2    6:30   5.4   0.0   1.6   7.1  28.0    3:30    SW
 5  13.2  15.0   13:00   9.7    3:30   5.1   0.0  12.0   6.7  27.0   15:45   ESE
 6  14.7  17.4   14:45  13.4    6:15   3.6   0.0   5.0   5.6  22.0    2:45    SE
 7  15.1  18.1   14:30  13.0   00:00   3.2   0.0   0.0   7.9  26.0   15:15   NNW
 8  14.6  18.2   15:00  11.6    3:45   3.7   0.0   0.2   3.9  12.0    0:15   WSW
 9  14.9  17.2   15:30  12.5    7:00   3.4   0.0   1.6   7.6  24.0   13:00    SE
10  15.6  20.3   15:30  11.9    6:45   2.9   0.2   0.0   8.8  28.0   15:45     S
11  16.3  18.1   18:00  13.4   00:00   2.0   0.0   0.0   8.3  25.0    5:15    SE
12  13.7  15.0   10:45  12.2    3:30   4.6   0.0   3.4   3.5  13.0   21:30   WSW
13  14.1  17.4   13:45  12.2    4:45   4.2   0.0   0.2   4.3  14.0   11:45   ESE
14  14.1  16.6   11:45  11.6    2:00   4.2   0.0   0.0   5.0  21.0   13:30   ESE
15  13.9  16.3   12:45  11.6   23:15   4.3   0.0   0.0   4.2  15.0   12:00   ESE
16  13.3  15.7   13:30  11.8    7:45   5.0   0.0   0.0   1.5  12.0    9:45   ENE
17  13.4  16.1   16:30  11.2    7:30   4.9   0.0   0.0   2.1  11.0   12:15     E
18  13.9  17.3   13:45  10.1    6:30   4.4   0.0   0.0   3.7  16.0   16:15   ESE
19  15.2  19.3   15:30  12.1    6:00   3.2   0.1   0.0   2.9  13.0   14:30     S
20  15.3  20.6   16:45  10.7    7:00   3.4   0.4   0.0   2.3  13.0   15:30   WSW
21  14.3  18.8   14:45  11.8    7:30   4.0   0.0   0.0   2.6  12.0    4:00   ESE
22  13.2  14.7   11:45  11.6    6:00   5.1   0.0   3.2   9.2  29.0   19:45   NNW
23  13.3  14.7   15:45  12.5    5:00   5.0   0.0   0.0  13.8  30.0   11:45     N
24  14.2  16.1   13:30  12.9    4:30   4.1   0.0   0.0   8.8  23.0    1:00     N
25  13.9  16.6   14:30  11.4   23:00   4.4   0.0   0.0   3.4  15.0   11:15    NE
26  13.9  17.4   14:45  10.7    5:45   4.4   0.0   0.2   2.9  12.0   15:45    SE
27  13.8  18.2   15:15  10.4    7:30   4.5   0.0   0.2   3.9  14.0   15:00    SW
28  12.5  16.2   16:15   8.9   23:15   5.8   0.0   0.0   3.0  21.0   16:45     W
29  11.4  15.4   14:00   7.8    6:15   6.9   0.0   0.2  10.3  29.0   18:00   WSW
30  12.1  13.8   17:30  10.8    8:15   6.2   0.0   2.0  13.0  36.0   14:15   WSW
-------------------------------------------------------------------------------------
    14.0  20.6    20     7.8    29   129.1   0.8  39.2   6.1  36.0    30      SW

Max >=  32.0:  0
Max <=   0.0:  0
Min <=   0.0:  0
Min <= -18.0:  0
Max Rain: 11.99 ON 05/09/08
Days of Rain: 15 (> .2 mm) 8 (> 2 mm) 0 (> 20 mm)
Heat Base:  18.3  Cool Base:  18.3  Method: Integration

Data updates at regular intervals.