Back to Top

Language: 

NOAA Climate Reports...


Report for 2008 Aug
                   MONTHLY CLIMATOLOGICAL SUMMARY for AUG. 2008

NAME: Delerius   CITY:    STATE:  
ELEV:   100 m  LAT:  53 37' 05" N  LONG:   1 27' 13" W

                   TEMPERATURE (C), RAIN  (mm), WIND SPEED (mph)

                                      HEAT  COOL        AVG
    MEAN                              DEG   DEG         WIND                 DOM
DAY TEMP  HIGH   TIME   LOW    TIME   DAYS  DAYS  RAIN  SPEED HIGH   TIME    DIR
------------------------------------------------------------------------------------
 1  18.5  21.4   13:45  15.4   23:15   0.4   0.6   2.2   8.9  29.0   15:30   SSW
 2  18.0  21.8   15:15  15.0    5:30   1.0   0.8   0.4   7.7  29.0   15:15     S
 3  19.1  22.0   14:45  14.9   00:00   0.3   0.8   0.0   6.8  24.0   13:45   WSW
 4  15.4  19.2   13:00  12.9    4:30   2.9   0.0   0.4   6.0  29.0   13:00   WSW
 5  15.9  19.3   13:00  11.4    5:30   2.4   0.0   2.0   4.5  19.0   13:15   SSE
 6  19.4  23.1   17:15  16.8    6:15   0.3   1.4   0.0   5.3  16.0    1:15    SW
 7  17.1  20.9   10:15  14.5   00:00   1.4   0.2   4.8   3.7  23.0   21:00     N
 8  14.4  16.2   12:00  10.6   00:00   3.9   0.0   0.8   9.3  35.0    6:15   NNW
 9  15.1  17.7   18:15  10.6    0:15   3.2   0.0   3.8   8.7  30.0   13:00     S
10  17.9  21.0   14:45  16.0    6:00   0.8   0.5   0.2  12.2  38.0   13:15    SW
11  17.3  20.0   13:45  14.4    6:15   1.4   0.4   0.0   8.2  25.0    8:30    SW
12  15.1  18.4   19:00  12.5   23:00   3.3   0.0  13.4   4.8  23.0   17:00    SE
13  14.7  20.2   16:15  11.4    3:00   3.8   0.1   0.8   7.7  23.0    1:00    SW
14  14.4  18.6   16:00  12.4    6:45   3.9   0.0   2.6   6.2  24.0   11:30    SW
15  15.7  20.7   14:30  11.2    6:30   2.9   0.3   0.0   3.7  16.0   12:00   WSW
16  15.6  18.2   15:00  11.9    6:15   2.8   0.0   0.0   7.9  29.0   13:00   ESE
17  16.6  19.7   15:30  14.2   21:45   1.8   0.1   9.2   7.5  26.0   16:15    SW
18  16.2  20.0   15:15  13.8    2:30   2.3   0.2   0.6   9.3  25.0    6:45    SE
19  16.6  20.1   15:30  14.7    4:00   1.9   0.2   2.8  13.1  33.0   15:45   WSW
20  16.6  19.4   16:45  13.9    3:00   1.8   0.1   0.0   9.5  25.0    9:15   WSW
21  16.6  19.4   15:30  14.1   00:00   1.8   0.1   0.2   6.5  18.0   22:30   WSW
22  13.6  17.3   13:30  10.6    6:30   4.7   0.0   0.4   8.3  25.0   14:00   WSW
23  14.5  17.7   13:15  11.2    5:30   3.8   0.0   0.2   6.6  21.0   17:30   WNW
24  16.6  20.6   16:45  13.5    6:00   2.1   0.4   0.2   7.7  23.0   10:30   SSE
25  17.9  23.6   15:45  13.2    2:15   1.6   1.2   0.0   9.4  29.0   17:00    SW
26  18.5  21.2   16:45  16.3    6:45   0.5   0.7   0.0   8.4  23.0   13:00    SW
27  17.8  19.6   15:15  16.1    4:00   0.8   0.2   0.0   9.9  27.0   11:15   WSW
28  18.1  22.4   14:45  14.5    2:45   1.2   1.0   0.0   9.2  31.0   16:45   WSW
29  17.5  21.4   12:00  14.3    6:00   1.2   0.4   0.0   4.8  15.0    8:45   ESE
30  17.3  19.9   14:30  15.5   00:00   1.2   0.2   0.0   8.3  23.0   14:45   ESE
31  16.9  21.1   15:30  12.5    5:45   1.9   0.6   1.0   2.6  11.0   13:30   WSW
-------------------------------------------------------------------------------------
    16.6  23.6    25    10.6     8    63.1  10.5  46.0   7.5  38.0    10      SW

Max >=  32.0:  0
Max <=   0.0:  0
Min <=   0.0:  0
Min <= -18.0:  0
Max Rain: 13.41 ON 12/08/08
Days of Rain: 19 (> .2 mm) 8 (> 2 mm) 0 (> 20 mm)
Heat Base:  18.3  Cool Base:  18.3  Method: Integration

Data updates at regular intervals.