Back to Top

Language: 

NOAA Climate Reports...


Report for 2008 Jul
                   MONTHLY CLIMATOLOGICAL SUMMARY for JUL. 2008

NAME: Delerius   CITY:    STATE:  
ELEV:   100 m  LAT:  53 37' 05" N  LONG:   1 27' 13" W

                   TEMPERATURE (C), RAIN  (mm), WIND SPEED (mph)

                                      HEAT  COOL        AVG
    MEAN                              DEG   DEG         WIND                 DOM
DAY TEMP  HIGH   TIME   LOW    TIME   DAYS  DAYS  RAIN  SPEED HIGH   TIME    DIR
------------------------------------------------------------------------------------
 1  17.0  21.2   11:45  11.3    4:30   2.0   0.7   0.0   7.3  27.0   14:00   ESE
 2  16.6  19.2   12:00  13.7    5:45   1.8   0.1   0.2   3.7  14.0    0:15    SE
 3  15.4  18.9   14:15  12.1   00:00   2.9   0.0   1.0   4.8  22.0   15:45   ESE
 4  15.0  20.6   14:45   9.6    5:15   3.6   0.3   0.0   5.9  20.0   18:45    SW
 5  15.4  19.4   19:00  13.2    4:00   2.9   0.0   4.2   8.5  26.0   11:15   ESE
 6  14.8  16.9   17:15  12.9   22:00   3.4   0.0   2.4   8.5  25.0   12:00    SE
 7  13.7  16.4   14:30  12.2    2:30   4.6   0.0   5.8   4.7  18.0    6:00   SSW
 8  13.9  17.3   14:30  10.6    2:45   4.4   0.0   0.0  10.7  30.0   12:30   WSW
 9  14.8  18.6   14:45  11.0    3:45   3.5   0.0   2.2   6.7  20.0   19:15   ESE
10  16.3  20.0   14:15  13.8    5:45   2.1   0.1   2.8   8.2  28.0    9:15    SW
11  13.6  17.8   11:45  10.7   23:15   4.7   0.0   9.2   7.6  24.0    8:45    SW
12  13.2  16.2   18:15  10.7    5:30   5.1   0.0   1.0   5.2  23.0   18:15   WSW
13  14.6  18.4   19:30  11.6    5:15   3.7   0.0   0.0   3.7  15.0   14:45     W
14  16.5  20.7   16:15  10.7    3:30   2.4   0.5   0.0   6.0  21.0   11:45    SW
15  18.8  22.5   13:30  14.1   00:00   0.7   1.2   0.0  10.7  33.0   13:15   WSW
16  14.9  18.1   13:15  12.5    3:15   3.3   0.0   0.0  11.0  31.0   16:30   WSW
17  14.1  16.5   17:15  12.2    4:45   4.2   0.0   0.8   9.4  25.0   18:45    SW
18  15.4  18.6   15:30  13.2    3:00   2.9   0.0   2.6   5.9  19.0   12:45    SW
19  15.3  19.3   16:00  11.7   22:00   3.1   0.0   9.6  10.5  35.0   15:00   WSW
20  13.0  17.2   15:30  10.1    4:45   5.3   0.0   0.4   7.7  26.0   16:45     W
21  12.1  15.5   14:15   8.9    4:30   6.2   0.0   0.2   8.1  26.0   17:00     W
22  16.8  21.2   18:00  10.6    0:15   2.2   0.7   0.0   8.0  22.0    9:45   WSW
23  17.5  22.2   13:45  13.3    5:15   1.9   1.1   0.0   4.3  13.0   14:30   ESE
24  16.0  19.8   15:30  14.1    4:00   2.4   0.1   0.0   5.8  21.0   16:15     E
25  17.9  21.0   15:45  14.3    1:45   1.2   0.7   0.0   6.9  23.0   15:45   ESE
26  18.4  22.9   13:45  14.8    6:30   1.1   1.2   0.0   2.8  13.0   12:15     N
27  17.4  22.2   15:45  14.7   23:30   1.6   0.8   0.0   2.8  13.0   14:00     N
28  16.4  20.3   15:30  14.0    1:45   2.0   0.2   0.0   4.9  16.0   14:30     N
29  17.6  22.1   12:00  15.0    5:15   0.9   0.4   0.8   7.3  25.0   14:15     S
30  17.4  21.8   11:30  14.2    5:15   1.1   0.4   0.0   8.9  24.0   17:30   ESE
31  17.8  20.9   12:30  15.0    4:45   0.8   0.4   4.2   6.6  22.0   13:45   ESE
-------------------------------------------------------------------------------------
    15.7  22.9    26     8.9    21    88.2   9.1  47.3   6.9  35.0    19     WSW

Max >=  32.0:  0
Max <=   0.0:  0
Min <=   0.0:  0
Min <= -18.0:  0
Max Rain: 9.60 ON 19/07/08
Days of Rain: 16 (> .2 mm) 9 (> 2 mm) 0 (> 20 mm)
Heat Base:  18.3  Cool Base:  18.3  Method: Integration

Data updates at regular intervals.