Back to Top

Language: 

NOAA Climate Reports...


Report for 2008 Jun
                   MONTHLY CLIMATOLOGICAL SUMMARY for JUN. 2008

NAME: Delerius   CITY:    STATE:  
ELEV:   100 m  LAT:  53 37' 05" N  LONG:   1 27' 13" W

                   TEMPERATURE (C), RAIN  (mm), WIND SPEED (mph)

                                      HEAT  COOL        AVG
    MEAN                              DEG   DEG         WIND                 DOM
DAY TEMP  HIGH   TIME   LOW    TIME   DAYS  DAYS  RAIN  SPEED HIGH   TIME    DIR
------------------------------------------------------------------------------------
 1  11.9  13.4   14:00  10.3    0:30   6.3   0.0   2.4   6.6  20.0    6:30   NNW
 2  13.5  16.6   13:00  11.8    0:15   4.8   0.0   1.6   1.7  10.0   11:30   ESE
 3  12.8  14.4   14:30  11.7    1:30   5.5   0.0   9.0   6.1  20.0   21:15    NW
 4  14.3  17.8   13:45  12.1   23:00   3.9   0.0   0.0   4.2  13.0   18:30   ESE
 5  14.5  19.4   10:30   9.6    5:30   3.9   0.1   0.2   2.6  13.0   13:45   ESE
 6  12.9  15.8   12:45  11.5    4:15   5.3   0.0   1.8   2.7  15.0   20:30   ENE
 7  12.7  14.7   18:00  11.4   23:30   4.7   0.0   0.2   8.6  26.0   19:15   NNW
 8  13.4  17.9   12:30  10.5    6:15   3.8   0.0   0.0   4.6  18.0   11:15   NNW
 9  11.6  12.1    6:15  11.2    4:00   1.8   0.0   0.0   3.3  16.0   19:30   WSW
10  14.6  16.3   20:30  12.7    1:30   3.9   0.0   0.0   6.3  21.0   20:15     W
11  13.1  16.3   13:00   9.8    5:00   5.2   0.0   0.4   6.1  24.0    9:00     W
12  11.1  13.6   13:00   8.3   23:00   7.2   0.0   1.2   9.7  31.0   12:15   NNW
13  10.6  13.1   15:15   8.1    1:00   7.8   0.0   0.2   3.8  20.0   12:00     N
14  11.1  15.6   17:00   7.5    5:15   7.2   0.0   1.8   4.6  24.0   17:00   WSW
15  10.2  14.0   15:15   5.9    5:00   8.1   0.0   1.6   2.7  16.0   13:15     N
16  11.7  16.2   11:45   6.0    4:15   6.6   0.0   0.2   3.6  16.0   13:30   ESE
17  13.4  18.4   15:15   6.4    5:30   4.8   0.0   0.0   5.2  23.0   14:30   SSW
18  14.6  18.1   15:30  11.9    5:15   3.7   0.0   1.0  11.9  33.0   14:00     S
19  15.2  18.8   16:45  12.2   00:00   3.1   0.0   0.8  14.5  38.0    5:30   WSW
20  14.1  18.0   16:00   9.8   00:00   4.3   0.0   0.0   8.5  27.0   15:45     W
21  12.1  16.0   23:45   6.1    4:15   6.2   0.0   1.2   4.9  19.0   14:00   ESE
22  17.0  19.6   10:15  13.4   00:00   1.4   0.1   0.0  16.1  45.0   17:00    SW
23  13.8  17.3   19:15   9.7   00:00   4.5   0.0   0.0   8.2  38.0    0:30   WSW
24  13.4  17.7   16:00   8.3    4:45   4.9   0.0   0.0   5.0  20.0   00:00   ESE
25  16.2  20.4   15:15  12.9    4:45   2.3   0.2   0.0   9.2  33.0   15:15   WSW
26  14.6  19.2   12:45  10.6    5:00   3.7   0.0   4.8   9.3  42.0   17:30    SW
27  15.1  18.7   15:30  10.3    5:30   3.2   0.0   0.4   9.9  28.0    8:00    SW
28  17.1  19.2   16:00  15.0    4:30   1.3   0.1   0.0   9.4  28.0    1:15   WSW
29  15.4  19.6   13:15  12.2   00:00   2.9   0.0   4.0   8.1  34.0   15:45    SW
30  15.5  20.3   17:15  10.6    5:15   3.1   0.3   0.0   5.6  20.0    9:00    SW
-------------------------------------------------------------------------------------
    13.2  20.4    25     5.9    10   135.6   0.9  32.8   6.8  45.0    22      SW

Max >=  32.0:  0
Max <=   0.0:  0
Min <=   0.0:  1
Min <= -18.0:  1
Max Rain: 8.99 ON 03/06/08
Days of Rain: 18 (> .2 mm) 4 (> 2 mm) 0 (> 20 mm)
Heat Base:  18.3  Cool Base:  18.3  Method: Integration

Data updates at regular intervals.