Back to Top

Language: 

NOAA Climate Reports...


Report for 2008 May
                   MONTHLY CLIMATOLOGICAL SUMMARY for MAY. 2008

NAME: Delerius   CITY:    STATE:  
ELEV:   100 m  LAT:  53 37' 05" N  LONG:   1 27' 13" W

                   TEMPERATURE (C), RAIN  (mm), WIND SPEED (mph)

                                      HEAT  COOL        AVG
    MEAN                              DEG   DEG         WIND                 DOM
DAY TEMP  HIGH   TIME   LOW    TIME   DAYS  DAYS  RAIN  SPEED HIGH   TIME    DIR
------------------------------------------------------------------------------------
 1  10.4  14.7   17:15   6.7    5:45   7.8   0.0   0.0   7.1  24.0    9:30    SW
 2  10.1  14.8   14:00   5.1    5:45   8.3   0.0   0.0   4.5  19.0   19:45   ESE
 3  10.8  14.4   12:00   7.2    5:45   7.5   0.0   0.0   6.6  21.0   17:30   ESE
 4  11.8  14.8   11:30  10.3    2:15   6.5   0.0   0.2   6.2  18.0   11:45   ESE
 5  12.7  17.7   14:45   8.8   23:45   5.6   0.0   0.2   3.5  14.0   14:30   ESE
 6  11.4  15.5   13:30   6.7    4:00   6.9   0.0   0.0   3.3  12.0   17:30   ENE
 7  11.6  15.8   17:00   7.4    3:00   6.7   0.0   0.0   3.2  14.0   16:30   ENE
 8  11.8  16.0   13:45   8.1    3:30   6.5   0.0   0.0   4.8  19.0   16:45   ENE
 9  13.8  19.8   16:15   8.7    3:45   4.6   0.1   0.0   4.9  20.0   17:00   ESE
10  13.8  21.2   16:00   8.4    5:00   4.7   0.3   0.0   1.4  10.0    5:30    NE
11  12.1  17.2   12:30   7.4    6:00   6.2   0.0   0.0   4.4  14.0   21:15     N
12  10.3  12.3   11:30   8.7    3:15   8.0   0.0   0.2  12.0  25.0   13:15   NNW
13  11.3  13.2   17:30   8.9   00:00   7.0   0.0   0.0  11.1  29.0   11:15     N
14  10.1  12.2   14:00   7.9   22:00   8.2   0.0   0.0   9.7  30.0   15:00     N
15  10.6  13.6   14:15   6.7    4:45   7.7   0.0   0.0   6.9  21.0    8:45     N
16  10.7  12.5   14:15   9.9    3:00   7.6   0.0   0.0   4.2  14.0   14:30   NNE
17  10.5  12.7   16:00   7.2   00:00   7.8   0.0   0.0   5.7  21.0   13:30     N
18   9.0  12.2   14:00   4.7    3:30   9.3   0.0   0.0   6.3  25.0   16:30     N
19   8.1  12.2   16:45   4.1    3:15  10.2   0.0   0.2   4.4  22.0   11:30    NE
20   8.2  12.2   13:00   1.6    4:30  10.2   0.0   0.0   3.1  14.0   12:30   ENE
21  10.1  13.3   14:45   5.6    3:30   8.2   0.0   0.0   6.2  22.0   15:45   ENE
22  11.6  15.0   15:30   7.2    5:15   6.8   0.0   0.0   5.0  16.0   18:30     E
23  11.9  15.6   13:15   8.1    2:30   6.4   0.0   0.0   4.8  19.0   23:45   ENE
24  10.8  12.2    9:30   9.8   21:15   7.5   0.0   0.0  12.1  30.0   15:30     N
25  12.1  14.6   14:30  10.1    0:15   6.2   0.0   0.0  11.2  30.0    9:30   NNE
26  11.7  14.1   12:15  10.6    4:30   6.6   0.0   0.0  11.0  34.0   15:15   NNE
27  11.2  11.8   17:30  10.4   11:30   7.1   0.0   1.6   8.9  27.0    8:30   ENE
28  14.3  18.9   16:15  10.9    1:30   4.0   0.0   3.4   8.6  26.0   16:00   ESE
29  14.9  19.9   14:15  12.3   00:00   3.5   0.1   1.8   4.7  19.0    1:00   ENE
30  13.4  17.1   17:45  10.3   00:00   4.9   0.0   0.4   9.2  27.0    9:45   NNW
31  12.7  16.9   16:30   9.3    1:45   5.7   0.0   0.0   5.4  21.0   19:00    NW
-------------------------------------------------------------------------------------
    11.4  21.2    10     1.6    20   213.9   0.5   8.0   6.5  34.0    26       N

Max >=  32.0:  0
Max <=   0.0:  0
Min <=   0.0:  0
Min <= -18.0:  0
Max Rain: 3.40 ON 28/05/08
Days of Rain: 8 (> .2 mm) 1 (> 2 mm) 0 (> 20 mm)
Heat Base:  18.3  Cool Base:  18.3  Method: Integration

Data updates at regular intervals.