Back to Top

Language: 

NOAA Climate Reports...


Report for 2008 Apr
                   MONTHLY CLIMATOLOGICAL SUMMARY for APR. 2008

NAME: Delerius   CITY:    STATE:  
ELEV:   100 m  LAT:  53 37' 05" N  LONG:   1 27' 13" W

                   TEMPERATURE (C), RAIN  (mm), WIND SPEED (mph)

                                      HEAT  COOL        AVG
    MEAN                              DEG   DEG         WIND                 DOM
DAY TEMP  HIGH   TIME   LOW    TIME   DAYS  DAYS  RAIN  SPEED HIGH   TIME    DIR
------------------------------------------------------------------------------------
 1  10.3  13.1   13:30   7.9    0:15   8.0   0.0   0.4   ---   ---     ---   ---
 2   9.3  13.6   13:45   6.1   00:00   9.0   0.0   0.0   ---   ---     ---   ---
 3   8.8  13.8   17:30   2.8    5:00   9.5   0.0   0.0   ---   ---     ---   ---
 4  10.5  14.2   15:45   6.2    4:30   7.8   0.0   0.0   ---   ---     ---   ---
 5   5.7   8.7    0:15   2.3   23:45  12.6   0.0   0.4   ---   ---     ---   ---
 6   2.3   6.2   17:45  -1.1    7:15  16.0   0.0   0.8   ---   ---     ---   ---
 7   3.2   5.7   13:00   0.9    1:45  15.2   0.0   3.0   ---   ---     ---   ---
 8   3.9   6.4   12:15   1.9    6:30  14.4   0.0   5.4   ---   ---     ---   ---
 9   5.1  10.2   16:00   1.3    5:45  13.3   0.0   0.4   ---   ---     ---   ---
10   6.5  10.4   13:15   1.8    3:45  11.8   0.0   0.6   1.6  11.0   21:30    SE
11   6.6  10.6   13:15   4.2   23:00  11.7   0.0   4.0   7.3  37.0   14:00    SE
12   6.7  10.3   16:30   4.3   23:15  11.6   0.0   2.0   8.9  29.0   13:15    SW
13   5.7   9.7   11:15   2.3    6:30  12.6   0.0   0.6   3.5  18.0   16:45     N
14   4.2   8.1   14:15   0.0    6:00  14.1   0.0   1.2   6.2  31.0   18:45    NW
15   4.3   9.6   12:15   0.7    6:30  14.0   0.0   3.8   3.1  22.0   16:15     W
16   5.2   8.1   12:30   3.2   19:30  13.2   0.0   3.2   5.6  24.0   13:45   ENE
17   5.3   8.1   14:00   3.7    6:45  13.0   0.0   0.2   5.6  20.0   15:30   ENE
18   6.9   8.9   10:45   4.8    1:00  11.4   0.0   0.0  10.3  28.0   10:45   ENE
19   7.1   8.2   15:30   6.3    6:00  11.2   0.0   0.0   9.7  27.0    1:00   ENE
20   7.4   8.3   15:30   7.2    0:15  10.8   0.0   0.2   8.2  21.0    0:45   ENE
21   8.3  10.2   15:15   7.2    0:15   9.9   0.0   0.0   7.8  24.0   13:00   NNE
22   8.4  11.6   14:45   5.8   23:30   9.9   0.0   0.0   4.9  18.0    0:45   NNE
23   8.1  12.2   18:30   3.6    7:15  10.2   0.0   3.2   1.3  10.0    8:30   ENE
24   9.5  14.4   17:15   5.3    5:45   8.8   0.0   1.2   5.7  23.0   17:15    SW
25  10.7  13.9   14:15   6.7    2:30   7.6   0.0   0.2   5.5  19.0   14:30    SW
26  14.3  20.3   15:30   9.3    6:00   4.2   0.1   0.0   7.4  26.0   13:30     S
27  13.3  17.2   12:30  10.7    6:15   5.0   0.0   1.8   3.8  24.0   20:15     S
28  10.3  14.4   13:30   7.2    5:30   8.0   0.0   0.6   7.1  30.0   14:15    SW
29   9.0  12.5   12:15   5.3    4:30   9.3   0.0   1.6   5.7  22.0   15:30   ESE
30   9.0  11.6   12:00   7.2    6:00   9.3   0.0   9.6   8.2  24.0   13:15   ESE
-------------------------------------------------------------------------------------
     7.5  20.3    26    -1.1     6   323.4   0.1  44.4   4.2  37.0    11     ENE

Max >=  32.0:  0
Max <=   0.0:  0
Min <=   0.0:  2
Min <= -18.0:  0
Max Rain: 9.60 ON 30/04/08
Days of Rain: 22 (> .2 mm) 8 (> 2 mm) 0 (> 20 mm)
Heat Base:  18.3  Cool Base:  18.3  Method: Integration

Data updates at regular intervals.