Back to Top

Language: 

NOAA Climate Reports...


Report for 2008 Mar
                   MONTHLY CLIMATOLOGICAL SUMMARY for MAR. 2008

NAME: Delerius   CITY:    STATE:  
ELEV:   100 m  LAT:  53 37' 05" N  LONG:   1 27' 13" W

                   TEMPERATURE (C), RAIN  (mm), WIND SPEED (mph)

                                      HEAT  COOL        AVG
    MEAN                              DEG   DEG         WIND                 DOM
DAY TEMP  HIGH   TIME   LOW    TIME   DAYS  DAYS  RAIN  SPEED HIGH   TIME    DIR
------------------------------------------------------------------------------------
 1   8.8  11.8   00:00   7.5    7:15   9.5   0.0   0.0  22.3  55.0    3:00     W
 2   8.8  12.3    1:00   5.9   00:00   9.5   0.0   0.0  18.5  49.0    0:45     W
 3   4.1   6.6   12:45   0.9   00:00  14.2   0.0   0.5  13.2  38.0   10:30     W
 4   3.6   7.9   10:45   0.1    3:45  14.7   0.0   0.8  13.9  38.0   17:15   NNW
 5   4.7   9.2   15:15  -1.6    6:30  13.6   0.0   0.0  10.5  29.0   23:00   WSW
 6   9.8  11.8   14:00   8.3    2:00   8.5   0.0   0.0  14.1  34.0    6:45   WSW
 7   7.9  10.8   14:45   5.7   00:00  10.4   0.0   0.3  13.3  33.0   13:45   WSW
 8   8.5  11.7   15:30   5.3    1:00   9.8   0.0   0.0  13.5  38.0   12:30   SSW
 9   6.9  10.3   15:00   3.7   00:00  11.3   0.0   0.0   7.6  22.0   11:15    SW
10   6.0   9.8   12:45   3.2    1:45  12.3   0.0   2.6   5.5  42.0    6:15    SE
11   7.6  10.9   16:30   4.5   23:15  10.7   0.0   1.0   ---   1.0   11:30     N
12   7.0   9.8   13:45   4.1    1:15  11.3   0.0   0.4   ---   ---     ---   ---
13   7.5  10.2   14:00   4.6    2:00  10.8   0.0   0.0   ---   ---     ---   ---
14   7.3  11.1   14:15   3.8    6:15  11.0   0.0   0.0   ---   ---     ---   ---
15   7.5   9.6   12:30   6.4   00:00  10.8   0.0   1.8   ---   ---     ---   ---
16   6.7   7.8   15:00   5.8   22:30  11.7   0.0   4.0   ---   ---     ---   ---
17   4.6   6.4   10:00   1.9   23:30  13.7   0.0   0.2   ---   ---     ---   ---
18   3.9   6.7   13:00   1.9    1:15  14.4   0.0   0.6   ---   ---     ---   ---
19   3.9   7.1   15:00   1.1    5:30  14.4   0.0   3.8   ---   ---     ---   ---
20   6.7   9.9   18:00   3.1    1:15  11.6   0.0   4.8   ---   ---     ---   ---
21   4.8   7.4   13:00   2.2   19:30  13.5   0.0   5.0   ---   ---     ---   ---
22   3.1   5.2   16:00   0.8   20:15  15.2   0.0   0.8   ---   ---     ---   ---
23   1.9   5.1   14:45   0.4    5:15  16.4   0.0   3.4   ---   ---     ---   ---
24   1.8   4.8   13:45  -0.2   00:00  16.5   0.0   0.2   ---   ---     ---   ---
25   2.3   6.6   15:15  -1.5    6:00  16.0   0.0   0.8   ---   ---     ---   ---
26   4.1   6.3   14:00   1.6    0:15  14.3   0.0   0.0   ---   ---     ---   ---
27   5.7   9.3   11:30   3.3   00:00  12.6   0.0   0.4   ---   ---     ---   ---
28   6.4  10.8   17:00   2.9    1:00  11.9   0.0   2.6   ---   ---     ---   ---
29   7.7  11.1   12:15   3.7    5:30  10.6   0.0   0.8   ---   ---     ---   ---
30   9.4  13.2   16:30   5.0   23:45   8.5   0.0   0.0   ---   ---     ---   ---
31   8.1  13.5   16:45   3.1    7:45  10.2   0.0   0.0   ---   ---     ---   ---
-------------------------------------------------------------------------------------
     6.0  13.5    31    -1.6     5   380.1   0.0  34.7   4.3  55.0     1     WSW

Max >=  32.0:  0
Max <=   0.0:  0
Min <=   0.0:  3
Min <= -18.0:  0
Max Rain: 5.00 ON 21/03/08
Days of Rain: 20 (> .2 mm) 7 (> 2 mm) 0 (> 20 mm)
Heat Base:  18.3  Cool Base:  18.3  Method: Integration

Data updates at regular intervals.