Back to Top

Language: 

NOAA Climate Reports...


Report for 2008 Feb
                   MONTHLY CLIMATOLOGICAL SUMMARY for FEB. 2008

NAME: Delerius   CITY:    STATE:  
ELEV:   100 m  LAT:  53 37' 05" N  LONG:   1 27' 13" W

                   TEMPERATURE (C), RAIN  (mm), WIND SPEED (mph)

                                      HEAT  COOL        AVG
    MEAN                              DEG   DEG         WIND                 DOM
DAY TEMP  HIGH   TIME   LOW    TIME   DAYS  DAYS  RAIN  SPEED HIGH   TIME    DIR
------------------------------------------------------------------------------------
 1
 2
 3   5.4   6.1   23:00   4.4   18:30  12.0   0.0   0.0  16.7  35.0   13:30    SE
 4   5.7   7.9   14:00   3.9    8:30  12.6   0.0   3.0  10.0  30.0   14:00    SW
 5   8.5  12.3   13:30   5.1    0:15   9.8   0.0   2.0  14.4  42.0    3:45   SSW
 6   6.2   8.9   14:15   2.7   00:00  12.1   0.0   0.5   9.5  28.0    9:45     W
 7   8.0  11.6   14:30   2.3    0:15  10.3   0.0   0.0   9.4  32.0   13:45     S
 8   7.9  10.8   15:00   4.5   00:00  10.3   0.0   0.0   7.4  32.0    8:45     S
 9   6.6  11.9   14:30   3.2    7:15  11.7   0.0   0.0   4.4  16.0   11:30   SSE
10   5.7  10.9   14:45   1.7    8:30  12.6   0.0   0.0   0.7   8.0    2:30   ENE
11   4.6   9.8   14:00   0.9    7:00  13.7   0.0   0.5   1.4  10.0   11:00   ESE
12   4.9  11.9   14:45  -0.2    4:45  13.4   0.0   0.3   0.4   6.0   15:45   ESE
13   2.9   4.7   10:15  -0.5    5:30  15.4   0.0   0.3   3.1  18.0   10:45    NE
14   5.2   6.7   14:15   3.9    0:45  13.1   0.0   0.3   3.7  15.0   14:15   NNE
15   4.3   5.6   13:15   1.8   21:00  14.0   0.0   0.0   4.8  14.0   11:15   ESE
16   2.2   4.9   13:15  -0.3   23:30  16.1   0.0   0.0   3.0  16.0   13:00    SE
17   0.5   5.0   15:30  -3.7    7:45  17.8   0.0   0.3   1.6  12.0   11:15   WNW
18  -1.4   2.3   11:45  -6.7    7:30  19.8   0.0   0.0   0.8   8.0   20:00   ESE
19   0.2   1.9   12:15  -0.6   14:45  18.1   0.0   0.0   2.1  13.0   12:45     S
20   1.3   4.7   23:30  -1.1    7:45  17.1   0.0   0.0   5.2  19.0   22:15    SW
21   8.2  11.1   20:00   3.9    0:30  10.1   0.0   0.3  12.5  34.0   20:00    SW
22  10.8  14.6   13:45   6.1   00:00   7.5   0.0   0.0  18.0  52.0   15:15    SW
23   8.9  12.3   14:30   5.1    2:00   9.4   0.0   0.0   9.6  32.0   14:15    SW
24   8.7  12.2   12:00   3.8   23:30   9.6   0.0   0.3  10.1  29.0    9:30    SW
25   6.3   9.7   23:45   2.6    7:00  12.0   0.0   0.0  10.8  34.0   22:30     S
26   9.3  10.9   13:30   7.5   23:45   9.0   0.0   4.1  18.3  44.0   14:45   WSW
27   7.4  10.3   13:45   4.8   00:00  10.9   0.0   0.0  12.8  33.0   13:00   WSW
28   6.2  10.5   14:30   3.3    7:00  12.1   0.0   0.0   4.8  18.0   14:00    SW
29   6.9  12.5   22:00   3.3    3:00  11.4   0.0   4.1  14.7  66.0   23:30    SW
-------------------------------------------------------------------------------------
     5.6  14.6    22    -6.7    18   341.6   0.0  15.7   7.8  66.0    29      SW

Max >=  32.0:  0
Max <=   0.0:  0
Min <=   0.0:  7
Min <= -18.0:  0
Max Rain: 4.06 ON 26/02/08
Days of Rain: 12 (> .2 mm) 4 (> 2 mm) 0 (> 20 mm)
Heat Base:  18.3  Cool Base:  18.3  Method: Integration

Data updates at regular intervals.