Back to Top

Language: 

NOAA Climate Reports...


Report for 2008
                            ANNUAL CLIMATOLOGICAL SUMMARY

NAME: Delerius  CITY:    STATE:   
ELEV:   100 m  LAT:  53 37' 05" N  LONG:   1 27' 13" W

               TEMPERATURE (C), HEAT BASE 18.3, COOL BASE 18.3
                          DEP.  HEAT  COOL                                          
        MEAN  MEAN        FROM  DEG   DEG                        MAX  MAX  MIN  MIN 
 YR MO  MAX   MIN   MEAN  NORM  DAYS  DAYS  HI  DATE  LOW  DATE  >=32 <=0  <=0  <=-18 
------------------------------------------------------------------------------------
 08  1
 08  2   9.0   2.3   5.6   0.0   342     0  14.6  22  -6.7   18    0    0    7    0
 08  3   9.2   3.2   6.0   0.0   380     0  13.5  31  -1.6    5    0    0    3    0
 08  4  11.0   4.5   7.5   0.0   323     0  20.3  26  -1.1    6    0    0    2    0
 08  5  15.0   8.0  11.4   0.0   214     0  21.2  10   1.6   20    0    0    0    0
 08  6  16.9   8.5  13.2   0.0   136     1  20.4  25 -39.6   10    0    0    1    1
 08  7  19.5  12.5  15.7   0.0    88     9  22.9  26   8.9   21    0    0    0    0
 08  8  20.1  13.6  16.6   0.0    63    11  23.6  25  10.6    8    0    0    0    0
 08  9  17.0  11.5  14.0   0.0   129     1  20.6  20   7.8   29    0    0    0    0
 08 10  13.3   7.2  10.2   0.0   251     0  18.6  10   0.3   29    0    0    0    0
 08 11   9.6   4.9   7.5   0.0   324     0  13.5  14  -1.3   22    0    0    3    0
 08 12   6.2   2.5   4.4   0.0   391     0  11.6  21  -1.9   31    0    0    4    0
------------------------------------------------------------------------------------
        13.4   7.2  10.3   0.0  2642    22  23.6 AUG -39.6  JUN    0    0   20    1

                                PRECIPITATION (mm)

               DEP.   MAX        DAYS OF RAIN 
               FROM   OBS.          OVER
 YR MO  TOTAL  NORM   DAY  DATE  .2   2   20
---------------------------------------------
 08  1
 08  2  15.7    0.0   4.1   26   12    4    0
 08  3  34.7    0.0   5.0   21   20    7    0
 08  4  44.4    0.0   9.6   30   22    8    0
 08  5   8.0    0.0   3.4   28    8    1    0
 08  6  32.8    0.0   9.0    3   18    4    0
 08  7  47.3    0.0   9.6   19   16    9    0
 08  8  46.0    0.0  13.4   12   19    8    0
 08  9  39.2    0.0  12.0    5   15    8    0
 08 10  42.8    0.0  17.0   30   17    7    0
 08 11  39.6    0.0   6.8    8   21    6    0
 08 12  30.0    0.0   7.4   13   17    3    0
---------------------------------------------
       380.7   0.0  17.0  OCT  185   65    0

                                WIND SPEED (mph)
                          DOM
 YR MO   AVG.  HI   DATE  DIR
---------------------------------
 08  1
 08  2   7.8  66.0   29    SW
 08  3   4.3  55.0    1   WSW
 08  4   4.2  37.0   11   ENE
 08  5   6.5  34.0   26     N
 08  6   6.8  45.0   22    SW
 08  7   6.9  35.0   19   WSW
 08  8   7.5  38.0   10    SW
 08  9   6.1  36.0   30    SW
 08 10   8.9  45.0   23    SW
 08 11   9.5  49.0   24    NW
 08 12   6.1  46.0    4     W
---------------------------------
         6.8  66.0  FEB   SW

Data updates at regular intervals.